{"id":668,"date":"2026-01-23T11:05:27","date_gmt":"2026-01-23T10:05:27","guid":{"rendered":"https:\/\/www.sevenadur.org\/2026\/?page_id=668"},"modified":"2026-02-09T16:15:43","modified_gmt":"2026-02-09T15:15:43","slug":"haiku-en-gallo","status":"publish","type":"page","link":"https:\/\/www.sevenadur.org\/2026\/haiku-en-gallo","title":{"rendered":"Ha\u00efku en Gallo"},"content":{"rendered":"\n<div class=\"wp-block-columns is-layout-flex wp-container-core-columns-is-layout-9d6595d7 wp-block-columns-is-layout-flex\">\n<div class=\"wp-block-column is-layout-flow wp-block-column-is-layout-flow\">\n<h5 class=\"wp-block-heading\">Ha\u00efku en Gallo &#8211; Du 25 f\u00e9vrier au 10 mars<\/h5>\n\n\n\n<p style=\"font-size:13px\">Dans le cadre du festival Sevenadur, nous lan\u00e7ons un d\u00e9fi d\u2019\u00e9criture de ha\u00efkus en gallo.<\/p>\n\n\n\n<p class=\"<a href=&quot;animation@ccrennes.bzh&quot;&gt;Envoyez-moi un e-mail !<\/a&gt;\" style=\"font-size:13px\">Les participant\u00b7es sont invit\u00e9\u00b7es \u00e0 envoyer leurs textes \u00e0 l\u2019adresse <strong><a href=\"mailto:animation@ccrennes.bzh\" data-type=\"mailto\" data-id=\"mailto:animation@ccrennes.bzh\">animation@ccrennes.bzh<\/a><\/strong> avant le <strong>10 mars<\/strong>.<\/p>\n\n\n\n<p style=\"font-size:13px\">Les ha\u00efkus re\u00e7us seront ensuite expos\u00e9s \u00e0 la <strong>Halle Martenot<\/strong> lors de la f\u00eate de cl\u00f4ture du festival, o\u00f9 le public pourra voter pour \u00e9lire le meilleur ha\u00efku.<\/p>\n\n\n\n<figure class=\"wp-block-image size-full\"><img loading=\"lazy\" decoding=\"async\" width=\"709\" height=\"710\" src=\"https:\/\/www.sevenadur.org\/2026\/wp-content\/uploads\/sites\/13\/2026\/01\/Estampille_Maez_du_Galo_2023-NB.jpg\" alt=\"\" class=\"wp-image-833\" srcset=\"https:\/\/www.sevenadur.org\/2026\/wp-content\/uploads\/sites\/13\/2026\/01\/Estampille_Maez_du_Galo_2023-NB.jpg 709w, https:\/\/www.sevenadur.org\/2026\/wp-content\/uploads\/sites\/13\/2026\/01\/Estampille_Maez_du_Galo_2023-NB-300x300.jpg 300w, https:\/\/www.sevenadur.org\/2026\/wp-content\/uploads\/sites\/13\/2026\/01\/Estampille_Maez_du_Galo_2023-NB-150x150.jpg 150w, https:\/\/www.sevenadur.org\/2026\/wp-content\/uploads\/sites\/13\/2026\/01\/Estampille_Maez_du_Galo_2023-NB-500x501.jpg 500w, https:\/\/www.sevenadur.org\/2026\/wp-content\/uploads\/sites\/13\/2026\/01\/Estampille_Maez_du_Galo_2023-NB-100x100.jpg 100w\" sizes=\"auto, (max-width: 709px) 100vw, 709px\" \/><\/figure>\n<\/div>\n\n\n\n<div class=\"wp-block-column is-layout-flow wp-block-column-is-layout-flow\">\n<figure class=\"wp-block-image size-large\"><img loading=\"lazy\" decoding=\"async\" width=\"724\" height=\"1024\" src=\"https:\/\/www.sevenadur.org\/2026\/wp-content\/uploads\/sites\/13\/2026\/02\/affiche-haiku-en-gallo-724x1024.jpg\" alt=\"\" class=\"wp-image-964\" srcset=\"https:\/\/www.sevenadur.org\/2026\/wp-content\/uploads\/sites\/13\/2026\/02\/affiche-haiku-en-gallo-724x1024.jpg 724w, https:\/\/www.sevenadur.org\/2026\/wp-content\/uploads\/sites\/13\/2026\/02\/affiche-haiku-en-gallo-212x300.jpg 212w, https:\/\/www.sevenadur.org\/2026\/wp-content\/uploads\/sites\/13\/2026\/02\/affiche-haiku-en-gallo-768x1086.jpg 768w, https:\/\/www.sevenadur.org\/2026\/wp-content\/uploads\/sites\/13\/2026\/02\/affiche-haiku-en-gallo-1086x1536.jpg 1086w, https:\/\/www.sevenadur.org\/2026\/wp-content\/uploads\/sites\/13\/2026\/02\/affiche-haiku-en-gallo-1448x2048.jpg 1448w, https:\/\/www.sevenadur.org\/2026\/wp-content\/uploads\/sites\/13\/2026\/02\/affiche-haiku-en-gallo-500x707.jpg 500w, https:\/\/www.sevenadur.org\/2026\/wp-content\/uploads\/sites\/13\/2026\/02\/affiche-haiku-en-gallo-800x1132.jpg 800w, https:\/\/www.sevenadur.org\/2026\/wp-content\/uploads\/sites\/13\/2026\/02\/affiche-haiku-en-gallo-1280x1811.jpg 1280w, https:\/\/www.sevenadur.org\/2026\/wp-content\/uploads\/sites\/13\/2026\/02\/affiche-haiku-en-gallo.jpg 1587w\" sizes=\"auto, (max-width: 724px) 100vw, 724px\" \/><\/figure>\n<\/div>\n<\/div>\n\n\n\n<p><\/p>\n","protected":false},"excerpt":{"rendered":"<p>Ha\u00efku en Gallo &#8211; Du 25 f\u00e9vrier au 10 mars Dans le cadre du festival Sevenadur, nous lan\u00e7ons un d\u00e9fi d\u2019\u00e9criture de ha\u00efkus en gallo. Les participant\u00b7es sont invit\u00e9\u00b7es \u00e0 envoyer leurs textes \u00e0 l\u2019adresse animation@ccrennes.bzh avant le 10 mars. Les ha\u00efkus re\u00e7us seront ensuite expos\u00e9s \u00e0 la Halle Martenot lors de la f\u00eate de &hellip; <\/p>\n<p class=\"link-more\"><a href=\"https:\/\/www.sevenadur.org\/2026\/haiku-en-gallo\" class=\"more-link\">Continuer la lecture<span class=\"screen-reader-text\"> de &laquo;&nbsp;Ha\u00efku en Gallo&nbsp;&raquo;<\/span><\/a><\/p>\n","protected":false},"author":16,"featured_media":0,"parent":0,"menu_order":0,"comment_status":"closed","ping_status":"closed","template":"","meta":{"_vp_format_video_url":"","_vp_image_focal_point":[],"footnotes":""},"class_list":["post-668","page","type-page","status-publish","hentry"],"_links":{"self":[{"href":"https:\/\/www.sevenadur.org\/2026\/wp-json\/wp\/v2\/pages\/668","targetHints":{"allow":["GET"]}}],"collection":[{"href":"https:\/\/www.sevenadur.org\/2026\/wp-json\/wp\/v2\/pages"}],"about":[{"href":"https:\/\/www.sevenadur.org\/2026\/wp-json\/wp\/v2\/types\/page"}],"author":[{"embeddable":true,"href":"https:\/\/www.sevenadur.org\/2026\/wp-json\/wp\/v2\/users\/16"}],"replies":[{"embeddable":true,"href":"https:\/\/www.sevenadur.org\/2026\/wp-json\/wp\/v2\/comments?post=668"}],"version-history":[{"count":10,"href":"https:\/\/www.sevenadur.org\/2026\/wp-json\/wp\/v2\/pages\/668\/revisions"}],"predecessor-version":[{"id":965,"href":"https:\/\/www.sevenadur.org\/2026\/wp-json\/wp\/v2\/pages\/668\/revisions\/965"}],"wp:attachment":[{"href":"https:\/\/www.sevenadur.org\/2026\/wp-json\/wp\/v2\/media?parent=668"}],"curies":[{"name":"wp","href":"https:\/\/api.w.org\/{rel}","templated":true}]}}

Haïku en Gallo

<div class="wp-block-columns is-layout-flex wp-container-core-columns-is-layout-9d6595d7 wp-block-columns-is-layout-flex">
<div class="wp-block-column is-layout-flow wp-block-column-is-layout-flow">
<h5 class="wp-block-heading">Haïku en Gallo &#8211; Du 25 février au 10 mars</h5>



<p style="font-size:13px">Dans le cadre du festival Sevenadur, nous lançons un défi d’écriture de haïkus en gallo.</p>



<p class="<a href=&quot;animation@ccrennes.bzh&quot;&gt;Envoyez-moi un e-mail !</a&gt;" style="font-size:13px">Les participant·es sont invité·es à envoyer leurs textes à l’adresse <strong><a href="mailto:animation@ccrennes.bzh" data-type="mailto" data-id="mailto:animation@ccrennes.bzh">animation@ccrennes.bzh</a></strong> avant le <strong>10 mars</strong>.</p>



<p style="font-size:13px">Les haïkus reçus seront ensuite exposés à la <strong>Halle Martenot</strong> lors de la fête de clôture du festival, où le public pourra voter pour élire le meilleur haïku.</p>



<figure class="wp-block-image size-full"><img loading="lazy" decoding="async" width="709" height="710" src="https://www.sevenadur.org/2026/wp-content/uploads/sites/13/2026/01/Estampille_Maez_du_Galo_2023-NB.jpg" alt="" class="wp-image-833" srcset="https://www.sevenadur.org/2026/wp-content/uploads/sites/13/2026/01/Estampille_Maez_du_Galo_2023-NB.jpg 709w, https://www.sevenadur.org/2026/wp-content/uploads/sites/13/2026/01/Estampille_Maez_du_Galo_2023-NB-300x300.jpg 300w, https://www.sevenadur.org/2026/wp-content/uploads/sites/13/2026/01/Estampille_Maez_du_Galo_2023-NB-150x150.jpg 150w, https://www.sevenadur.org/2026/wp-content/uploads/sites/13/2026/01/Estampille_Maez_du_Galo_2023-NB-500x501.jpg 500w, https://www.sevenadur.org/2026/wp-content/uploads/sites/13/2026/01/Estampille_Maez_du_Galo_2023-NB-100x100.jpg 100w" sizes="auto, (max-width: 709px) 100vw, 709px" /></figure>
</div>



<div class="wp-block-column is-layout-flow wp-block-column-is-layout-flow">
<figure class="wp-block-image size-large"><img loading="lazy" decoding="async" width="724" height="1024" src="https://www.sevenadur.org/2026/wp-content/uploads/sites/13/2026/02/affiche-haiku-en-gallo-724x1024.jpg" alt="" class="wp-image-964" srcset="https://www.sevenadur.org/2026/wp-content/uploads/sites/13/2026/02/affiche-haiku-en-gallo-724x1024.jpg 724w, https://www.sevenadur.org/2026/wp-content/uploads/sites/13/2026/02/affiche-haiku-en-gallo-212x300.jpg 212w, https://www.sevenadur.org/2026/wp-content/uploads/sites/13/2026/02/affiche-haiku-en-gallo-768x1086.jpg 768w, https://www.sevenadur.org/2026/wp-content/uploads/sites/13/2026/02/affiche-haiku-en-gallo-1086x1536.jpg 1086w, https://www.sevenadur.org/2026/wp-content/uploads/sites/13/2026/02/affiche-haiku-en-gallo-1448x2048.jpg 1448w, https://www.sevenadur.org/2026/wp-content/uploads/sites/13/2026/02/affiche-haiku-en-gallo-500x707.jpg 500w, https://www.sevenadur.org/2026/wp-content/uploads/sites/13/2026/02/affiche-haiku-en-gallo-800x1132.jpg 800w, https://www.sevenadur.org/2026/wp-content/uploads/sites/13/2026/02/affiche-haiku-en-gallo-1280x1811.jpg 1280w, https://www.sevenadur.org/2026/wp-content/uploads/sites/13/2026/02/affiche-haiku-en-gallo.jpg 1587w" sizes="auto, (max-width: 724px) 100vw, 724px" /></figure>
</div>
</div>



<p></p>

<p>Haïku en Gallo &#8211; Du 25 février au 10 mars Dans le cadre du festival Sevenadur, nous lançons un défi d’écriture de haïkus en gallo. Les participant·es sont invité·es à envoyer leurs textes à l’adresse animation@ccrennes.bzh avant le 10 mars. Les haïkus reçus seront ensuite exposés à la Halle Martenot lors de la fête de &hellip; </p>
<p class="link-more"><a href="https://www.sevenadur.org/2026/haiku-en-gallo" class="more-link">Continuer la lecture<span class="screen-reader-text"> de &laquo;&nbsp;Haïku en Gallo&nbsp;&raquo;</span></a></p>
