{"id":18,"date":"2025-12-18T16:00:45","date_gmt":"2025-12-18T15:00:45","guid":{"rendered":"https:\/\/www.sevenadur.org\/2026\/?page_id=18"},"modified":"2026-02-26T16:56:29","modified_gmt":"2026-02-26T15:56:29","slug":"partenaires","status":"publish","type":"page","link":"https:\/\/www.sevenadur.org\/2026\/partenaires","title":{"rendered":"Partenaires et Soutiens"},"content":{"rendered":"\n<p class=\"has-black-color has-pale-cyan-blue-background-color has-text-color has-background has-medium-font-size\"><strong>LES PARTENAIRES <\/strong><\/p>\n\n\n\n<p><a href=\"https:\/\/www.3regards.com\/\" data-type=\"link\" data-id=\"https:\/\/www.3regards.com\/\">3 Regards L\u00e9o Lagrange<\/a><\/p>\n\n\n\n<p><a href=\"https:\/\/www.ascreb.org\/\">ASCREB<\/a><\/p>\n\n\n\n<p><a href=\"https:\/\/asso-tna.com\/\">Association TNA<\/a><\/p>\n\n\n\n<p>Banissous<\/p>\n\n\n\n<p><a href=\"https:\/\/www.bertons.bzh\/\" data-type=\"link\" data-id=\"https:\/\/www.bertons.bzh\/\">Bertons<\/a><\/p>\n\n\n\n<p><a href=\"https:\/\/agendatrad.org\/group\/biz-bihan.g57229d6\" data-type=\"link\" data-id=\"https:\/\/agendatrad.org\/group\/biz-bihan.g57229d6\">Biz Bihan<\/a><\/p>\n\n\n\n<p><a href=\"https:\/\/fr-fr.facebook.com\/bretagne.chigoma.14\/\">Bretagne Chigoma <\/a><\/p>\n\n\n\n<p><a href=\"https:\/\/www.facebook.com\/CEBREIZH\" data-type=\"link\" data-id=\"https:\/\/www.facebook.com\/CEBREIZH\">Caillou en Bretagne<\/a><\/p>\n\n\n\n<p><a href=\"https:\/\/chubri-galo.bzh\/\" data-type=\"link\" data-id=\"https:\/\/chubri-galo.bzh\/\">Chubri<\/a><\/p>\n\n\n\n<p><a href=\"https:\/\/www.facebook.com\/CompagnieAstour\/\">Compagnie Astour<\/a><\/p>\n\n\n\n<p><a href=\"https:\/\/www.dastum.bzh\/\" data-type=\"link\" data-id=\"https:\/\/www.dastum.bzh\/\">DASTUM<\/a><\/p>\n\n\n\n<p><a href=\"https:\/\/dimanche.rennes.fr\/\">Dimanche \u00e0 Rennes<\/a><\/p>\n\n\n\n<p><a href=\"https:\/\/div-yezh-roazhon.bzh\/\">Div Yezh Roazhon<\/a><\/p>\n\n\n\n<p><a href=\"https:\/\/www.divaskell.bzh\/\" data-type=\"link\" data-id=\"https:\/\/www.divaskell.bzh\/\">Divaskell<\/a><\/p>\n\n\n\n<p><a href=\"https:\/\/www.ecomusee-rennes-metropole.fr\/\">\u00c9comus\u00e9e de la Bintinais<\/a><\/p>\n\n\n\n<p><a href=\"https:\/\/www.facebook.com\/people\/Festn-Bzh\/100067739030441\/\" data-type=\"link\" data-id=\"https:\/\/www.facebook.com\/people\/Festn-Bzh\/100067739030441\/\">Fest \u2018N Breizh<\/a><\/p>\n\n\n\n<p><a href=\"https:\/\/www.facebook.com\/people\/ASSOCIATION-GALLO-TONIC\/100044100757227\/\" data-type=\"URL\" data-id=\"https:\/\/www.facebook.com\/people\/ASSOCIATION-GALLO-TONIC\/100044100757227\/\">Gallo Tonic <\/a><a href=\"https:\/\/balettesaucisse.fr\/\"> <\/a><\/p>\n\n\n\n<p><a href=\"https:\/\/www.institutconfucius.fr\/\" data-type=\"link\" data-id=\"https:\/\/www.institutconfucius.fr\/\">Institut confucius<\/a><\/p>\n\n\n\n<p><a href=\"https:\/\/institutdugalo.bzh\/fr\/accueil\/\">Institut du Galo<\/a><\/p>\n\n\n\n<p><a href=\"https:\/\/www.facebook.com\/jeanmaurice.colombel.1\/\" data-type=\"link\" data-id=\"https:\/\/www.facebook.com\/jeanmaurice.colombel.1\/\">Jean Maurice Colombel<\/a><\/p>\n\n\n\n<p><a href=\"https:\/\/www.montfort-sur-meu.bzh\/fiche-annuaire\/jeux-traditionnels-de-pays\/\" data-type=\"link\" data-id=\"https:\/\/www.montfort-sur-meu.bzh\/fiche-annuaire\/jeux-traditionnels-de-pays\/\">Jeux traditionnels de pays<\/a><\/p>\n\n\n\n<p><a href=\"https:\/\/www.facebook.com\/KENDESKIN\/\" data-type=\"link\" data-id=\"https:\/\/stumdi.bzh\/kendeskin-le-diplome-detudes-celtiques-d-e-c\/\">Kendenski\u00f1<\/a><\/p>\n\n\n\n<p><a href=\"https:\/\/laboueze.com\/site\/\">La Bou\u00e8ze<\/a><\/p>\n\n\n\n<p><a href=\"http:\/\/www.caravanemjc.com\/\">La Caravane MJC<\/a><\/p>\n\n\n\n<p><a href=\"https:\/\/www.lagranjagoul.fr\/\" data-type=\"link\" data-id=\"https:\/\/www.lagranjagoul.fr\/\">La Granjagoul<\/a><\/p>\n\n\n\n<p><a href=\"https:\/\/www.facebook.com\/larimandelle\/\" data-type=\"link\" data-id=\"https:\/\/www.facebook.com\/larimandelle\/\">La Rimandelle<\/a><\/p>\n\n\n\n<p><a href=\"https:\/\/www.facebook.com\/profile.php?id=61583138098135\" data-type=\"link\" data-id=\"https:\/\/www.facebook.com\/profile.php?id=61583138098135\">Le Coup de Folie<\/a><\/p>\n\n\n\n<p><a href=\"https:\/\/www.facebook.com\/lemoulinetacigne\">Le Moulinet d&rsquo;Acign\u00e9<\/a><\/p>\n\n\n\n<p><a href=\"https:\/\/www.ville-montgermont.fr\/\">La ville de Montgermont<\/a><\/p>\n\n\n\n<p><a href=\"https:\/\/www.tisseursdecontes.fr\/\">Les Tisseurs de Contes <\/a><\/p>\n\n\n\n<p><a href=\"https:\/\/troismaisons.org\/\" data-type=\"link\" data-id=\"https:\/\/troismaisons.org\/\">Les Trois Maisons<\/a><\/p>\n\n\n\n<p><a href=\"https:\/\/www.facebook.com\/ZeclectiquesAcoustiques\" data-type=\"link\" data-id=\"https:\/\/www.facebook.com\/ZeclectiquesAcoustiques\">Les Z\u00e9clectiques Acoustiques<\/a><\/p>\n\n\n\n<p><a href=\"https:\/\/www.maif.fr\/?maif_medium=Sponsored%20links&amp;maif_campaign=BING_SEA_ALL%7CExact%7CBRAND%7CBrand&amp;maif_network=Search&amp;maif_term=maif%20fr&amp;maif_creation=Brand_Pure_Maif&amp;maif_matchtype=e&amp;maif_variant=71674646644189&amp;gclsrc=ds&amp;gad_source=7&amp;gad_campaignid=9337278954\" data-type=\"link\" data-id=\"https:\/\/www.maif.fr\/?maif_medium=Sponsored%20links&amp;maif_campaign=BING_SEA_ALL%7CExact%7CBRAND%7CBrand&amp;maif_network=Search&amp;maif_term=maif%20fr&amp;maif_creation=Brand_Pure_Maif&amp;maif_matchtype=e&amp;maif_variant=71674646644189&amp;gclsrc=ds&amp;gad_source=7&amp;gad_campaignid=9337278954\">Ma\u00eff<\/a><\/p>\n\n\n\n<p><a href=\"https:\/\/maison-retraite-selection.fr\/ille-et-vilaine\/rennes\/la-maison-saint-cyr\" data-type=\"link\" data-id=\"https:\/\/maison-retraite-selection.fr\/ille-et-vilaine\/rennes\/la-maison-saint-cyr\">Maison Saint-Cyr<\/a><\/p>\n\n\n\n<p><a href=\"https:\/\/www.leschampslibres.fr\/les-champs-libres\/musee-de-bretagne\">Mus\u00e9e de Bretagne<\/a><\/p>\n\n\n\n<p><a href=\"https:\/\/mba.rennes.fr\/\">Mus\u00e9e des beaux arts<\/a><\/p>\n\n\n\n<p><a href=\"https:\/\/www.facebook.com\/musikadartassociation\/\" data-type=\"link\" data-id=\"https:\/\/www.facebook.com\/musikadartassociation\/\">Musikad\u2019art<\/a><\/p>\n\n\n\n<p><a href=\"https:\/\/www.namastebreizh.com\/\">Namast\u00e9 Breizh<\/a><\/p>\n\n\n\n<p><a href=\"http:\/\/skeudenn.bzh\/\" data-type=\"link\" data-id=\"http:\/\/skeudenn.bzh\/\">Skeudenn Bro Roazhon<\/a><\/p>\n\n\n\n<p><a href=\"https:\/\/www.helloasso.com\/associations\/skoazell-ar-vugale-roazhon\">Skoazell ar Vugale &#8211; Roazhon<\/a><\/p>\n\n\n\n<p><a href=\"https:\/\/www.facebook.com\/tyannarennes\" data-type=\"link\" data-id=\"https:\/\/www.facebook.com\/tyannarennes\">Ty Anna Tavarn<\/a><\/p>\n\n\n\n<p><a href=\"https:\/\/www.facebook.com\/people\/WatooSiita-Rennes\/100069290183159\/\" data-type=\"link\" data-id=\"https:\/\/www.facebook.com\/people\/WatooSiita-Rennes\/100069290183159\/\">WatooSiita<\/a><\/p>\n\n\n\n<p class=\"has-black-color has-pale-cyan-blue-background-color has-text-color has-background has-medium-font-size\"><strong>SOUTIENS<\/strong><\/p>\n\n\n\n<p><a href=\"https:\/\/louarn.bzh\/\" data-type=\"link\" data-id=\"https:\/\/www.facebook.com\/BrasserieLouarn\">Brasserie Louarn<\/a><\/p>\n\n\n\n<p><a href=\"https:\/\/www.coat-albret.com\/\">Coat-Albret<\/a><\/p>\n\n\n\n<p><a href=\"https:\/\/www.cmb.fr\/reseau-bancaire-cooperatif\/web\/accueil\" data-type=\"link\" data-id=\"https:\/\/www.cmb.fr\/reseau-bancaire-cooperatif\/web\/accueil\">CMB<\/a><\/p>\n\n\n\n<p><a href=\"https:\/\/creativeseeds.fr\/\" data-type=\"link\" data-id=\"https:\/\/creativeseeds.fr\/\">Creative Seeds<\/a><\/p>\n\n\n\n<p><a href=\"https:\/\/dimanche.rennes.fr\" target=\"_blank\" rel=\"noreferrer noopener\">Dimanche \u00e0 Rennes<\/a><\/p>\n\n\n\n<p><a href=\"https:\/\/www.francebleu.fr\/radio\/armorique\" data-type=\"link\" data-id=\"https:\/\/www.francebleu.fr\/radio\/armorique\">ICI Armorique<\/a><\/p>\n\n\n\n<p><a href=\"https:\/\/metropole.rennes.fr\/\">La ville de Rennes<\/a><\/p>\n\n\n\n<p><a href=\"https:\/\/www.ille-et-vilaine.fr\/\">Le Conseil d\u00e9partemental 35<\/a><\/p>\n\n\n\n<p><a href=\"https:\/\/www.bretagne.bzh\/\">Le Conseil R\u00e9gional<\/a><\/p>\n\n\n\n<p><a href=\"https:\/\/www.leguillou.fr\/\" data-type=\"URL\" data-id=\"https:\/\/www.leguillou.fr\/\">Le Guillou<\/a><\/p>\n\n\n\n<p><a href=\"https:\/\/www.radiocaroline.bzh\/\">Radio Caroline<\/a><\/p>\n\n\n\n<p><a href=\"https:\/\/www.radiorennes.fr\/\">Radio Rennes<\/a><\/p>\n","protected":false},"excerpt":{"rendered":"<p>LES PARTENAIRES 3 Regards L\u00e9o Lagrange ASCREB Association TNA Banissous Bertons Biz Bihan Bretagne Chigoma Caillou en Bretagne Chubri Compagnie Astour DASTUM Dimanche \u00e0 Rennes Div Yezh Roazhon Divaskell \u00c9comus\u00e9e de la Bintinais Fest \u2018N Breizh Gallo Tonic Institut confucius Institut du Galo Jean Maurice Colombel Jeux traditionnels de pays Kendenski\u00f1 La Bou\u00e8ze La Caravane &hellip; <\/p>\n<p class=\"link-more\"><a href=\"https:\/\/www.sevenadur.org\/2026\/partenaires\" class=\"more-link\">Continuer la lecture<span class=\"screen-reader-text\"> de &laquo;&nbsp;Partenaires et Soutiens&nbsp;&raquo;<\/span><\/a><\/p>\n","protected":false},"author":1,"featured_media":0,"parent":0,"menu_order":0,"comment_status":"closed","ping_status":"closed","template":"","meta":{"_vp_format_video_url":"","_vp_image_focal_point":[],"footnotes":""},"class_list":["post-18","page","type-page","status-publish","hentry"],"_links":{"self":[{"href":"https:\/\/www.sevenadur.org\/2026\/wp-json\/wp\/v2\/pages\/18","targetHints":{"allow":["GET"]}}],"collection":[{"href":"https:\/\/www.sevenadur.org\/2026\/wp-json\/wp\/v2\/pages"}],"about":[{"href":"https:\/\/www.sevenadur.org\/2026\/wp-json\/wp\/v2\/types\/page"}],"author":[{"embeddable":true,"href":"https:\/\/www.sevenadur.org\/2026\/wp-json\/wp\/v2\/users\/1"}],"replies":[{"embeddable":true,"href":"https:\/\/www.sevenadur.org\/2026\/wp-json\/wp\/v2\/comments?post=18"}],"version-history":[{"count":29,"href":"https:\/\/www.sevenadur.org\/2026\/wp-json\/wp\/v2\/pages\/18\/revisions"}],"predecessor-version":[{"id":1135,"href":"https:\/\/www.sevenadur.org\/2026\/wp-json\/wp\/v2\/pages\/18\/revisions\/1135"}],"wp:attachment":[{"href":"https:\/\/www.sevenadur.org\/2026\/wp-json\/wp\/v2\/media?parent=18"}],"curies":[{"name":"wp","href":"https:\/\/api.w.org\/{rel}","templated":true}]}}