{"id":13,"date":"2024-01-03T10:17:29","date_gmt":"2024-01-03T09:17:29","guid":{"rendered":"https:\/\/www.sevenadur.org\/2024\/?page_id=13"},"modified":"2024-01-30T11:07:34","modified_gmt":"2024-01-30T10:07:34","slug":"presentation","status":"publish","type":"page","link":"https:\/\/www.sevenadur.org\/2024\/","title":{"rendered":"Pr\u00e9sentation"},"content":{"rendered":"\n<h1 class=\"has-text-align-center wp-block-heading\"><strong>PR\u00c9SENTATION<\/strong><\/h1>\n\n\n\n<div style=\"height:44px\" aria-hidden=\"true\" class=\"wp-block-spacer\"><\/div>\n\n\n\n<hr class=\"wp-block-separator has-text-color has-vivid-cyan-blue-color has-alpha-channel-opacity has-vivid-cyan-blue-background-color has-background is-style-wide\"\/>\n\n\n\n<div style=\"height:33px\" aria-hidden=\"true\" class=\"wp-block-spacer\"><\/div>\n\n\n\n<p class=\"has-text-align-center\">Pour cette 25\u1d49 \u00e9dition,  le <strong>festival Sevenadur<\/strong> va s&#8217;emparer des nuits d&rsquo;hiver avant l&rsquo;arriv\u00e9e du printemps. Ce sera l&rsquo;occasion de vivre et partager de belles d\u00e9couvertes du <strong>mercredi 28 f\u00e9vrier au dimanche 17 mars 2024<\/strong>. <\/p>\n\n\n<div class=\"wp-block-image\">\n<figure class=\"aligncenter size-large is-resized\"><img loading=\"lazy\" decoding=\"async\" src=\"https:\/\/www.sevenadur.org\/2024\/wp-content\/uploads\/sites\/11\/2024\/01\/affiche-bus-sevenadur-2023-b-697x1024.jpg\" alt=\"\" class=\"wp-image-180\" width=\"261\" height=\"384\" srcset=\"https:\/\/www.sevenadur.org\/2024\/wp-content\/uploads\/sites\/11\/2024\/01\/affiche-bus-sevenadur-2023-b-697x1024.jpg 697w, https:\/\/www.sevenadur.org\/2024\/wp-content\/uploads\/sites\/11\/2024\/01\/affiche-bus-sevenadur-2023-b-204x300.jpg 204w, https:\/\/www.sevenadur.org\/2024\/wp-content\/uploads\/sites\/11\/2024\/01\/affiche-bus-sevenadur-2023-b-768x1128.jpg 768w, https:\/\/www.sevenadur.org\/2024\/wp-content\/uploads\/sites\/11\/2024\/01\/affiche-bus-sevenadur-2023-b-1046x1536.jpg 1046w, https:\/\/www.sevenadur.org\/2024\/wp-content\/uploads\/sites\/11\/2024\/01\/affiche-bus-sevenadur-2023-b-500x735.jpg 500w, https:\/\/www.sevenadur.org\/2024\/wp-content\/uploads\/sites\/11\/2024\/01\/affiche-bus-sevenadur-2023-b-800x1175.jpg 800w, https:\/\/www.sevenadur.org\/2024\/wp-content\/uploads\/sites\/11\/2024\/01\/affiche-bus-sevenadur-2023-b.jpg 1194w\" sizes=\"auto, (max-width: 261px) 100vw, 261px\" \/><\/figure>\n<\/div>\n\n\n<p class=\"has-text-align-center\">Le Cercle celtique de Rennes et tous leurs partenaires ont imagin\u00e9 un nouveau d\u00e9cor pour cette 25\u1d49 \u00e9dition ! <strong>Celui de la nuit<\/strong>&#8230; <\/p>\n\n\n\n<div class=\"wp-block-group\"><div class=\"wp-block-group__inner-container is-layout-constrained wp-block-group-is-layout-constrained\">\n<p class=\"has-text-align-center\">Des croyances populaires aux temps de rassemblements festifs, la nuit nous inspire, d\u00e9veloppe notre imaginaire et renouvelle notre perception au monde. Elle nous fait voyager lors de soir\u00e9es cont\u00e9es et permet aux familles de se retrouver au sein de leur foyer.  C&rsquo;est aussi le moment de \u00ab\u00a0d\u00e9brancher\u00a0\u00bb, de se lib\u00e9rer, le temps d&rsquo;un concert acoustique ou de s&rsquo;apaiser autour d&rsquo;une histoire racont\u00e9e avant de se coucher. La nuit donne alors lieu \u00e0 la transmission des savoirs faire, des rituels et au partage de moments conviviaux. <\/p>\n<\/div><\/div>\n\n\n\n<p class=\"has-text-align-center\">Sevenadur est cette ann\u00e9e l&rsquo;occasion de vivre de nouveaux spectacles, stages de musique, de danses, conf\u00e9rences, concerts, balades chant\u00e9es, fest-deiz, fest-noz, broderie, \u00e0 travers la th\u00e9matique de la nuit, le tout gr\u00e2ce \u00e0 la mobilisation de plus d&rsquo;une trentaine d&rsquo;associations et de structures diff\u00e9rentes. <\/p>\n\n\n\n<p class=\"has-text-align-center\">Par ailleurs, Sevenadur, qui signifie culture en breton, est un v\u00e9ritable rendez-vous de valorisation du matrimoine et patrimoine culturel immat\u00e9riel qui a la volont\u00e9 de faire d\u00e9couvrir \u00e0 tous, les cultures pr\u00e9sentes sur notre territoire. <\/p>\n\n\n\n<p class=\"has-text-align-center\">Ce temps fort permet autant le renforcement de notre socle culturel commun que sa co-construction ensemble. Les cultures traditionnelles continuent de se d\u00e9velopper, de s&rsquo;inventer et de se r\u00e9g\u00e9n\u00e9rer au contact d&rsquo;autres pratiques. <\/p>\n\n\n\n<p class=\"has-text-align-center\">Retrouvez tous nos \u00e9v\u00e8nements dans la programmation<\/p>\n\n\n\n<div class=\"wp-block-buttons is-content-justification-center is-layout-flex wp-container-core-buttons-is-layout-28206b41 wp-block-buttons-is-layout-flex\">\n<div class=\"wp-block-button is-style-fill\"><a class=\"wp-block-button__link has-background wp-element-button\" href=\"https:\/\/www.sevenadur.org\/2024\/programmation\/\" style=\"background-color:#297d94\">Programmation<\/a><\/div>\n<\/div>\n\n\n\n<div style=\"height:37px\" aria-hidden=\"true\" class=\"wp-block-spacer\"><\/div>\n\n\n\n<div class=\"wp-block-file\"><a id=\"wp-block-file--media-845ba633-5eca-4099-bd3b-8ac39f12808b\" href=\"https:\/\/www.sevenadur.org\/2024\/wp-content\/uploads\/sites\/11\/2024\/01\/586x210-programme-sevenadur-2024-2.pdf\">programme-sevenadur-2024-2<\/a><a href=\"https:\/\/www.sevenadur.org\/2024\/wp-content\/uploads\/sites\/11\/2024\/01\/586x210-programme-sevenadur-2024-2.pdf\" class=\"wp-block-file__button wp-element-button\" download aria-describedby=\"wp-block-file--media-845ba633-5eca-4099-bd3b-8ac39f12808b\">T\u00e9l\u00e9charger<\/a><\/div>\n\n\n\n<div style=\"height:38px\" aria-hidden=\"true\" class=\"wp-block-spacer\"><\/div>\n\n\n\n\n\n<p class=\"has-text-align-center has-small-font-size\"><\/p>\n\n\n<div class=\"wp-block-image\">\n<figure class=\"aligncenter size-full is-resized\"><img loading=\"lazy\" decoding=\"async\" src=\"http:\/\/www.sevenadur.org\/2024\/wp-content\/uploads\/sites\/11\/2024\/01\/logo-CCR-CMJN2.jpg\" alt=\"\" class=\"wp-image-50\" width=\"132\" height=\"105\" srcset=\"https:\/\/www.sevenadur.org\/2024\/wp-content\/uploads\/sites\/11\/2024\/01\/logo-CCR-CMJN2.jpg 639w, https:\/\/www.sevenadur.org\/2024\/wp-content\/uploads\/sites\/11\/2024\/01\/logo-CCR-CMJN2-300x239.jpg 300w, https:\/\/www.sevenadur.org\/2024\/wp-content\/uploads\/sites\/11\/2024\/01\/logo-CCR-CMJN2-500x399.jpg 500w\" sizes=\"auto, (max-width: 132px) 100vw, 132px\" \/><figcaption class=\"wp-element-caption\">Cercle celtique de Rennes<\/figcaption><\/figure>\n<\/div>","protected":false},"excerpt":{"rendered":"<p>PR\u00c9SENTATION Pour cette 25\u1d49 \u00e9dition, le festival Sevenadur va s&#8217;emparer des nuits d&rsquo;hiver avant l&rsquo;arriv\u00e9e du printemps. Ce sera l&rsquo;occasion de vivre et partager de belles d\u00e9couvertes du mercredi 28 &hellip; <\/p>\n<p class=\"link-more\"><a href=\"https:\/\/www.sevenadur.org\/2024\/\" class=\"more-link\">Continuer la lecture<span class=\"screen-reader-text\"> de &laquo;&nbsp;Pr\u00e9sentation&nbsp;&raquo;<\/span><\/a><\/p>\n","protected":false},"author":11,"featured_media":0,"parent":0,"menu_order":0,"comment_status":"closed","ping_status":"closed","template":"","meta":{"_vp_format_video_url":"","_vp_image_focal_point":[],"footnotes":""},"class_list":["post-13","page","type-page","status-publish","hentry"],"_links":{"self":[{"href":"https:\/\/www.sevenadur.org\/2024\/wp-json\/wp\/v2\/pages\/13","targetHints":{"allow":["GET"]}}],"collection":[{"href":"https:\/\/www.sevenadur.org\/2024\/wp-json\/wp\/v2\/pages"}],"about":[{"href":"https:\/\/www.sevenadur.org\/2024\/wp-json\/wp\/v2\/types\/page"}],"author":[{"embeddable":true,"href":"https:\/\/www.sevenadur.org\/2024\/wp-json\/wp\/v2\/users\/11"}],"replies":[{"embeddable":true,"href":"https:\/\/www.sevenadur.org\/2024\/wp-json\/wp\/v2\/comments?post=13"}],"version-history":[{"count":12,"href":"https:\/\/www.sevenadur.org\/2024\/wp-json\/wp\/v2\/pages\/13\/revisions"}],"predecessor-version":[{"id":556,"href":"https:\/\/www.sevenadur.org\/2024\/wp-json\/wp\/v2\/pages\/13\/revisions\/556"}],"wp:attachment":[{"href":"https:\/\/www.sevenadur.org\/2024\/wp-json\/wp\/v2\/media?parent=13"}],"curies":[{"name":"wp","href":"https:\/\/api.w.org\/{rel}","templated":true}]}}

Présentation

<h1 class="has-text-align-center wp-block-heading"><strong>PRÉSENTATION</strong></h1>



<div style="height:44px" aria-hidden="true" class="wp-block-spacer"></div>



<hr class="wp-block-separator has-text-color has-vivid-cyan-blue-color has-alpha-channel-opacity has-vivid-cyan-blue-background-color has-background is-style-wide"/>



<div style="height:33px" aria-hidden="true" class="wp-block-spacer"></div>



<p class="has-text-align-center">Pour cette 25ᵉ édition,  le <strong>festival Sevenadur</strong> va s&#8217;emparer des nuits d&rsquo;hiver avant l&rsquo;arrivée du printemps. Ce sera l&rsquo;occasion de vivre et partager de belles découvertes du <strong>mercredi 28 février au dimanche 17 mars 2024</strong>. </p>


<div class="wp-block-image">
<figure class="aligncenter size-large is-resized"><img loading="lazy" decoding="async" src="https://www.sevenadur.org/2024/wp-content/uploads/sites/11/2024/01/affiche-bus-sevenadur-2023-b-697x1024.jpg" alt="" class="wp-image-180" width="261" height="384" srcset="https://www.sevenadur.org/2024/wp-content/uploads/sites/11/2024/01/affiche-bus-sevenadur-2023-b-697x1024.jpg 697w, https://www.sevenadur.org/2024/wp-content/uploads/sites/11/2024/01/affiche-bus-sevenadur-2023-b-204x300.jpg 204w, https://www.sevenadur.org/2024/wp-content/uploads/sites/11/2024/01/affiche-bus-sevenadur-2023-b-768x1128.jpg 768w, https://www.sevenadur.org/2024/wp-content/uploads/sites/11/2024/01/affiche-bus-sevenadur-2023-b-1046x1536.jpg 1046w, https://www.sevenadur.org/2024/wp-content/uploads/sites/11/2024/01/affiche-bus-sevenadur-2023-b-500x735.jpg 500w, https://www.sevenadur.org/2024/wp-content/uploads/sites/11/2024/01/affiche-bus-sevenadur-2023-b-800x1175.jpg 800w, https://www.sevenadur.org/2024/wp-content/uploads/sites/11/2024/01/affiche-bus-sevenadur-2023-b.jpg 1194w" sizes="auto, (max-width: 261px) 100vw, 261px" /></figure>
</div>


<p class="has-text-align-center">Le Cercle celtique de Rennes et tous leurs partenaires ont imaginé un nouveau décor pour cette 25ᵉ édition ! <strong>Celui de la nuit</strong>&#8230; </p>



<div class="wp-block-group"><div class="wp-block-group__inner-container is-layout-constrained wp-block-group-is-layout-constrained">
<p class="has-text-align-center">Des croyances populaires aux temps de rassemblements festifs, la nuit nous inspire, développe notre imaginaire et renouvelle notre perception au monde. Elle nous fait voyager lors de soirées contées et permet aux familles de se retrouver au sein de leur foyer.  C&rsquo;est aussi le moment de « débrancher », de se libérer, le temps d&rsquo;un concert acoustique ou de s&rsquo;apaiser autour d&rsquo;une histoire racontée avant de se coucher. La nuit donne alors lieu à la transmission des savoirs faire, des rituels et au partage de moments conviviaux. </p>
</div></div>



<p class="has-text-align-center">Sevenadur est cette année l&rsquo;occasion de vivre de nouveaux spectacles, stages de musique, de danses, conférences, concerts, balades chantées, fest-deiz, fest-noz, broderie, à travers la thématique de la nuit, le tout grâce à la mobilisation de plus d&rsquo;une trentaine d&rsquo;associations et de structures différentes. </p>



<p class="has-text-align-center">Par ailleurs, Sevenadur, qui signifie culture en breton, est un véritable rendez-vous de valorisation du matrimoine et patrimoine culturel immatériel qui a la volonté de faire découvrir à tous, les cultures présentes sur notre territoire. </p>



<p class="has-text-align-center">Ce temps fort permet autant le renforcement de notre socle culturel commun que sa co-construction ensemble. Les cultures traditionnelles continuent de se développer, de s&rsquo;inventer et de se régénérer au contact d&rsquo;autres pratiques. </p>



<p class="has-text-align-center">Retrouvez tous nos évènements dans la programmation</p>



<div class="wp-block-buttons is-content-justification-center is-layout-flex wp-container-core-buttons-is-layout-28206b41 wp-block-buttons-is-layout-flex">
<div class="wp-block-button is-style-fill"><a class="wp-block-button__link has-background wp-element-button" href="https://www.sevenadur.org/2024/programmation/" style="background-color:#297d94">Programmation</a></div>
</div>



<div style="height:37px" aria-hidden="true" class="wp-block-spacer"></div>



<div class="wp-block-file"><a id="wp-block-file--media-845ba633-5eca-4099-bd3b-8ac39f12808b" href="https://www.sevenadur.org/2024/wp-content/uploads/sites/11/2024/01/586x210-programme-sevenadur-2024-2.pdf">programme-sevenadur-2024-2</a><a href="https://www.sevenadur.org/2024/wp-content/uploads/sites/11/2024/01/586x210-programme-sevenadur-2024-2.pdf" class="wp-block-file__button wp-element-button" download aria-describedby="wp-block-file--media-845ba633-5eca-4099-bd3b-8ac39f12808b">Télécharger</a></div>



<div style="height:38px" aria-hidden="true" class="wp-block-spacer"></div>





<p class="has-text-align-center has-small-font-size"></p>


<div class="wp-block-image">
<figure class="aligncenter size-full is-resized"><img loading="lazy" decoding="async" src="http://www.sevenadur.org/2024/wp-content/uploads/sites/11/2024/01/logo-CCR-CMJN2.jpg" alt="" class="wp-image-50" width="132" height="105" srcset="https://www.sevenadur.org/2024/wp-content/uploads/sites/11/2024/01/logo-CCR-CMJN2.jpg 639w, https://www.sevenadur.org/2024/wp-content/uploads/sites/11/2024/01/logo-CCR-CMJN2-300x239.jpg 300w, https://www.sevenadur.org/2024/wp-content/uploads/sites/11/2024/01/logo-CCR-CMJN2-500x399.jpg 500w" sizes="auto, (max-width: 132px) 100vw, 132px" /><figcaption class="wp-element-caption">Cercle celtique de Rennes</figcaption></figure>
</div>

<p>PRÉSENTATION Pour cette 25ᵉ édition, le festival Sevenadur va s&#8217;emparer des nuits d&rsquo;hiver avant l&rsquo;arrivée du printemps. Ce sera l&rsquo;occasion de vivre et partager de belles découvertes du mercredi 28 &hellip; </p>
<p class="link-more"><a href="https://www.sevenadur.org/2024/" class="more-link">Continuer la lecture<span class="screen-reader-text"> de &laquo;&nbsp;Présentation&nbsp;&raquo;</span></a></p>
