{"id":2,"date":"2022-10-13T16:45:37","date_gmt":"2022-10-13T14:45:37","guid":{"rendered":"http:\/\/www.sevenadur.org\/2023\/?page_id=2"},"modified":"2023-01-25T12:20:35","modified_gmt":"2023-01-25T11:20:35","slug":"page-d-exemple","status":"publish","type":"page","link":"https:\/\/www.sevenadur.org\/2023\/","title":{"rendered":"Pr\u00e9sentation"},"content":{"rendered":"\n<h1 class=\"has-text-align-center wp-block-heading\" style=\"text-transform:uppercase\"><strong>PR\u00c9SENTATION<\/strong><\/h1>\n\n\n\n<div style=\"height:30px\" aria-hidden=\"true\" class=\"wp-block-spacer\"><\/div>\n\n\n\n<hr class=\"wp-block-separator has-text-color has-css-opacity has-background is-style-wide\" style=\"background-color:#b6581a;color:#b6581a\"\/>\n\n\n\n<div style=\"height:30px\" aria-hidden=\"true\" class=\"wp-block-spacer\"><\/div>\n\n\n<p style=\"text-align: center;\">Pour cette 24\u00e8me \u00e9dition du <strong>Festival Sevenadur<\/strong>, le Cercle Celtique de Rennes vous invite \u00e0 venir d\u00e9couvrir de multiples \u00e9v\u00e8nements autour de la valorisation du Matrimoine Patrimoine Culturels Immat\u00e9riels de plusieurs cultures pr\u00e9sentes \u00e0 Rennes. Ce sera l\u2019occasion de vivre et partager de belles d\u00e9couvertes du <strong>mercredi&nbsp; 22 f\u00e9vrier au dimanche 12 mars 2023<\/strong>.<\/p>\n\n\n<div style=\"height:60px\" aria-hidden=\"true\" class=\"wp-block-spacer\"><\/div>\n\n\n<div class=\"wp-block-image\">\n<figure class=\"aligncenter size-medium is-resized\"><img loading=\"lazy\" decoding=\"async\" src=\"https:\/\/www.sevenadur.org\/2023\/wp-content\/uploads\/sites\/10\/2023\/01\/affichesevenadur23-204x300.jpg\" alt=\"\" class=\"wp-image-73\" width=\"305\" height=\"449\" srcset=\"https:\/\/www.sevenadur.org\/2023\/wp-content\/uploads\/sites\/10\/2023\/01\/affichesevenadur23-204x300.jpg 204w, https:\/\/www.sevenadur.org\/2023\/wp-content\/uploads\/sites\/10\/2023\/01\/affichesevenadur23-768x1128.jpg 768w, https:\/\/www.sevenadur.org\/2023\/wp-content\/uploads\/sites\/10\/2023\/01\/affichesevenadur23-1046x1536.jpg 1046w, https:\/\/www.sevenadur.org\/2023\/wp-content\/uploads\/sites\/10\/2023\/01\/affichesevenadur23.jpg 1395w\" sizes=\"auto, (max-width: 305px) 100vw, 305px\" \/><\/figure>\n<\/div>\n\n\n<div style=\"height:60px\" aria-hidden=\"true\" class=\"wp-block-spacer\"><\/div>\n\n\n<p style=\"text-align: center;\">Depuis plus de 20 ans, le Festival Sevenadur prend possession de Rennes et de ses alentours.<\/p>\n<p style=\"text-align: center;\">V\u00e9ritable rendez-vous de valorisation des patrimoines et matrimoines culturels immat\u00e9riels , ces rencontres font d\u00e9couvrir \u00e0 tous les cultures pr\u00e9sentes sur notre territoire.<\/p>\n<p style=\"text-align: center;\">Comme la culture bretonne, les cultures pr\u00e9sentent \u00e0 Sevenadur ont une identit\u00e9 forte et sont foisonnantes. Elles se nourrissent de traditions et de transmission orales, et sont aussi un art de vivre qui continue de s\u2019enrichir et de se r\u00e9inventer.<\/p>\n<p style=\"text-align: center;\">C\u2019est tout l\u2019esprit de ces rencontres, celui de rassembler les diff\u00e9rentes cultures du territoire et de partager de beaux moments en invitant les publics \u00e0 d\u00e9couvrir ces richesses \u00e0 travers des stages, des conf\u00e9rences, des expositions, des rencontres, et des spectacles !<\/p>\n<p style=\"text-align: center;\">Sevenadur, c\u2019est aussi une \u00e9quipe de partenaires associatifs et institutionnels qui ne cesse de grandir au-del\u00e0 de Rennes. Ils co-construisent et \u0153uvrent ensemble pour cr\u00e9er de riches moments artistiques, de cultures, d\u2019\u00e9motions et d\u2019humanit\u00e9 !<\/p>\n<p style=\"text-align: center;\"><strong>En cette nouvelle \u00e9dition, Sevenadur a choisi de mettre la th\u00e9matique <span class=\"S1PPyQ\">du <\/span><span class=\"S1PPyQ\">matrimoine<\/span><span class=\"S1PPyQ\"> au c\u0153ur de sa programmation : l&rsquo;h\u00e9ritage culturel transmis par les femmes en Bretagne et ailleurs.<\/span><\/strong><\/p>\n<p style=\"text-align: center;\">Retrouvez tous nos \u00e9v\u00e8nements dans la programmation<\/p>\n\n\n<div class=\"wp-block-buttons is-content-justification-center is-layout-flex wp-container-core-buttons-is-layout-16018d1d wp-block-buttons-is-layout-flex\">\n<div class=\"wp-block-button is-style-fill\"><a class=\"wp-block-button__link has-white-color has-text-color has-background wp-element-button\" href=\"http:\/\/www.sevenadur.org\/2023\/programmation\/\" style=\"border-radius:50px;background-color:#b6581a\">Programmation<\/a><\/div>\n<\/div>\n\n\n\n<div style=\"height:30px\" aria-hidden=\"true\" class=\"wp-block-spacer\"><\/div>\n\n\n\n<div class=\"wp-block-file aligncenter\"><a id=\"wp-block-file--media-f00abfeb-ac7e-4b66-acec-bf28abd07155\" href=\"https:\/\/www.sevenadur.org\/2023\/wp-content\/uploads\/sites\/10\/2023\/01\/586x210-programme-sevenadur-2023.pdf\" target=\"_blank\" rel=\"noreferrer noopener\">Programme Sevenadur 2023<\/a><a href=\"https:\/\/www.sevenadur.org\/2023\/wp-content\/uploads\/sites\/10\/2023\/01\/586x210-programme-sevenadur-2023.pdf\" class=\"wp-block-file__button wp-element-button\" download aria-describedby=\"wp-block-file--media-f00abfeb-ac7e-4b66-acec-bf28abd07155\">T\u00e9l\u00e9charger<\/a><\/div>\n\n\n\n<div style=\"height:80px\" aria-hidden=\"true\" class=\"wp-block-spacer\"><\/div>\n\n\n\n\n\n<div style=\"height:45px\" aria-hidden=\"true\" class=\"wp-block-spacer\"><\/div>\n\n\n<div class=\"wp-block-image is-style-default\">\n<figure class=\"aligncenter size-large is-resized\"><a href=\"http:\/\/www.cercleceltiquederennes.org\/fr\/accueil\/\"><img loading=\"lazy\" decoding=\"async\" src=\"https:\/\/www.sevenadur.org\/2023\/wp-content\/uploads\/sites\/10\/2023\/01\/LogoKKRW.jpg\" alt=\"\" class=\"wp-image-111\" width=\"156\" height=\"111\"\/><\/a><figcaption class=\"wp-element-caption\">Cercle Celtique de Rennes<\/figcaption><\/figure>\n<\/div>","protected":false},"excerpt":{"rendered":"<p>PR\u00c9SENTATION Pour cette 24\u00e8me \u00e9dition du Festival Sevenadur, le Cercle Celtique de Rennes vous invite \u00e0 venir d\u00e9couvrir de multiples \u00e9v\u00e8nements autour de la valorisation du Matrimoine Patrimoine Culturels Immat\u00e9riels de plusieurs cultures pr\u00e9sentes \u00e0 Rennes. Ce sera l\u2019occasion de vivre et partager de belles d\u00e9couvertes du mercredi&nbsp; 22 f\u00e9vrier au dimanche 12 mars 2023. &hellip; <\/p>\n<p class=\"link-more\"><a href=\"https:\/\/www.sevenadur.org\/2023\/\" class=\"more-link\">Continuer la lecture<span class=\"screen-reader-text\"> de &laquo;&nbsp;Pr\u00e9sentation&nbsp;&raquo;<\/span><\/a><\/p>\n","protected":false},"author":1,"featured_media":0,"parent":0,"menu_order":0,"comment_status":"closed","ping_status":"open","template":"","meta":{"_vp_format_video_url":"","_vp_image_focal_point":[],"footnotes":""},"class_list":["post-2","page","type-page","status-publish","hentry"],"_links":{"self":[{"href":"https:\/\/www.sevenadur.org\/2023\/wp-json\/wp\/v2\/pages\/2","targetHints":{"allow":["GET"]}}],"collection":[{"href":"https:\/\/www.sevenadur.org\/2023\/wp-json\/wp\/v2\/pages"}],"about":[{"href":"https:\/\/www.sevenadur.org\/2023\/wp-json\/wp\/v2\/types\/page"}],"author":[{"embeddable":true,"href":"https:\/\/www.sevenadur.org\/2023\/wp-json\/wp\/v2\/users\/1"}],"replies":[{"embeddable":true,"href":"https:\/\/www.sevenadur.org\/2023\/wp-json\/wp\/v2\/comments?post=2"}],"version-history":[{"count":31,"href":"https:\/\/www.sevenadur.org\/2023\/wp-json\/wp\/v2\/pages\/2\/revisions"}],"predecessor-version":[{"id":436,"href":"https:\/\/www.sevenadur.org\/2023\/wp-json\/wp\/v2\/pages\/2\/revisions\/436"}],"wp:attachment":[{"href":"https:\/\/www.sevenadur.org\/2023\/wp-json\/wp\/v2\/media?parent=2"}],"curies":[{"name":"wp","href":"https:\/\/api.w.org\/{rel}","templated":true}]}}