{"id":86,"date":"2022-01-24T09:41:35","date_gmt":"2022-01-24T08:41:35","guid":{"rendered":"http:\/\/www.sevenadur.org\/2022\/?page_id=86"},"modified":"2022-02-07T11:28:25","modified_gmt":"2022-02-07T10:28:25","slug":"stages","status":"publish","type":"page","link":"http:\/\/www.sevenadur.org\/2022\/stages\/","title":{"rendered":"Stages \/ Ateliers"},"content":{"rendered":"\n<h1 class=\"has-cyan-bluish-gray-background-color has-background wp-block-heading\" style=\"font-size:30px\"><strong><strong>Stage Sonneurs avec Andr\u00e9 Le Meut<\/strong><\/strong><\/h1>\n\n\n\n<figure class=\"wp-block-gallery columns-2 is-cropped wp-block-gallery-1 is-layout-flex wp-block-gallery-is-layout-flex\"><ul class=\"blocks-gallery-grid\"><li class=\"blocks-gallery-item\"><figure><img loading=\"lazy\" decoding=\"async\" width=\"1024\" height=\"683\" src=\"https:\/\/www.sevenadur.org\/2022\/wp-content\/uploads\/sites\/9\/2022\/01\/stage_sonneurs.-1-1-1024x683.jpg\" alt=\"\" data-id=\"190\" data-full-url=\"https:\/\/www.sevenadur.org\/2022\/wp-content\/uploads\/sites\/9\/2022\/01\/stage_sonneurs.-1-1-scaled.jpg\" data-link=\"https:\/\/www.sevenadur.org\/2022\/stages\/stage_sonneurs-1-1\/\" class=\"wp-image-190\" srcset=\"http:\/\/www.sevenadur.org\/2022\/wp-content\/uploads\/sites\/9\/2022\/01\/stage_sonneurs.-1-1-1024x683.jpg 1024w, http:\/\/www.sevenadur.org\/2022\/wp-content\/uploads\/sites\/9\/2022\/01\/stage_sonneurs.-1-1-300x200.jpg 300w, http:\/\/www.sevenadur.org\/2022\/wp-content\/uploads\/sites\/9\/2022\/01\/stage_sonneurs.-1-1-768x512.jpg 768w, http:\/\/www.sevenadur.org\/2022\/wp-content\/uploads\/sites\/9\/2022\/01\/stage_sonneurs.-1-1-1536x1024.jpg 1536w, http:\/\/www.sevenadur.org\/2022\/wp-content\/uploads\/sites\/9\/2022\/01\/stage_sonneurs.-1-1-2048x1365.jpg 2048w\" sizes=\"auto, (max-width: 767px) 89vw, (max-width: 1000px) 54vw, (max-width: 1071px) 543px, 580px\" \/><\/figure><\/li><li class=\"blocks-gallery-item\"><figure><img loading=\"lazy\" decoding=\"async\" width=\"1024\" height=\"686\" src=\"https:\/\/www.sevenadur.org\/2022\/wp-content\/uploads\/sites\/9\/2022\/01\/stage_sonneurs.-2-1024x686.jpg\" alt=\"\" data-id=\"191\" data-full-url=\"https:\/\/www.sevenadur.org\/2022\/wp-content\/uploads\/sites\/9\/2022\/01\/stage_sonneurs.-2.jpg\" data-link=\"https:\/\/www.sevenadur.org\/2022\/stages\/stage_sonneurs-2-2\/\" class=\"wp-image-191\" srcset=\"http:\/\/www.sevenadur.org\/2022\/wp-content\/uploads\/sites\/9\/2022\/01\/stage_sonneurs.-2-1024x686.jpg 1024w, http:\/\/www.sevenadur.org\/2022\/wp-content\/uploads\/sites\/9\/2022\/01\/stage_sonneurs.-2-300x201.jpg 300w, http:\/\/www.sevenadur.org\/2022\/wp-content\/uploads\/sites\/9\/2022\/01\/stage_sonneurs.-2-768x515.jpg 768w, http:\/\/www.sevenadur.org\/2022\/wp-content\/uploads\/sites\/9\/2022\/01\/stage_sonneurs.-2.jpg 1247w\" sizes=\"auto, (max-width: 767px) 89vw, (max-width: 1000px) 54vw, (max-width: 1071px) 543px, 580px\" \/><\/figure><\/li><\/ul><\/figure>\n\n\n\n<p><strong><em>5 mars &#8211; de 9h \u00e0 17h30<\/em><\/strong><br>A travers un r\u00e9pertoire sud-vannetais, Andr\u00e9 Le Meut abordera la posture, la colonne d&rsquo;air, la ceinture abdominale, \u00ab\u00a0l&rsquo;\u00e9nergie\u00a0\u00bb, l&rsquo;ancrage avec souplesse au sol\u00a0\u00bb, la pince, le son, le timbre, la rigueur, \u00ab\u00a0le relief expressif\u00a0\u00bb. L&rsquo;objectif n&rsquo;est pas de sonner un r\u00e9pertoire compliqu\u00e9 mais de sonner \u00ab\u00a0des th\u00e8mes \u00ab\u00a0simples\u00a0\u00bbavec \u00ab\u00a0classe et brillance\u00a0\u00bb.<\/p>\n\n\n\n<p><strong><em>Ferme de la Harpe 35000 RENNES &#8211; 40\u20ac<\/em><\/strong><em><strong><br>Renseignements et inscription au CCR : 02 99 54 36 45<\/strong><\/em><br><em><strong>Organisateurs : Cercle Celtique de Rennes<\/strong><\/em><br><\/p>\n\n\n\n<h1 class=\"has-cyan-bluish-gray-background-color has-background wp-block-heading\" style=\"font-size:30px\"><strong><strong>Stage de Chant<\/strong> (suivi d&rsquo;un repas chant\u00e9)<\/strong><\/h1>\n\n\n\n<p><strong><em>5 mars &#8211; de 9h30 \u00e0 17h<\/em><\/strong><br>Stage de chant avec Cedric Malaunais, le r\u00e9pertoire abord\u00e9 sera celui des marches de Bretagne. Les stagiaires amm\u00e8nent leur pique-nique pour le midi.<br>A 20h vous pourrez vous retrouver autour d&rsquo;un bon repas rythm\u00e9 par des chants \u00e0 table si vous le souhaitez.<\/p>\n\n\n\n<p><strong><em>M\u00e9diath\u00e8que Le Relais des Cultures &#8211; 8 D26, 35340 Erc\u00e9-pr\u00e9s-Liffr\u00e9<\/em><\/strong> <br><strong><em>30\u20ac pour le stage de chant uniquement, 50\u20ac pour le stage de chant + repas chant\u00e9e \u00e0 20h<\/em><\/strong><br><em><strong>Sur r\u00e9servation au 02 99 23 54 57 \/ gallotonic.pagesperso-orange.fr<\/strong><\/em><br><em><strong>Organisateurs : Gallo Tonic<\/strong><\/em><br><\/p>\n\n\n\n<h1 class=\"has-cyan-bluish-gray-background-color has-background wp-block-heading\" style=\"font-size:30px\"><strong><strong>Stage de broderie<\/strong><\/strong><\/h1>\n\n\n\n<figure class=\"wp-block-image size-large is-resized\"><img loading=\"lazy\" decoding=\"async\" src=\"https:\/\/www.sevenadur.org\/2022\/wp-content\/uploads\/sites\/9\/2022\/01\/bordure-coupe-1024x682.jpg\" alt=\"\" class=\"wp-image-197\" width=\"425\" height=\"282\" srcset=\"http:\/\/www.sevenadur.org\/2022\/wp-content\/uploads\/sites\/9\/2022\/01\/bordure-coupe-1024x682.jpg 1024w, http:\/\/www.sevenadur.org\/2022\/wp-content\/uploads\/sites\/9\/2022\/01\/bordure-coupe-300x200.jpg 300w, http:\/\/www.sevenadur.org\/2022\/wp-content\/uploads\/sites\/9\/2022\/01\/bordure-coupe-768x511.jpg 768w, http:\/\/www.sevenadur.org\/2022\/wp-content\/uploads\/sites\/9\/2022\/01\/bordure-coupe.jpg 1200w\" sizes=\"auto, (max-width: 425px) 100vw, 425px\" \/><\/figure>\n\n\n\n<p><strong><em>5 mars &#8211; de 9h30 \u00e0 17h<\/em><\/strong><br>Le stage de cette ann\u00e9e s\u2019int\u00e9ressera \u00e0 la technique du Hardanger. La broderie Hardanger est une broderie \u00e0 points compt\u00e9s et motifs d\u00e9coup\u00e9s. Elle vient de Norv\u00e8ge, de la r\u00e9gion de Hardanger. Une broderie ajour\u00e9e faite \u00e0 partir de dessins originaux. (ps : n&rsquo;oubliez pas d&rsquo;apporter votre repas pour le midi )<\/p>\n\n\n\n<p><strong><em>La Maison des Familles &#8211; 2 all\u00e9e Joseph G\u00e9main 35000 RENNES<\/em><\/strong><br><strong><em>25 \u20ac pour non adh\u00e9rents, 20\u20ac pour adh\u00e9rents + pr\u00e9voir 10\u20ac pour le kit de fourniture<\/em><\/strong><br><em><strong>Renseignements et inscritpion au CCR : 02 99 54 36 45 \/ Marie-Odile : 06 31 36 04 41<\/strong><\/em><br><em><strong>Organisateurs : Cercle Celtique de Rennes &amp; Les 3 maisons<\/strong><\/em><\/p>\n","protected":false},"excerpt":{"rendered":"<p>Stage Sonneurs avec Andr\u00e9 Le Meut 5 mars &#8211; de 9h \u00e0 17h30A travers un r\u00e9pertoire sud-vannetais, Andr\u00e9 Le Meut abordera la posture, la colonne d&rsquo;air, la ceinture abdominale, \u00ab\u00a0l&rsquo;\u00e9nergie\u00a0\u00bb, l&rsquo;ancrage avec souplesse au sol\u00a0\u00bb, la pince, le son, le timbre, la rigueur, \u00ab\u00a0le relief expressif\u00a0\u00bb. L&rsquo;objectif n&rsquo;est pas de sonner un r\u00e9pertoire compliqu\u00e9 mais &hellip; <\/p>\n<p class=\"link-more\"><a href=\"http:\/\/www.sevenadur.org\/2022\/stages\/\" class=\"more-link\">Continuer la lecture<span class=\"screen-reader-text\"> de &laquo;&nbsp;Stages \/ Ateliers&nbsp;&raquo;<\/span><\/a><\/p>\n","protected":false},"author":6,"featured_media":0,"parent":0,"menu_order":0,"comment_status":"closed","ping_status":"closed","template":"","meta":{"_vp_format_video_url":"","_vp_image_focal_point":[],"footnotes":""},"class_list":["post-86","page","type-page","status-publish","hentry"],"_links":{"self":[{"href":"http:\/\/www.sevenadur.org\/2022\/wp-json\/wp\/v2\/pages\/86","targetHints":{"allow":["GET"]}}],"collection":[{"href":"http:\/\/www.sevenadur.org\/2022\/wp-json\/wp\/v2\/pages"}],"about":[{"href":"http:\/\/www.sevenadur.org\/2022\/wp-json\/wp\/v2\/types\/page"}],"author":[{"embeddable":true,"href":"http:\/\/www.sevenadur.org\/2022\/wp-json\/wp\/v2\/users\/6"}],"replies":[{"embeddable":true,"href":"http:\/\/www.sevenadur.org\/2022\/wp-json\/wp\/v2\/comments?post=86"}],"version-history":[{"count":9,"href":"http:\/\/www.sevenadur.org\/2022\/wp-json\/wp\/v2\/pages\/86\/revisions"}],"predecessor-version":[{"id":384,"href":"http:\/\/www.sevenadur.org\/2022\/wp-json\/wp\/v2\/pages\/86\/revisions\/384"}],"wp:attachment":[{"href":"http:\/\/www.sevenadur.org\/2022\/wp-json\/wp\/v2\/media?parent=86"}],"curies":[{"name":"wp","href":"https:\/\/api.w.org\/{rel}","templated":true}]}}

<h1 class="has-cyan-bluish-gray-background-color has-background wp-block-heading" style="font-size:30px"><strong><strong>Stage Sonneurs avec André Le Meut</strong></strong></h1>



<figure class="wp-block-gallery columns-2 is-cropped wp-block-gallery-1 is-layout-flex wp-block-gallery-is-layout-flex"><ul class="blocks-gallery-grid"><li class="blocks-gallery-item"><figure><img loading="lazy" decoding="async" width="1024" height="683" src="https://www.sevenadur.org/2022/wp-content/uploads/sites/9/2022/01/stage_sonneurs.-1-1-1024x683.jpg" alt="" data-id="190" data-full-url="https://www.sevenadur.org/2022/wp-content/uploads/sites/9/2022/01/stage_sonneurs.-1-1-scaled.jpg" data-link="https://www.sevenadur.org/2022/stages/stage_sonneurs-1-1/" class="wp-image-190" srcset="http://www.sevenadur.org/2022/wp-content/uploads/sites/9/2022/01/stage_sonneurs.-1-1-1024x683.jpg 1024w, http://www.sevenadur.org/2022/wp-content/uploads/sites/9/2022/01/stage_sonneurs.-1-1-300x200.jpg 300w, http://www.sevenadur.org/2022/wp-content/uploads/sites/9/2022/01/stage_sonneurs.-1-1-768x512.jpg 768w, http://www.sevenadur.org/2022/wp-content/uploads/sites/9/2022/01/stage_sonneurs.-1-1-1536x1024.jpg 1536w, http://www.sevenadur.org/2022/wp-content/uploads/sites/9/2022/01/stage_sonneurs.-1-1-2048x1365.jpg 2048w" sizes="auto, (max-width: 767px) 89vw, (max-width: 1000px) 54vw, (max-width: 1071px) 543px, 580px" /></figure></li><li class="blocks-gallery-item"><figure><img loading="lazy" decoding="async" width="1024" height="686" src="https://www.sevenadur.org/2022/wp-content/uploads/sites/9/2022/01/stage_sonneurs.-2-1024x686.jpg" alt="" data-id="191" data-full-url="https://www.sevenadur.org/2022/wp-content/uploads/sites/9/2022/01/stage_sonneurs.-2.jpg" data-link="https://www.sevenadur.org/2022/stages/stage_sonneurs-2-2/" class="wp-image-191" srcset="http://www.sevenadur.org/2022/wp-content/uploads/sites/9/2022/01/stage_sonneurs.-2-1024x686.jpg 1024w, http://www.sevenadur.org/2022/wp-content/uploads/sites/9/2022/01/stage_sonneurs.-2-300x201.jpg 300w, http://www.sevenadur.org/2022/wp-content/uploads/sites/9/2022/01/stage_sonneurs.-2-768x515.jpg 768w, http://www.sevenadur.org/2022/wp-content/uploads/sites/9/2022/01/stage_sonneurs.-2.jpg 1247w" sizes="auto, (max-width: 767px) 89vw, (max-width: 1000px) 54vw, (max-width: 1071px) 543px, 580px" /></figure></li></ul></figure>



<p><strong><em>5 mars &#8211; de 9h à 17h30</em></strong><br>A travers un répertoire sud-vannetais, André Le Meut abordera la posture, la colonne d&rsquo;air, la ceinture abdominale, « l&rsquo;énergie », l&rsquo;ancrage avec souplesse au sol », la pince, le son, le timbre, la rigueur, « le relief expressif ». L&rsquo;objectif n&rsquo;est pas de sonner un répertoire compliqué mais de sonner « des thèmes « simples »avec « classe et brillance ».</p>



<p><strong><em>Ferme de la Harpe 35000 RENNES &#8211; 40€</em></strong><em><strong><br>Renseignements et inscription au CCR : 02 99 54 36 45</strong></em><br><em><strong>Organisateurs : Cercle Celtique de Rennes</strong></em><br></p>



<h1 class="has-cyan-bluish-gray-background-color has-background wp-block-heading" style="font-size:30px"><strong><strong>Stage de Chant</strong> (suivi d&rsquo;un repas chanté)</strong></h1>



<p><strong><em>5 mars &#8211; de 9h30 à 17h</em></strong><br>Stage de chant avec Cedric Malaunais, le répertoire abordé sera celui des marches de Bretagne. Les stagiaires ammènent leur pique-nique pour le midi.<br>A 20h vous pourrez vous retrouver autour d&rsquo;un bon repas rythmé par des chants à table si vous le souhaitez.</p>



<p><strong><em>Médiathèque Le Relais des Cultures &#8211; 8 D26, 35340 Ercé-prés-Liffré</em></strong> <br><strong><em>30€ pour le stage de chant uniquement, 50€ pour le stage de chant + repas chantée à 20h</em></strong><br><em><strong>Sur réservation au 02 99 23 54 57 / gallotonic.pagesperso-orange.fr</strong></em><br><em><strong>Organisateurs : Gallo Tonic</strong></em><br></p>



<h1 class="has-cyan-bluish-gray-background-color has-background wp-block-heading" style="font-size:30px"><strong><strong>Stage de broderie</strong></strong></h1>



<figure class="wp-block-image size-large is-resized"><img loading="lazy" decoding="async" src="https://www.sevenadur.org/2022/wp-content/uploads/sites/9/2022/01/bordure-coupe-1024x682.jpg" alt="" class="wp-image-197" width="425" height="282" srcset="http://www.sevenadur.org/2022/wp-content/uploads/sites/9/2022/01/bordure-coupe-1024x682.jpg 1024w, http://www.sevenadur.org/2022/wp-content/uploads/sites/9/2022/01/bordure-coupe-300x200.jpg 300w, http://www.sevenadur.org/2022/wp-content/uploads/sites/9/2022/01/bordure-coupe-768x511.jpg 768w, http://www.sevenadur.org/2022/wp-content/uploads/sites/9/2022/01/bordure-coupe.jpg 1200w" sizes="auto, (max-width: 425px) 100vw, 425px" /></figure>



<p><strong><em>5 mars &#8211; de 9h30 à 17h</em></strong><br>Le stage de cette année s’intéressera à la technique du Hardanger. La broderie Hardanger est une broderie à points comptés et motifs découpés. Elle vient de Norvège, de la région de Hardanger. Une broderie ajourée faite à partir de dessins originaux. (ps : n&rsquo;oubliez pas d&rsquo;apporter votre repas pour le midi )</p>



<p><strong><em>La Maison des Familles &#8211; 2 allée Joseph Gémain 35000 RENNES</em></strong><br><strong><em>25 € pour non adhérents, 20€ pour adhérents + prévoir 10€ pour le kit de fourniture</em></strong><br><em><strong>Renseignements et inscritpion au CCR : 02 99 54 36 45 / Marie-Odile : 06 31 36 04 41</strong></em><br><em><strong>Organisateurs : Cercle Celtique de Rennes &amp; Les 3 maisons</strong></em></p>

<p>Stage Sonneurs avec André Le Meut 5 mars &#8211; de 9h à 17h30A travers un répertoire sud-vannetais, André Le Meut abordera la posture, la colonne d&rsquo;air, la ceinture abdominale, « l&rsquo;énergie », l&rsquo;ancrage avec souplesse au sol », la pince, le son, le timbre, la rigueur, « le relief expressif ». L&rsquo;objectif n&rsquo;est pas de sonner un répertoire compliqué mais &hellip; </p>
<p class="link-more"><a href="http://www.sevenadur.org/2022/stages/" class="more-link">Continuer la lecture<span class="screen-reader-text"> de &laquo;&nbsp;Stages / Ateliers&nbsp;&raquo;</span></a></p>
