{"id":2,"date":"2021-09-13T17:01:16","date_gmt":"2021-09-13T15:01:16","guid":{"rendered":"http:\/\/www.sevenadur.org\/2022\/?page_id=2"},"modified":"2022-05-24T12:01:20","modified_gmt":"2022-05-24T10:01:20","slug":"page-d-exemple","status":"publish","type":"page","link":"http:\/\/www.sevenadur.org\/2022\/","title":{"rendered":"Pr\u00e9sentation"},"content":{"rendered":"\n<p>Pour cette 22\u00e8me \u00e9dition des rencontres interculturelles, Sevenadur vous invite \u00e0 passer \u00e0 table en d\u00e9couvrant les Patrimoines Culturels Immat\u00e9riels de plusieurs cultures pr\u00e9sentes \u00e0 Rennes. Ce sera l\u2019occasion de vivre et partager de belles d\u00e9couvertes du mercredi 16 f\u00e9vrier au dimanche 13 mars 2022<\/p>\n\n\n\n<div class=\"wp-block-image\"><figure class=\"aligncenter size-large is-resized\"><img loading=\"lazy\" decoding=\"async\" src=\"http:\/\/www.sevenadur.org\/2022\/wp-content\/uploads\/sites\/9\/2022\/01\/Sans-titre0-734x1024.png\" alt=\"\" class=\"wp-image-103\" width=\"358\" height=\"499\" srcset=\"http:\/\/www.sevenadur.org\/2022\/wp-content\/uploads\/sites\/9\/2022\/01\/Sans-titre0-734x1024.png 734w, http:\/\/www.sevenadur.org\/2022\/wp-content\/uploads\/sites\/9\/2022\/01\/Sans-titre0-215x300.png 215w, http:\/\/www.sevenadur.org\/2022\/wp-content\/uploads\/sites\/9\/2022\/01\/Sans-titre0-768x1071.png 768w, http:\/\/www.sevenadur.org\/2022\/wp-content\/uploads\/sites\/9\/2022\/01\/Sans-titre0-1102x1536.png 1102w, http:\/\/www.sevenadur.org\/2022\/wp-content\/uploads\/sites\/9\/2022\/01\/Sans-titre0.png 1149w\" sizes=\"auto, (max-width: 358px) 100vw, 358px\" \/><\/figure><\/div>\n\n\n\n<p>Depuis plus de 20 ans, les rencontres interculturelles Sevenadur prennent possession de Rennes et ses alentours.<\/p>\n\n\n\n<p>V\u00e9ritable rendez-vous de valorisation des patrimoines culturels immateriels (PCI), ces rencontres font d\u00e9couvrir \u00e0 tous les cultures pr\u00e9sentes sur notre territoire.<\/p>\n\n\n\n<p>Comme la culture bretonne, les cultures pr\u00e9sentent \u00e0 Sevenadur ont une identit\u00e9 forte et sont foisonnantes. Elles se nourrissent de traditions et de transmission orales, et sont aussi un art de vivre qui continue de s\u2019enrichir et de se r\u00e9inventer.<\/p>\n\n\n\n<p>C\u2019est tout l\u2019esprit de ces rencontres, celui de rassembler les diff\u00e9rentes cultures du territoire et de partager de beaux moments en invitant les publics \u00e0 d\u00e9couvrir ces richesses \u00e0 travers des stages, des conf\u00e9rences, des expositions, des rencontres, et des spectacles !<\/p>\n\n\n\n<p>Sevenadur, c\u2019est aussi une \u00e9quipe de partenaires associatifs et institutionnels qui ne cesse de grandir au-del\u00e0 de Rennes. Ils co-construisent et \u0153uvrent ensemble pour cr\u00e9er de riches moments artistiques, de cultures, d\u2019\u00e9motions et d\u2019humanit\u00e9 !<\/p>\n\n\n\n<p><strong>En cette nouvelle \u00e9dition, Sevenadur a choisi de mettre la th\u00e9matique de l\u2019art culinaire au c\u0153ur de sa programmation.<\/strong><\/p>\n\n\n\n<p>Retrouvez tous nos \u00e9v\u00e8nements dans la programmation<\/p>\n\n\n\n<p><strong>Sevenadur<\/strong> s\u2019adapte au contexte sanitaire et vous invite \u00e0 suivre l\u2019actualit\u00e9 sur internet et les r\u00e9seaux sociaux (Facebook, Instagram, Tweeter)<\/p>\n\n\n\n<div style=\"height:100px\" aria-hidden=\"true\" class=\"wp-block-spacer\"><\/div>\n\n\n\n<div class=\"wp-block-columns is-layout-flex wp-container-core-columns-is-layout-9d6595d7 wp-block-columns-is-layout-flex\">\n<div class=\"wp-block-column is-layout-flow wp-block-column-is-layout-flow\">\n<div id=\"eo_fullcalendar_1_loading\" class=\"eo-fullcalendar-loading\" ><img decoding=\"async\" src=\"http:\/\/www.sevenadur.org\/2022\/wp-content\/plugins\/event-organiser\/css\/images\/loading-image.gif\" class=\"eo-fullcalendar-loading-icon\" alt=\"Chargement&#8230;\" \/> Chargement&#8230;<\/div><div class=\"eo-fullcalendar eo-fullcalendar-shortcode eo-fullcalendar-reset eo-fullcalendar-responsive\" id=\"eo_fullcalendar_1\"><\/div>\n\n\n\n<p><\/p>\n<\/div>\n<\/div>\n","protected":false},"excerpt":{"rendered":"<p>Pour cette 22\u00e8me \u00e9dition des rencontres interculturelles, Sevenadur vous invite \u00e0 passer \u00e0 table en d\u00e9couvrant les Patrimoines Culturels Immat\u00e9riels de plusieurs cultures pr\u00e9sentes \u00e0 Rennes. Ce sera l\u2019occasion de vivre et partager de belles d\u00e9couvertes du mercredi 16 f\u00e9vrier au dimanche 13 mars 2022 Depuis plus de 20 ans, les rencontres interculturelles Sevenadur prennent &hellip; <\/p>\n<p class=\"link-more\"><a href=\"http:\/\/www.sevenadur.org\/2022\/\" class=\"more-link\">Continuer la lecture<span class=\"screen-reader-text\"> de &laquo;&nbsp;Pr\u00e9sentation&nbsp;&raquo;<\/span><\/a><\/p>\n","protected":false},"author":1,"featured_media":0,"parent":0,"menu_order":0,"comment_status":"closed","ping_status":"open","template":"","meta":{"_vp_format_video_url":"","_vp_image_focal_point":[],"footnotes":""},"class_list":["post-2","page","type-page","status-publish","hentry"],"_links":{"self":[{"href":"http:\/\/www.sevenadur.org\/2022\/wp-json\/wp\/v2\/pages\/2","targetHints":{"allow":["GET"]}}],"collection":[{"href":"http:\/\/www.sevenadur.org\/2022\/wp-json\/wp\/v2\/pages"}],"about":[{"href":"http:\/\/www.sevenadur.org\/2022\/wp-json\/wp\/v2\/types\/page"}],"author":[{"embeddable":true,"href":"http:\/\/www.sevenadur.org\/2022\/wp-json\/wp\/v2\/users\/1"}],"replies":[{"embeddable":true,"href":"http:\/\/www.sevenadur.org\/2022\/wp-json\/wp\/v2\/comments?post=2"}],"version-history":[{"count":22,"href":"http:\/\/www.sevenadur.org\/2022\/wp-json\/wp\/v2\/pages\/2\/revisions"}],"predecessor-version":[{"id":497,"href":"http:\/\/www.sevenadur.org\/2022\/wp-json\/wp\/v2\/pages\/2\/revisions\/497"}],"wp:attachment":[{"href":"http:\/\/www.sevenadur.org\/2022\/wp-json\/wp\/v2\/media?parent=2"}],"curies":[{"name":"wp","href":"https:\/\/api.w.org\/{rel}","templated":true}]}}

Présentation

<p>Pour cette 22ème édition des rencontres interculturelles, Sevenadur vous invite à passer à table en découvrant les Patrimoines Culturels Immatériels de plusieurs cultures présentes à Rennes. Ce sera l’occasion de vivre et partager de belles découvertes du mercredi 16 février au dimanche 13 mars 2022</p>



<div class="wp-block-image"><figure class="aligncenter size-large is-resized"><img loading="lazy" decoding="async" src="http://www.sevenadur.org/2022/wp-content/uploads/sites/9/2022/01/Sans-titre0-734x1024.png" alt="" class="wp-image-103" width="358" height="499" srcset="http://www.sevenadur.org/2022/wp-content/uploads/sites/9/2022/01/Sans-titre0-734x1024.png 734w, http://www.sevenadur.org/2022/wp-content/uploads/sites/9/2022/01/Sans-titre0-215x300.png 215w, http://www.sevenadur.org/2022/wp-content/uploads/sites/9/2022/01/Sans-titre0-768x1071.png 768w, http://www.sevenadur.org/2022/wp-content/uploads/sites/9/2022/01/Sans-titre0-1102x1536.png 1102w, http://www.sevenadur.org/2022/wp-content/uploads/sites/9/2022/01/Sans-titre0.png 1149w" sizes="auto, (max-width: 358px) 100vw, 358px" /></figure></div>



<p>Depuis plus de 20 ans, les rencontres interculturelles Sevenadur prennent possession de Rennes et ses alentours.</p>



<p>Véritable rendez-vous de valorisation des patrimoines culturels immateriels (PCI), ces rencontres font découvrir à tous les cultures présentes sur notre territoire.</p>



<p>Comme la culture bretonne, les cultures présentent à Sevenadur ont une identité forte et sont foisonnantes. Elles se nourrissent de traditions et de transmission orales, et sont aussi un art de vivre qui continue de s’enrichir et de se réinventer.</p>



<p>C’est tout l’esprit de ces rencontres, celui de rassembler les différentes cultures du territoire et de partager de beaux moments en invitant les publics à découvrir ces richesses à travers des stages, des conférences, des expositions, des rencontres, et des spectacles !</p>



<p>Sevenadur, c’est aussi une équipe de partenaires associatifs et institutionnels qui ne cesse de grandir au-delà de Rennes. Ils co-construisent et œuvrent ensemble pour créer de riches moments artistiques, de cultures, d’émotions et d’humanité !</p>



<p><strong>En cette nouvelle édition, Sevenadur a choisi de mettre la thématique de l’art culinaire au cœur de sa programmation.</strong></p>



<p>Retrouvez tous nos évènements dans la programmation</p>



<p><strong>Sevenadur</strong> s’adapte au contexte sanitaire et vous invite à suivre l’actualité sur internet et les réseaux sociaux (Facebook, Instagram, Tweeter)</p>



<div style="height:100px" aria-hidden="true" class="wp-block-spacer"></div>



<div class="wp-block-columns is-layout-flex wp-container-core-columns-is-layout-9d6595d7 wp-block-columns-is-layout-flex">
<div class="wp-block-column is-layout-flow wp-block-column-is-layout-flow">
<div id="eo_fullcalendar_1_loading" class="eo-fullcalendar-loading" ><img decoding="async" src="http://www.sevenadur.org/2022/wp-content/plugins/event-organiser/css/images/loading-image.gif" class="eo-fullcalendar-loading-icon" alt="Chargement&#8230;" /> Chargement&#8230;</div><div class="eo-fullcalendar eo-fullcalendar-shortcode eo-fullcalendar-reset eo-fullcalendar-responsive" id="eo_fullcalendar_1"></div>



<p></p>
</div>
</div>

<p>Pour cette 22ème édition des rencontres interculturelles, Sevenadur vous invite à passer à table en découvrant les Patrimoines Culturels Immatériels de plusieurs cultures présentes à Rennes. Ce sera l’occasion de vivre et partager de belles découvertes du mercredi 16 février au dimanche 13 mars 2022 Depuis plus de 20 ans, les rencontres interculturelles Sevenadur prennent &hellip; </p>
<p class="link-more"><a href="http://www.sevenadur.org/2022/" class="more-link">Continuer la lecture<span class="screen-reader-text"> de &laquo;&nbsp;Présentation&nbsp;&raquo;</span></a></p>
