{"id":95,"date":"2021-01-27T12:51:05","date_gmt":"2021-01-27T11:51:05","guid":{"rendered":"http:\/\/www.sevenadur.org\/2021\/?post_type=tribe_events&#038;p=95"},"modified":"2021-03-11T11:09:45","modified_gmt":"2021-03-11T10:09:45","slug":"lart-culinaire-en-bretagne","status":"publish","type":"tribe_events","link":"http:\/\/www.sevenadur.org\/2021\/evenement\/lart-culinaire-en-bretagne\/","title":{"rendered":"Traditions culinaires de Haute et Basse Bretagne : cuisine d&rsquo;hier, d&rsquo;aujourd&rsquo;hui et de demain"},"content":{"rendered":"<p><span style=\"color: #222222\"><span style=\"font-family: Arial, serif\"><span style=\"font-size: small\"><strong>La cuisine est \u00ab\u00a0patrimoine\u00a0\u00bb. <\/strong>Elle se partage, elle se savoure, elle se transmet.<\/span><\/span><\/span><span style=\"color: #222222\"><span style=\"font-family: Arial, serif\"><span style=\"font-size: small\"><br \/>\n<\/span><\/span><\/span><\/p>\n<p><span style=\"color: #222222\"><span style=\"font-family: Arial, serif\"><span style=\"font-size: small\"><strong>La cuisine est \u00ab\u00a0art de vivre\u00a0\u00bb. <\/strong>Elle varie en fonction des \u00e9poques et des r\u00e9gions. on ne mange pas les m\u00eames mets en Haute et Basse Bretagne et nous ne nous nourrissons pas comme nos parents.\u00a0<\/span><\/span><\/span><\/p>\n<p><span style=\"color: #222222\"><span style=\"font-family: Arial, serif\"><span style=\"font-size: small\"><strong>La cuisine est \u00ab\u00a0\u00e9volution\u00a0\u00bb.<\/strong> Depuis une vingtaine d&rsquo;ann\u00e9es, nous sommes de plus en plus attentifs \u00e0 la qualit\u00e9 de ce que nous mangeons. Le \u00ab\u00a0bio\u00a0\u00bb, le \u00ab\u00a0circuit court\u00a0\u00bb, sont des termes que nous associons de plus en plus fr\u00e9quemment \u00e0 notre nourriture.<\/span><\/span><\/span><span style=\"color: #222222\"><span style=\"font-family: Arial, serif\"><span style=\"font-size: small\"><br \/>\n<\/span><\/span><\/span><\/p>\n<p><span style=\"color: #222222\"><span style=\"font-family: Arial, serif\"><span style=\"font-size: small\">Pour \u00e9changer autour de toutes ces notions, Bruzhoneg invite :\u00a0<\/span><\/span><\/span><\/p>\n<p><span style=\"color: #222222\"><span style=\"font-family: Arial, serif\"><span style=\"font-size: small\"><b>Yvon ETIENNE<\/b><\/span><\/span><\/span><span style=\"color: #222222\"><span style=\"font-family: Arial, serif\"><span style=\"font-size: small\">\u00a0animateur de l&rsquo;\u00e9mission \u201cBien dans votre assiette\u201d sur T\u00e9b\u00e9o o\u00f9 il met \u00e0 l\u2019honneur des chefs cuisiniers. Il nous parlera plus particuli\u00e8rement de cuisine de Basse-Bretagne. Il est par ailleurs l&rsquo;artiste bien connu, auteur compositeur interpr\u00e8te, chanteur dans le groupe Les Goristes, acteur dans un groupe de th\u00e9\u00e2tre en langue bretonne \u00ab Strollad ar Vro Bagan \u00bb. Il a d\u2019autre part travaill\u00e9 \u00e0 France Bleu Breizh Izel pendant trente ans.<\/span><\/span><\/span><\/p>\n<p><span style=\"color: #222222\"><span style=\"font-family: Arial, serif\"><span style=\"font-size: small\"><b>Anna JAOUEN. <\/b><\/span><\/span><\/span><span style=\"color: #222222\"><span style=\"font-family: Arial, serif\"><span style=\"font-size: small\">C\u2019est la deuxi\u00e8me fois que nous accueillerons Anna dans le cadre de Sevenadur. En 2016, la conf\u00e9renci\u00e8re nous avait r\u00e9gal\u00e9s en nous faisant d\u00e9couvrir un portrait intimiste du talentueux brodeur Pascal Jaouen. Elle revient cette ann\u00e9e en qualit\u00e9 de gourmande professionnelle, fra\u00eechement dipl\u00f4m\u00e9e d\u2019un CAP Cuisine et toujours aussi passionn\u00e9e par la mise en valeur du patrimoine culturel breton. Membre active de l\u2019association Zero Waste Cornouaille, elle a aussi \u00e0 c\u0153ur de partager id\u00e9es et astuces pour une cuisine z\u00e9ro-d\u00e9chet. <\/span><\/span><\/span><\/p>\n<p><span style=\"color: #222222\"><span style=\"font-family: Arial, serif\"><span style=\"font-size: small\"><b>Patrick GICQUEL <\/b>c<\/span><\/span><\/span><span style=\"color: #222222\"><span style=\"font-family: Arial, serif\"><span style=\"font-size: small\">hef cuisinier. Il tient depuis 25 ans l\u2019Auberge de R\u00e9an, restaurant gastronomique, au sud de Rennes. Il vous accueille dans un cadre magnifique sur les bords de la Vilaine. Ses plats mettent \u00e0 l\u2019honneur une cuisine de tradition et de terroir du Pays Gallo. Il vous propose une cuisine de saison toujours avec go\u00fbt.<\/span><\/span><\/span><\/p>\n<p class=\"_04xlpA direction-ltr align-justify para-style-body\"><span class=\"JsGRdQ\">\u00a0En Youtube Live sur le compte youtube de Bruzhoneg : <a href=\"https:\/\/www.youtube.com\/channel\/UCRlOJXdrZQSg-cTZBOpjdIQ\">lien<\/a><br \/>\n<\/span><\/p>\n","protected":false},"excerpt":{"rendered":"<p>La cuisine est \u00ab\u00a0patrimoine\u00a0\u00bb. Elle se partage, elle se savoure, elle se transmet. La cuisine est \u00ab\u00a0art de vivre\u00a0\u00bb. Elle varie en fonction des \u00e9poques et des r\u00e9gions. on ne mange pas les m\u00eames mets en Haute et Basse Bretagne &hellip; <a href=\"http:\/\/www.sevenadur.org\/2021\/evenement\/lart-culinaire-en-bretagne\/\">Continuer la lecture <span class=\"meta-nav\">&rarr;<\/span><\/a><\/p>\n","protected":false},"author":4,"featured_media":0,"template":"","meta":{"_tribe_events_status":"","_tribe_events_status_reason":"","footnotes":""},"tags":[],"tribe_events_cat":[7,11],"class_list":["post-95","tribe_events","type-tribe_events","status-publish","hentry","tribe_events_cat-conferences-et-rencontres","tribe_events_cat-sur-zoom","cat_conferences-et-rencontres","cat_sur-zoom"],"_links":{"self":[{"href":"http:\/\/www.sevenadur.org\/2021\/wp-json\/wp\/v2\/tribe_events\/95","targetHints":{"allow":["GET"]}}],"collection":[{"href":"http:\/\/www.sevenadur.org\/2021\/wp-json\/wp\/v2\/tribe_events"}],"about":[{"href":"http:\/\/www.sevenadur.org\/2021\/wp-json\/wp\/v2\/types\/tribe_events"}],"author":[{"embeddable":true,"href":"http:\/\/www.sevenadur.org\/2021\/wp-json\/wp\/v2\/users\/4"}],"version-history":[{"count":11,"href":"http:\/\/www.sevenadur.org\/2021\/wp-json\/wp\/v2\/tribe_events\/95\/revisions"}],"predecessor-version":[{"id":529,"href":"http:\/\/www.sevenadur.org\/2021\/wp-json\/wp\/v2\/tribe_events\/95\/revisions\/529"}],"wp:attachment":[{"href":"http:\/\/www.sevenadur.org\/2021\/wp-json\/wp\/v2\/media?parent=95"}],"wp:term":[{"taxonomy":"post_tag","embeddable":true,"href":"http:\/\/www.sevenadur.org\/2021\/wp-json\/wp\/v2\/tags?post=95"},{"taxonomy":"tribe_events_cat","embeddable":true,"href":"http:\/\/www.sevenadur.org\/2021\/wp-json\/wp\/v2\/tribe_events_cat?post=95"}],"curies":[{"name":"wp","href":"https:\/\/api.w.org\/{rel}","templated":true}]}}

<p><span style="color: #222222"><span style="font-family: Arial, serif"><span style="font-size: small"><strong>La cuisine est « patrimoine ». </strong>Elle se partage, elle se savoure, elle se transmet.</span></span></span><span style="color: #222222"><span style="font-family: Arial, serif"><span style="font-size: small"><br />
</span></span></span></p>
<p><span style="color: #222222"><span style="font-family: Arial, serif"><span style="font-size: small"><strong>La cuisine est « art de vivre ». </strong>Elle varie en fonction des époques et des régions. on ne mange pas les mêmes mets en Haute et Basse Bretagne et nous ne nous nourrissons pas comme nos parents. </span></span></span></p>
<p><span style="color: #222222"><span style="font-family: Arial, serif"><span style="font-size: small"><strong>La cuisine est « évolution ».</strong> Depuis une vingtaine d&rsquo;années, nous sommes de plus en plus attentifs à la qualité de ce que nous mangeons. Le « bio », le « circuit court », sont des termes que nous associons de plus en plus fréquemment à notre nourriture.</span></span></span><span style="color: #222222"><span style="font-family: Arial, serif"><span style="font-size: small"><br />
</span></span></span></p>
<p><span style="color: #222222"><span style="font-family: Arial, serif"><span style="font-size: small">Pour échanger autour de toutes ces notions, Bruzhoneg invite : </span></span></span></p>
<p><span style="color: #222222"><span style="font-family: Arial, serif"><span style="font-size: small"><b>Yvon ETIENNE</b></span></span></span><span style="color: #222222"><span style="font-family: Arial, serif"><span style="font-size: small"> animateur de l&rsquo;émission “Bien dans votre assiette” sur Tébéo où il met à l’honneur des chefs cuisiniers. Il nous parlera plus particulièrement de cuisine de Basse-Bretagne. Il est par ailleurs l&rsquo;artiste bien connu, auteur compositeur interprète, chanteur dans le groupe Les Goristes, acteur dans un groupe de théâtre en langue bretonne « Strollad ar Vro Bagan ». Il a d’autre part travaillé à France Bleu Breizh Izel pendant trente ans.</span></span></span></p>
<p><span style="color: #222222"><span style="font-family: Arial, serif"><span style="font-size: small"><b>Anna JAOUEN. </b></span></span></span><span style="color: #222222"><span style="font-family: Arial, serif"><span style="font-size: small">C’est la deuxième fois que nous accueillerons Anna dans le cadre de Sevenadur. En 2016, la conférencière nous avait régalés en nous faisant découvrir un portrait intimiste du talentueux brodeur Pascal Jaouen. Elle revient cette année en qualité de gourmande professionnelle, fraîchement diplômée d’un CAP Cuisine et toujours aussi passionnée par la mise en valeur du patrimoine culturel breton. Membre active de l’association Zero Waste Cornouaille, elle a aussi à cœur de partager idées et astuces pour une cuisine zéro-déchet. </span></span></span></p>
<p><span style="color: #222222"><span style="font-family: Arial, serif"><span style="font-size: small"><b>Patrick GICQUEL </b>c</span></span></span><span style="color: #222222"><span style="font-family: Arial, serif"><span style="font-size: small">hef cuisinier. Il tient depuis 25 ans l’Auberge de Réan, restaurant gastronomique, au sud de Rennes. Il vous accueille dans un cadre magnifique sur les bords de la Vilaine. Ses plats mettent à l’honneur une cuisine de tradition et de terroir du Pays Gallo. Il vous propose une cuisine de saison toujours avec goût.</span></span></span></p>
<p class="_04xlpA direction-ltr align-justify para-style-body"><span class="JsGRdQ"> En Youtube Live sur le compte youtube de Bruzhoneg : <a href="https://www.youtube.com/channel/UCRlOJXdrZQSg-cTZBOpjdIQ">lien</a><br />
</span></p>

<p>La cuisine est « patrimoine ». Elle se partage, elle se savoure, elle se transmet. La cuisine est « art de vivre ». Elle varie en fonction des époques et des régions. on ne mange pas les mêmes mets en Haute et Basse Bretagne &hellip; <a href="http://www.sevenadur.org/2021/evenement/lart-culinaire-en-bretagne/">Continuer la lecture <span class="meta-nav">&rarr;</span></a></p>
