{"id":93,"date":"2021-01-27T12:46:16","date_gmt":"2021-01-27T11:46:16","guid":{"rendered":"http:\/\/www.sevenadur.org\/2021\/?post_type=tribe_events&#038;p=93"},"modified":"2021-02-10T15:46:26","modified_gmt":"2021-02-10T14:46:26","slug":"soiree-causerie-en-gallo","status":"publish","type":"tribe_events","link":"http:\/\/www.sevenadur.org\/2021\/evenement\/soiree-causerie-en-gallo\/","title":{"rendered":"Causerie en gallo"},"content":{"rendered":"<p class=\"_04xlpA direction-ltr align-justify para-style-body\"><span class=\"JsGRdQ\"><img loading=\"lazy\" decoding=\"async\" class=\" wp-image-345 alignleft\" src=\"http:\/\/www.sevenadur.org\/2021\/wp-content\/uploads\/sites\/8\/2021\/02\/Veill\u00e9e-chant\u00e9e-1-1024x641.jpg\" alt=\"\" width=\"326\" height=\"204\" srcset=\"http:\/\/www.sevenadur.org\/2021\/wp-content\/uploads\/sites\/8\/2021\/02\/Veill\u00e9e-chant\u00e9e-1-1024x641.jpg 1024w, http:\/\/www.sevenadur.org\/2021\/wp-content\/uploads\/sites\/8\/2021\/02\/Veill\u00e9e-chant\u00e9e-1-300x188.jpg 300w, http:\/\/www.sevenadur.org\/2021\/wp-content\/uploads\/sites\/8\/2021\/02\/Veill\u00e9e-chant\u00e9e-1-768x481.jpg 768w, http:\/\/www.sevenadur.org\/2021\/wp-content\/uploads\/sites\/8\/2021\/02\/Veill\u00e9e-chant\u00e9e-1.jpg 1266w\" sizes=\"auto, (max-width: 326px) 100vw, 326px\" \/>Les cours de gallo du Cercle Celtique de Rennes, de Servon et de La Bo\u00ebxi\u00e8re proposent une soir\u00e9e autours de po\u00e8mes et contes,&#8230; en gallo! <\/span><\/p>\n<p class=\"_04xlpA direction-ltr align-justify para-style-body\"><span class=\"JsGRdQ\">Cette soir\u00e9e sera transmise en live sur la page Facebook de Sevenadur.<\/span><\/p>\n<p class=\"_04xlpA direction-ltr align-justify para-style-body\"><span class=\"JsGRdQ\">Sur r\u00e9servation<\/span><\/p>\n","protected":false},"excerpt":{"rendered":"<p>Les cours de gallo du Cercle Celtique de Rennes, de Servon et de La Bo\u00ebxi\u00e8re proposent une soir\u00e9e autours de po\u00e8mes et contes,&#8230; en gallo! Cette soir\u00e9e sera transmise en live sur la page Facebook de Sevenadur. Sur r\u00e9servation<\/p>\n","protected":false},"author":4,"featured_media":0,"template":"","meta":{"_tribe_events_status":"","_tribe_events_status_reason":"","footnotes":""},"tags":[],"tribe_events_cat":[8,10],"class_list":["post-93","tribe_events","type-tribe_events","status-publish","hentry","tribe_events_cat-les-langues","tribe_events_cat-sur-les-reseaux-sociaux","cat_les-langues","cat_sur-les-reseaux-sociaux"],"_links":{"self":[{"href":"http:\/\/www.sevenadur.org\/2021\/wp-json\/wp\/v2\/tribe_events\/93","targetHints":{"allow":["GET"]}}],"collection":[{"href":"http:\/\/www.sevenadur.org\/2021\/wp-json\/wp\/v2\/tribe_events"}],"about":[{"href":"http:\/\/www.sevenadur.org\/2021\/wp-json\/wp\/v2\/types\/tribe_events"}],"author":[{"embeddable":true,"href":"http:\/\/www.sevenadur.org\/2021\/wp-json\/wp\/v2\/users\/4"}],"version-history":[{"count":5,"href":"http:\/\/www.sevenadur.org\/2021\/wp-json\/wp\/v2\/tribe_events\/93\/revisions"}],"predecessor-version":[{"id":348,"href":"http:\/\/www.sevenadur.org\/2021\/wp-json\/wp\/v2\/tribe_events\/93\/revisions\/348"}],"wp:attachment":[{"href":"http:\/\/www.sevenadur.org\/2021\/wp-json\/wp\/v2\/media?parent=93"}],"wp:term":[{"taxonomy":"post_tag","embeddable":true,"href":"http:\/\/www.sevenadur.org\/2021\/wp-json\/wp\/v2\/tags?post=93"},{"taxonomy":"tribe_events_cat","embeddable":true,"href":"http:\/\/www.sevenadur.org\/2021\/wp-json\/wp\/v2\/tribe_events_cat?post=93"}],"curies":[{"name":"wp","href":"https:\/\/api.w.org\/{rel}","templated":true}]}}

<p class="_04xlpA direction-ltr align-justify para-style-body"><span class="JsGRdQ"><img loading="lazy" decoding="async" class=" wp-image-345 alignleft" src="http://www.sevenadur.org/2021/wp-content/uploads/sites/8/2021/02/Veillée-chantée-1-1024x641.jpg" alt="" width="326" height="204" srcset="http://www.sevenadur.org/2021/wp-content/uploads/sites/8/2021/02/Veillée-chantée-1-1024x641.jpg 1024w, http://www.sevenadur.org/2021/wp-content/uploads/sites/8/2021/02/Veillée-chantée-1-300x188.jpg 300w, http://www.sevenadur.org/2021/wp-content/uploads/sites/8/2021/02/Veillée-chantée-1-768x481.jpg 768w, http://www.sevenadur.org/2021/wp-content/uploads/sites/8/2021/02/Veillée-chantée-1.jpg 1266w" sizes="auto, (max-width: 326px) 100vw, 326px" />Les cours de gallo du Cercle Celtique de Rennes, de Servon et de La Boëxière proposent une soirée autours de poèmes et contes,&#8230; en gallo! </span></p>
<p class="_04xlpA direction-ltr align-justify para-style-body"><span class="JsGRdQ">Cette soirée sera transmise en live sur la page Facebook de Sevenadur.</span></p>
<p class="_04xlpA direction-ltr align-justify para-style-body"><span class="JsGRdQ">Sur réservation</span></p>

<p>Les cours de gallo du Cercle Celtique de Rennes, de Servon et de La Boëxière proposent une soirée autours de poèmes et contes,&#8230; en gallo! Cette soirée sera transmise en live sur la page Facebook de Sevenadur. Sur réservation</p>
