{"id":91,"date":"2021-01-27T12:40:59","date_gmt":"2021-01-27T11:40:59","guid":{"rendered":"http:\/\/www.sevenadur.org\/2021\/?post_type=tribe_events&#038;p=91"},"modified":"2021-03-02T14:51:54","modified_gmt":"2021-03-02T13:51:54","slug":"veillee-chantee","status":"publish","type":"tribe_events","link":"http:\/\/www.sevenadur.org\/2021\/evenement\/veillee-chantee\/","title":{"rendered":"Veill\u00e9e chant\u00e9e"},"content":{"rendered":"<p><img loading=\"lazy\" decoding=\"async\" class=\"wp-image-394 alignleft\" src=\"http:\/\/www.sevenadur.org\/2021\/wp-content\/uploads\/sites\/8\/2021\/01\/Anj\u00e9la-V\u00e9ronique-5-1024x576.jpg\" alt=\"\" width=\"293\" height=\"165\" srcset=\"http:\/\/www.sevenadur.org\/2021\/wp-content\/uploads\/sites\/8\/2021\/01\/Anj\u00e9la-V\u00e9ronique-5-1024x576.jpg 1024w, http:\/\/www.sevenadur.org\/2021\/wp-content\/uploads\/sites\/8\/2021\/01\/Anj\u00e9la-V\u00e9ronique-5-300x169.jpg 300w, http:\/\/www.sevenadur.org\/2021\/wp-content\/uploads\/sites\/8\/2021\/01\/Anj\u00e9la-V\u00e9ronique-5-768x432.jpg 768w, http:\/\/www.sevenadur.org\/2021\/wp-content\/uploads\/sites\/8\/2021\/01\/Anj\u00e9la-V\u00e9ronique-5-1536x864.jpg 1536w, http:\/\/www.sevenadur.org\/2021\/wp-content\/uploads\/sites\/8\/2021\/01\/Anj\u00e9la-V\u00e9ronique-5-2048x1152.jpg 2048w\" sizes=\"auto, (max-width: 293px) 100vw, 293px\" \/>Une veill\u00e9e chant\u00e9e autour des r\u00e9pertoires traditionnels est organis\u00e9e dans le cadre de la soir\u00e9e biblioth\u00e8que du Cercle Celtique de Rennes.<\/p>\n<p>Pas de t\u00eate d&rsquo;affiche, vous \u00eates tous invit\u00e9s \u00e0 intervenir au cours de cette veill\u00e9e qui se d\u00e9roulera par <strong>zoom <\/strong>\u00e9tant donn\u00e9 les restrictions sanitaires. Vous participerez donc de chez vous \u00e0 cette veill\u00e9e. Les chanterus ont aussi besoin d&rsquo;auditeurs, donc connectez-vous pour la plaisir d&rsquo;\u00e9couter.<\/p>\n<p>L<span class=\"JsGRdQ\">e th\u00e8me de Sevenadur, cette ann\u00e9e, est \u00ab l\u2019art <\/span><span class=\"JsGRdQ\">culinaire \u00bb. Vous pourrez donc choisir des chants de table, des chants \u00e0 boire, des m\u00e9lodies, des chants de travail ou m\u00eame \u00e0 danser (chez vous&#8230;) sur ce th\u00e8me de pr\u00e9f\u00e9rence , mais tous les chants sont les bienvenus .<\/span><\/p>\n<p>Robert Bouthillier et Marie Annick Roussel g\u00e8reront la soir\u00e9e.<\/p>\n<p class=\"_04xlpA direction-ltr align-start para-style-body\"><span class=\"JsGRdQ\">Soir\u00e9e organis\u00e9e par Ren\u00e9e Gautard responsable de la biblioth\u00e8que, G\u00e9rard Damour et Yannick Marquet.<\/span><\/p>\n<p><a href=\"https:\/\/zoom.us\/j\/97004903065?pwd=djVrTjd5d3U1bEdCNUlOd2pJZlh3QT09\">Lien Zoom<\/a><\/p>\n","protected":false},"excerpt":{"rendered":"<p>Une veill\u00e9e chant\u00e9e autour des r\u00e9pertoires traditionnels est organis\u00e9e dans le cadre de la soir\u00e9e biblioth\u00e8que du Cercle Celtique de Rennes. Pas de t\u00eate d&rsquo;affiche, vous \u00eates tous invit\u00e9s \u00e0 intervenir au cours de cette veill\u00e9e qui se d\u00e9roulera par &hellip; <a href=\"http:\/\/www.sevenadur.org\/2021\/evenement\/veillee-chantee\/\">Continuer la lecture <span class=\"meta-nav\">&rarr;<\/span><\/a><\/p>\n","protected":false},"author":4,"featured_media":0,"template":"","meta":{"_tribe_events_status":"","_tribe_events_status_reason":"","footnotes":""},"tags":[],"tribe_events_cat":[8,11],"class_list":["post-91","tribe_events","type-tribe_events","status-publish","hentry","tribe_events_cat-les-langues","tribe_events_cat-sur-zoom","cat_les-langues","cat_sur-zoom"],"_links":{"self":[{"href":"http:\/\/www.sevenadur.org\/2021\/wp-json\/wp\/v2\/tribe_events\/91","targetHints":{"allow":["GET"]}}],"collection":[{"href":"http:\/\/www.sevenadur.org\/2021\/wp-json\/wp\/v2\/tribe_events"}],"about":[{"href":"http:\/\/www.sevenadur.org\/2021\/wp-json\/wp\/v2\/types\/tribe_events"}],"author":[{"embeddable":true,"href":"http:\/\/www.sevenadur.org\/2021\/wp-json\/wp\/v2\/users\/4"}],"version-history":[{"count":10,"href":"http:\/\/www.sevenadur.org\/2021\/wp-json\/wp\/v2\/tribe_events\/91\/revisions"}],"predecessor-version":[{"id":511,"href":"http:\/\/www.sevenadur.org\/2021\/wp-json\/wp\/v2\/tribe_events\/91\/revisions\/511"}],"wp:attachment":[{"href":"http:\/\/www.sevenadur.org\/2021\/wp-json\/wp\/v2\/media?parent=91"}],"wp:term":[{"taxonomy":"post_tag","embeddable":true,"href":"http:\/\/www.sevenadur.org\/2021\/wp-json\/wp\/v2\/tags?post=91"},{"taxonomy":"tribe_events_cat","embeddable":true,"href":"http:\/\/www.sevenadur.org\/2021\/wp-json\/wp\/v2\/tribe_events_cat?post=91"}],"curies":[{"name":"wp","href":"https:\/\/api.w.org\/{rel}","templated":true}]}}

Veillée chantée

<p><img loading="lazy" decoding="async" class="wp-image-394 alignleft" src="http://www.sevenadur.org/2021/wp-content/uploads/sites/8/2021/01/Anjéla-Véronique-5-1024x576.jpg" alt="" width="293" height="165" srcset="http://www.sevenadur.org/2021/wp-content/uploads/sites/8/2021/01/Anjéla-Véronique-5-1024x576.jpg 1024w, http://www.sevenadur.org/2021/wp-content/uploads/sites/8/2021/01/Anjéla-Véronique-5-300x169.jpg 300w, http://www.sevenadur.org/2021/wp-content/uploads/sites/8/2021/01/Anjéla-Véronique-5-768x432.jpg 768w, http://www.sevenadur.org/2021/wp-content/uploads/sites/8/2021/01/Anjéla-Véronique-5-1536x864.jpg 1536w, http://www.sevenadur.org/2021/wp-content/uploads/sites/8/2021/01/Anjéla-Véronique-5-2048x1152.jpg 2048w" sizes="auto, (max-width: 293px) 100vw, 293px" />Une veillée chantée autour des répertoires traditionnels est organisée dans le cadre de la soirée bibliothèque du Cercle Celtique de Rennes.</p>
<p>Pas de tête d&rsquo;affiche, vous êtes tous invités à intervenir au cours de cette veillée qui se déroulera par <strong>zoom </strong>étant donné les restrictions sanitaires. Vous participerez donc de chez vous à cette veillée. Les chanterus ont aussi besoin d&rsquo;auditeurs, donc connectez-vous pour la plaisir d&rsquo;écouter.</p>
<p>L<span class="JsGRdQ">e thème de Sevenadur, cette année, est « l’art </span><span class="JsGRdQ">culinaire ». Vous pourrez donc choisir des chants de table, des chants à boire, des mélodies, des chants de travail ou même à danser (chez vous&#8230;) sur ce thème de préférence , mais tous les chants sont les bienvenus .</span></p>
<p>Robert Bouthillier et Marie Annick Roussel gèreront la soirée.</p>
<p class="_04xlpA direction-ltr align-start para-style-body"><span class="JsGRdQ">Soirée organisée par Renée Gautard responsable de la bibliothèque, Gérard Damour et Yannick Marquet.</span></p>
<p><a href="https://zoom.us/j/97004903065?pwd=djVrTjd5d3U1bEdCNUlOd2pJZlh3QT09">Lien Zoom</a></p>

<p>Une veillée chantée autour des répertoires traditionnels est organisée dans le cadre de la soirée bibliothèque du Cercle Celtique de Rennes. Pas de tête d&rsquo;affiche, vous êtes tous invités à intervenir au cours de cette veillée qui se déroulera par &hellip; <a href="http://www.sevenadur.org/2021/evenement/veillee-chantee/">Continuer la lecture <span class="meta-nav">&rarr;</span></a></p>
