{"id":483,"date":"2021-02-26T10:24:36","date_gmt":"2021-02-26T09:24:36","guid":{"rendered":"http:\/\/www.sevenadur.org\/2021\/?post_type=tribe_events&#038;p=483"},"modified":"2021-02-26T10:24:36","modified_gmt":"2021-02-26T09:24:36","slug":"lart-de-la-ceramique","status":"publish","type":"tribe_events","link":"http:\/\/www.sevenadur.org\/2021\/evenement\/lart-de-la-ceramique\/","title":{"rendered":"L&rsquo;art de la c\u00e9ramique"},"content":{"rendered":"<p><img loading=\"lazy\" decoding=\"async\" class=\"wp-image-484 alignleft\" src=\"http:\/\/www.sevenadur.org\/2021\/wp-content\/uploads\/sites\/8\/2021\/02\/Henriot-Bigoudene-1024x735.jpg\" alt=\"\" width=\"369\" height=\"265\" srcset=\"http:\/\/www.sevenadur.org\/2021\/wp-content\/uploads\/sites\/8\/2021\/02\/Henriot-Bigoudene-1024x735.jpg 1024w, http:\/\/www.sevenadur.org\/2021\/wp-content\/uploads\/sites\/8\/2021\/02\/Henriot-Bigoudene-300x215.jpg 300w, http:\/\/www.sevenadur.org\/2021\/wp-content\/uploads\/sites\/8\/2021\/02\/Henriot-Bigoudene-768x551.jpg 768w, http:\/\/www.sevenadur.org\/2021\/wp-content\/uploads\/sites\/8\/2021\/02\/Henriot-Bigoudene-1536x1102.jpg 1536w, http:\/\/www.sevenadur.org\/2021\/wp-content\/uploads\/sites\/8\/2021\/02\/Henriot-Bigoudene-2048x1470.jpg 2048w\" sizes=\"auto, (max-width: 369px) 100vw, 369px\" \/>Toujours dans la th\u00e9matique de l&rsquo;art culinaire, nous vous proposons de d\u00e9couvrir deux documentaires sur l&rsquo;art de la c\u00e9ramique suivis d&rsquo;une rencontre avec une c\u00e9ramiste.<\/p>\n<p><em><strong>Argile, terre vivante<\/strong><\/em> d\u2019Alain Henriot et Adolphe Kerisit (1957 &#8211; 24 min)<br \/>\nCe documentaire complet et didactique, aux prix internationaux, pr\u00e9sente les \u00e9tapes<br \/>\nde transformation de l&rsquo;argile inerte en fa\u00efences artistiques de Quimper, vieilles de plus<br \/>\nde trois si\u00e8cles.<\/p>\n<p><em><strong>Un artisan c\u00e9ramiste<\/strong> <\/em>de Fernand Le Garrec et Jean Bedouet (1960 environ &#8211; 17 min)<br \/>\nDans son atelier du 104 route de Brest, \u00e0 Quimper, le potier c\u00e9ramiste Jean-S\u00e9bastien<br \/>\nLe Pemp, form\u00e9 \u00e0 la fa\u00efencerie d\u00e8s ses 14 ans, d\u00e9ploie toutes les techniques d\u2019un art<br \/>\nqui fait sa renomm\u00e9e.<\/p>\n<p>Le jeudi 4 mars 2021 \u00e0 20h sur Facebook, en partenariat avec la cin\u00e9math\u00e8que de Bretagne.<\/p>\n","protected":false},"excerpt":{"rendered":"<p>Toujours dans la th\u00e9matique de l&rsquo;art culinaire, nous vous proposons de d\u00e9couvrir deux documentaires sur l&rsquo;art de la c\u00e9ramique suivis d&rsquo;une rencontre avec une c\u00e9ramiste. Argile, terre vivante d\u2019Alain Henriot et Adolphe Kerisit (1957 &#8211; 24 min) Ce documentaire complet &hellip; <a href=\"http:\/\/www.sevenadur.org\/2021\/evenement\/lart-de-la-ceramique\/\">Continuer la lecture <span class=\"meta-nav\">&rarr;<\/span><\/a><\/p>\n","protected":false},"author":4,"featured_media":0,"template":"","meta":{"_tribe_events_status":"","_tribe_events_status_reason":"","footnotes":""},"tags":[],"tribe_events_cat":[],"class_list":["post-483","tribe_events","type-tribe_events","status-publish","hentry"],"_links":{"self":[{"href":"http:\/\/www.sevenadur.org\/2021\/wp-json\/wp\/v2\/tribe_events\/483","targetHints":{"allow":["GET"]}}],"collection":[{"href":"http:\/\/www.sevenadur.org\/2021\/wp-json\/wp\/v2\/tribe_events"}],"about":[{"href":"http:\/\/www.sevenadur.org\/2021\/wp-json\/wp\/v2\/types\/tribe_events"}],"author":[{"embeddable":true,"href":"http:\/\/www.sevenadur.org\/2021\/wp-json\/wp\/v2\/users\/4"}],"version-history":[{"count":2,"href":"http:\/\/www.sevenadur.org\/2021\/wp-json\/wp\/v2\/tribe_events\/483\/revisions"}],"predecessor-version":[{"id":486,"href":"http:\/\/www.sevenadur.org\/2021\/wp-json\/wp\/v2\/tribe_events\/483\/revisions\/486"}],"wp:attachment":[{"href":"http:\/\/www.sevenadur.org\/2021\/wp-json\/wp\/v2\/media?parent=483"}],"wp:term":[{"taxonomy":"post_tag","embeddable":true,"href":"http:\/\/www.sevenadur.org\/2021\/wp-json\/wp\/v2\/tags?post=483"},{"taxonomy":"tribe_events_cat","embeddable":true,"href":"http:\/\/www.sevenadur.org\/2021\/wp-json\/wp\/v2\/tribe_events_cat?post=483"}],"curies":[{"name":"wp","href":"https:\/\/api.w.org\/{rel}","templated":true}]}}

L&rsquo;art de la céramique

<p><img loading="lazy" decoding="async" class="wp-image-484 alignleft" src="http://www.sevenadur.org/2021/wp-content/uploads/sites/8/2021/02/Henriot-Bigoudene-1024x735.jpg" alt="" width="369" height="265" srcset="http://www.sevenadur.org/2021/wp-content/uploads/sites/8/2021/02/Henriot-Bigoudene-1024x735.jpg 1024w, http://www.sevenadur.org/2021/wp-content/uploads/sites/8/2021/02/Henriot-Bigoudene-300x215.jpg 300w, http://www.sevenadur.org/2021/wp-content/uploads/sites/8/2021/02/Henriot-Bigoudene-768x551.jpg 768w, http://www.sevenadur.org/2021/wp-content/uploads/sites/8/2021/02/Henriot-Bigoudene-1536x1102.jpg 1536w, http://www.sevenadur.org/2021/wp-content/uploads/sites/8/2021/02/Henriot-Bigoudene-2048x1470.jpg 2048w" sizes="auto, (max-width: 369px) 100vw, 369px" />Toujours dans la thématique de l&rsquo;art culinaire, nous vous proposons de découvrir deux documentaires sur l&rsquo;art de la céramique suivis d&rsquo;une rencontre avec une céramiste.</p>
<p><em><strong>Argile, terre vivante</strong></em> d’Alain Henriot et Adolphe Kerisit (1957 &#8211; 24 min)<br />
Ce documentaire complet et didactique, aux prix internationaux, présente les étapes<br />
de transformation de l&rsquo;argile inerte en faïences artistiques de Quimper, vieilles de plus<br />
de trois siècles.</p>
<p><em><strong>Un artisan céramiste</strong> </em>de Fernand Le Garrec et Jean Bedouet (1960 environ &#8211; 17 min)<br />
Dans son atelier du 104 route de Brest, à Quimper, le potier céramiste Jean-Sébastien<br />
Le Pemp, formé à la faïencerie dès ses 14 ans, déploie toutes les techniques d’un art<br />
qui fait sa renommée.</p>
<p>Le jeudi 4 mars 2021 à 20h sur Facebook, en partenariat avec la cinémathèque de Bretagne.</p>

<p>Toujours dans la thématique de l&rsquo;art culinaire, nous vous proposons de découvrir deux documentaires sur l&rsquo;art de la céramique suivis d&rsquo;une rencontre avec une céramiste. Argile, terre vivante d’Alain Henriot et Adolphe Kerisit (1957 &#8211; 24 min) Ce documentaire complet &hellip; <a href="http://www.sevenadur.org/2021/evenement/lart-de-la-ceramique/">Continuer la lecture <span class="meta-nav">&rarr;</span></a></p>
