{"id":474,"date":"2021-02-25T18:05:18","date_gmt":"2021-02-25T17:05:18","guid":{"rendered":"http:\/\/www.sevenadur.org\/2021\/?post_type=tribe_events&#038;p=474"},"modified":"2021-02-26T10:15:31","modified_gmt":"2021-02-26T09:15:31","slug":"contes-marocains","status":"publish","type":"tribe_events","link":"http:\/\/www.sevenadur.org\/2021\/evenement\/contes-marocains\/","title":{"rendered":"Contes marocains"},"content":{"rendered":"<p><img loading=\"lazy\" decoding=\"async\" class=\"wp-image-475 alignleft\" src=\"http:\/\/www.sevenadur.org\/2021\/wp-content\/uploads\/sites\/8\/2021\/02\/IMG_0166-866x1024.jpg\" alt=\"\" width=\"217\" height=\"256\" srcset=\"http:\/\/www.sevenadur.org\/2021\/wp-content\/uploads\/sites\/8\/2021\/02\/IMG_0166-866x1024.jpg 866w, http:\/\/www.sevenadur.org\/2021\/wp-content\/uploads\/sites\/8\/2021\/02\/IMG_0166-254x300.jpg 254w, http:\/\/www.sevenadur.org\/2021\/wp-content\/uploads\/sites\/8\/2021\/02\/IMG_0166-768x908.jpg 768w, http:\/\/www.sevenadur.org\/2021\/wp-content\/uploads\/sites\/8\/2021\/02\/IMG_0166-1300x1536.jpg 1300w, http:\/\/www.sevenadur.org\/2021\/wp-content\/uploads\/sites\/8\/2021\/02\/IMG_0166-1733x2048.jpg 1733w\" sizes=\"auto, (max-width: 217px) 100vw, 217px\" \/>D\u00e9couvrez des contes marocains racont\u00e9s par les membres de l&rsquo;association Mosa\u00efque Bretagne Maroc.<\/p>\n<p>Le dimanche 28 f\u00e9vrier 2021 \u00e0 partir de 18h.<\/p>\n<p>&nbsp;<\/p>\n<p>Chaine Youtube @Sevenadur Roazhon<\/p>\n","protected":false},"excerpt":{"rendered":"<p>D\u00e9couvrez des contes marocains racont\u00e9s par les membres de l&rsquo;association Mosa\u00efque Bretagne Maroc. Le dimanche 28 f\u00e9vrier 2021 \u00e0 partir de 18h. &nbsp; Chaine Youtube @Sevenadur Roazhon<\/p>\n","protected":false},"author":4,"featured_media":0,"template":"","meta":{"_tribe_events_status":"","_tribe_events_status_reason":"","footnotes":""},"tags":[],"tribe_events_cat":[],"class_list":["post-474","tribe_events","type-tribe_events","status-publish","hentry"],"_links":{"self":[{"href":"http:\/\/www.sevenadur.org\/2021\/wp-json\/wp\/v2\/tribe_events\/474","targetHints":{"allow":["GET"]}}],"collection":[{"href":"http:\/\/www.sevenadur.org\/2021\/wp-json\/wp\/v2\/tribe_events"}],"about":[{"href":"http:\/\/www.sevenadur.org\/2021\/wp-json\/wp\/v2\/types\/tribe_events"}],"author":[{"embeddable":true,"href":"http:\/\/www.sevenadur.org\/2021\/wp-json\/wp\/v2\/users\/4"}],"version-history":[{"count":3,"href":"http:\/\/www.sevenadur.org\/2021\/wp-json\/wp\/v2\/tribe_events\/474\/revisions"}],"predecessor-version":[{"id":482,"href":"http:\/\/www.sevenadur.org\/2021\/wp-json\/wp\/v2\/tribe_events\/474\/revisions\/482"}],"wp:attachment":[{"href":"http:\/\/www.sevenadur.org\/2021\/wp-json\/wp\/v2\/media?parent=474"}],"wp:term":[{"taxonomy":"post_tag","embeddable":true,"href":"http:\/\/www.sevenadur.org\/2021\/wp-json\/wp\/v2\/tags?post=474"},{"taxonomy":"tribe_events_cat","embeddable":true,"href":"http:\/\/www.sevenadur.org\/2021\/wp-json\/wp\/v2\/tribe_events_cat?post=474"}],"curies":[{"name":"wp","href":"https:\/\/api.w.org\/{rel}","templated":true}]}}

<p><img loading="lazy" decoding="async" class="wp-image-475 alignleft" src="http://www.sevenadur.org/2021/wp-content/uploads/sites/8/2021/02/IMG_0166-866x1024.jpg" alt="" width="217" height="256" srcset="http://www.sevenadur.org/2021/wp-content/uploads/sites/8/2021/02/IMG_0166-866x1024.jpg 866w, http://www.sevenadur.org/2021/wp-content/uploads/sites/8/2021/02/IMG_0166-254x300.jpg 254w, http://www.sevenadur.org/2021/wp-content/uploads/sites/8/2021/02/IMG_0166-768x908.jpg 768w, http://www.sevenadur.org/2021/wp-content/uploads/sites/8/2021/02/IMG_0166-1300x1536.jpg 1300w, http://www.sevenadur.org/2021/wp-content/uploads/sites/8/2021/02/IMG_0166-1733x2048.jpg 1733w" sizes="auto, (max-width: 217px) 100vw, 217px" />Découvrez des contes marocains racontés par les membres de l&rsquo;association Mosaïque Bretagne Maroc.</p>
<p>Le dimanche 28 février 2021 à partir de 18h.</p>
<p>&nbsp;</p>
<p>Chaine Youtube @Sevenadur Roazhon</p>

<p>Découvrez des contes marocains racontés par les membres de l&rsquo;association Mosaïque Bretagne Maroc. Le dimanche 28 février 2021 à partir de 18h. &nbsp; Chaine Youtube @Sevenadur Roazhon</p>
