{"id":463,"date":"2021-02-25T17:13:31","date_gmt":"2021-02-25T16:13:31","guid":{"rendered":"http:\/\/www.sevenadur.org\/2021\/?post_type=tribe_events&#038;p=463"},"modified":"2021-02-26T11:38:17","modified_gmt":"2021-02-26T10:38:17","slug":"inauguration","status":"publish","type":"tribe_events","link":"http:\/\/www.sevenadur.org\/2021\/evenement\/inauguration\/","title":{"rendered":"Inauguration"},"content":{"rendered":"<p><img loading=\"lazy\" decoding=\"async\" class=\"wp-image-464 alignleft\" src=\"http:\/\/www.sevenadur.org\/2021\/wp-content\/uploads\/sites\/8\/2021\/02\/JMC_0676.jpg\" alt=\"\" width=\"286\" height=\"191\" srcset=\"http:\/\/www.sevenadur.org\/2021\/wp-content\/uploads\/sites\/8\/2021\/02\/JMC_0676.jpg 800w, http:\/\/www.sevenadur.org\/2021\/wp-content\/uploads\/sites\/8\/2021\/02\/JMC_0676-300x200.jpg 300w, http:\/\/www.sevenadur.org\/2021\/wp-content\/uploads\/sites\/8\/2021\/02\/JMC_0676-768x513.jpg 768w\" sizes=\"auto, (max-width: 286px) 100vw, 286px\" \/>La 21eme \u00e9dition des rencontres Sevenadur sera lanc\u00e9e !<\/p>\n<p>Retrouvez \u00e0 20h le discours de Philippe Ramel pr\u00e9sident du Cercle Celtique de Rennes en fran\u00e7ais, gallo et breton puis profitez de la musique du couple Lorho-Pasco\/ Le Net suivi du couple Naien. Concert film\u00e9 au Cercle Celtique de Rennes pour l&rsquo;occasion.<\/p>\n","protected":false},"excerpt":{"rendered":"<p>La 21eme \u00e9dition des rencontres Sevenadur sera lanc\u00e9e ! Retrouvez \u00e0 20h le discours de Philippe Ramel pr\u00e9sident du Cercle Celtique de Rennes en fran\u00e7ais, gallo et breton puis profitez de la musique du couple Lorho-Pasco\/ Le Net suivi du &hellip; <a href=\"http:\/\/www.sevenadur.org\/2021\/evenement\/inauguration\/\">Continuer la lecture <span class=\"meta-nav\">&rarr;<\/span><\/a><\/p>\n","protected":false},"author":4,"featured_media":0,"template":"","meta":{"_tribe_events_status":"","_tribe_events_status_reason":"","footnotes":""},"tags":[],"tribe_events_cat":[],"class_list":["post-463","tribe_events","type-tribe_events","status-publish","hentry"],"_links":{"self":[{"href":"http:\/\/www.sevenadur.org\/2021\/wp-json\/wp\/v2\/tribe_events\/463","targetHints":{"allow":["GET"]}}],"collection":[{"href":"http:\/\/www.sevenadur.org\/2021\/wp-json\/wp\/v2\/tribe_events"}],"about":[{"href":"http:\/\/www.sevenadur.org\/2021\/wp-json\/wp\/v2\/types\/tribe_events"}],"author":[{"embeddable":true,"href":"http:\/\/www.sevenadur.org\/2021\/wp-json\/wp\/v2\/users\/4"}],"version-history":[{"count":2,"href":"http:\/\/www.sevenadur.org\/2021\/wp-json\/wp\/v2\/tribe_events\/463\/revisions"}],"predecessor-version":[{"id":500,"href":"http:\/\/www.sevenadur.org\/2021\/wp-json\/wp\/v2\/tribe_events\/463\/revisions\/500"}],"wp:attachment":[{"href":"http:\/\/www.sevenadur.org\/2021\/wp-json\/wp\/v2\/media?parent=463"}],"wp:term":[{"taxonomy":"post_tag","embeddable":true,"href":"http:\/\/www.sevenadur.org\/2021\/wp-json\/wp\/v2\/tags?post=463"},{"taxonomy":"tribe_events_cat","embeddable":true,"href":"http:\/\/www.sevenadur.org\/2021\/wp-json\/wp\/v2\/tribe_events_cat?post=463"}],"curies":[{"name":"wp","href":"https:\/\/api.w.org\/{rel}","templated":true}]}}

<p><img loading="lazy" decoding="async" class="wp-image-464 alignleft" src="http://www.sevenadur.org/2021/wp-content/uploads/sites/8/2021/02/JMC_0676.jpg" alt="" width="286" height="191" srcset="http://www.sevenadur.org/2021/wp-content/uploads/sites/8/2021/02/JMC_0676.jpg 800w, http://www.sevenadur.org/2021/wp-content/uploads/sites/8/2021/02/JMC_0676-300x200.jpg 300w, http://www.sevenadur.org/2021/wp-content/uploads/sites/8/2021/02/JMC_0676-768x513.jpg 768w" sizes="auto, (max-width: 286px) 100vw, 286px" />La 21eme édition des rencontres Sevenadur sera lancée !</p>
<p>Retrouvez à 20h le discours de Philippe Ramel président du Cercle Celtique de Rennes en français, gallo et breton puis profitez de la musique du couple Lorho-Pasco/ Le Net suivi du couple Naien. Concert filmé au Cercle Celtique de Rennes pour l&rsquo;occasion.</p>

<p>La 21eme édition des rencontres Sevenadur sera lancée ! Retrouvez à 20h le discours de Philippe Ramel président du Cercle Celtique de Rennes en français, gallo et breton puis profitez de la musique du couple Lorho-Pasco/ Le Net suivi du &hellip; <a href="http://www.sevenadur.org/2021/evenement/inauguration/">Continuer la lecture <span class="meta-nav">&rarr;</span></a></p>
