{"id":457,"date":"2021-02-25T16:43:01","date_gmt":"2021-02-25T15:43:01","guid":{"rendered":"http:\/\/www.sevenadur.org\/2021\/?post_type=tribe_events&#038;p=457"},"modified":"2021-03-04T18:59:02","modified_gmt":"2021-03-04T17:59:02","slug":"patrimoine-oral-de-bretagne-et-du-maroc","status":"publish","type":"tribe_events","link":"http:\/\/www.sevenadur.org\/2021\/evenement\/patrimoine-oral-de-bretagne-et-du-maroc\/","title":{"rendered":"Patrimoine oral de Bretagne et du Maroc"},"content":{"rendered":"<p>Le dimanch<img loading=\"lazy\" decoding=\"async\" class=\"wp-image-458 alignleft\" src=\"http:\/\/www.sevenadur.org\/2021\/wp-content\/uploads\/sites\/8\/2021\/02\/Visuel-OCADDmontagnes_atlas.jpg\" alt=\"\" width=\"330\" height=\"132\" srcset=\"http:\/\/www.sevenadur.org\/2021\/wp-content\/uploads\/sites\/8\/2021\/02\/Visuel-OCADDmontagnes_atlas.jpg 960w, http:\/\/www.sevenadur.org\/2021\/wp-content\/uploads\/sites\/8\/2021\/02\/Visuel-OCADDmontagnes_atlas-300x120.jpg 300w, http:\/\/www.sevenadur.org\/2021\/wp-content\/uploads\/sites\/8\/2021\/02\/Visuel-OCADDmontagnes_atlas-768x307.jpg 768w\" sizes=\"auto, (max-width: 330px) 100vw, 330px\" \/>e 14 mars 2021 nous vous proposons d&rsquo;assister \u00e0 un \u00e9change autour du patrimoine oral breton et marocain entre le Cercle Celtique de Rennes et l&rsquo;association OCADD de B\u00e9ni M\u00e9llal, situ\u00e9e au c\u0153ur du Maroc.<\/p>\n<p>Sur Zoom : <a href=\"https:\/\/zoom.us\/j\/98971355438?pwd=aXlBcjY1QVNlK2NHdDB6SmpXRFN1dz09\">lien<\/a><\/p>\n","protected":false},"excerpt":{"rendered":"<p>Le dimanche 14 mars 2021 nous vous proposons d&rsquo;assister \u00e0 un \u00e9change autour du patrimoine oral breton et marocain entre le Cercle Celtique de Rennes et l&rsquo;association OCADD de B\u00e9ni M\u00e9llal, situ\u00e9e au c\u0153ur du Maroc. Sur Zoom : lien<\/p>\n","protected":false},"author":4,"featured_media":0,"template":"","meta":{"_tribe_events_status":"","_tribe_events_status_reason":"","footnotes":""},"tags":[],"tribe_events_cat":[],"class_list":["post-457","tribe_events","type-tribe_events","status-publish","hentry"],"_links":{"self":[{"href":"http:\/\/www.sevenadur.org\/2021\/wp-json\/wp\/v2\/tribe_events\/457","targetHints":{"allow":["GET"]}}],"collection":[{"href":"http:\/\/www.sevenadur.org\/2021\/wp-json\/wp\/v2\/tribe_events"}],"about":[{"href":"http:\/\/www.sevenadur.org\/2021\/wp-json\/wp\/v2\/types\/tribe_events"}],"author":[{"embeddable":true,"href":"http:\/\/www.sevenadur.org\/2021\/wp-json\/wp\/v2\/users\/4"}],"version-history":[{"count":3,"href":"http:\/\/www.sevenadur.org\/2021\/wp-json\/wp\/v2\/tribe_events\/457\/revisions"}],"predecessor-version":[{"id":526,"href":"http:\/\/www.sevenadur.org\/2021\/wp-json\/wp\/v2\/tribe_events\/457\/revisions\/526"}],"wp:attachment":[{"href":"http:\/\/www.sevenadur.org\/2021\/wp-json\/wp\/v2\/media?parent=457"}],"wp:term":[{"taxonomy":"post_tag","embeddable":true,"href":"http:\/\/www.sevenadur.org\/2021\/wp-json\/wp\/v2\/tags?post=457"},{"taxonomy":"tribe_events_cat","embeddable":true,"href":"http:\/\/www.sevenadur.org\/2021\/wp-json\/wp\/v2\/tribe_events_cat?post=457"}],"curies":[{"name":"wp","href":"https:\/\/api.w.org\/{rel}","templated":true}]}}

<p>Le dimanch<img loading="lazy" decoding="async" class="wp-image-458 alignleft" src="http://www.sevenadur.org/2021/wp-content/uploads/sites/8/2021/02/Visuel-OCADDmontagnes_atlas.jpg" alt="" width="330" height="132" srcset="http://www.sevenadur.org/2021/wp-content/uploads/sites/8/2021/02/Visuel-OCADDmontagnes_atlas.jpg 960w, http://www.sevenadur.org/2021/wp-content/uploads/sites/8/2021/02/Visuel-OCADDmontagnes_atlas-300x120.jpg 300w, http://www.sevenadur.org/2021/wp-content/uploads/sites/8/2021/02/Visuel-OCADDmontagnes_atlas-768x307.jpg 768w" sizes="auto, (max-width: 330px) 100vw, 330px" />e 14 mars 2021 nous vous proposons d&rsquo;assister à un échange autour du patrimoine oral breton et marocain entre le Cercle Celtique de Rennes et l&rsquo;association OCADD de Béni Méllal, située au cœur du Maroc.</p>
<p>Sur Zoom : <a href="https://zoom.us/j/98971355438?pwd=aXlBcjY1QVNlK2NHdDB6SmpXRFN1dz09">lien</a></p>

<p>Le dimanche 14 mars 2021 nous vous proposons d&rsquo;assister à un échange autour du patrimoine oral breton et marocain entre le Cercle Celtique de Rennes et l&rsquo;association OCADD de Béni Méllal, située au cœur du Maroc. Sur Zoom : lien</p>
