{"id":449,"date":"2021-02-25T16:21:08","date_gmt":"2021-02-25T15:21:08","guid":{"rendered":"http:\/\/www.sevenadur.org\/2021\/?post_type=tribe_events&#038;p=449"},"modified":"2021-03-13T17:17:06","modified_gmt":"2021-03-13T16:17:06","slug":"le-the-dans-le-monde-la-guinee","status":"publish","type":"tribe_events","link":"http:\/\/www.sevenadur.org\/2021\/evenement\/le-the-dans-le-monde-la-guinee\/","title":{"rendered":"Le th\u00e9 dans le monde : La Guin\u00e9e"},"content":{"rendered":"<p><img loading=\"lazy\" decoding=\"async\" class=\"wp-image-387 alignleft\" src=\"http:\/\/www.sevenadur.org\/2021\/wp-content\/uploads\/sites\/8\/2021\/02\/chai_indien.png\" alt=\"\" width=\"299\" height=\"199\" srcset=\"http:\/\/www.sevenadur.org\/2021\/wp-content\/uploads\/sites\/8\/2021\/02\/chai_indien.png 800w, http:\/\/www.sevenadur.org\/2021\/wp-content\/uploads\/sites\/8\/2021\/02\/chai_indien-300x200.png 300w, http:\/\/www.sevenadur.org\/2021\/wp-content\/uploads\/sites\/8\/2021\/02\/chai_indien-768x512.png 768w\" sizes=\"auto, (max-width: 299px) 100vw, 299px\" \/>CONFERENCE ANNULEE.<\/p>\n<p>Le samedi 13 mars 2021 nous vous proposons une conf\u00e9rence sur le th\u00e9 en Guin\u00e9e, son histoire, les rituels, l&rsquo;agriculture,&#8230;<\/p>\n<p>Sur Zoom : <a href=\"https:\/\/zoom.us\/j\/98473674471?pwd=NkxWMFBMMW1zcWJYOWlXemFJWGV4dz09\">lien<\/a><\/p>\n","protected":false},"excerpt":{"rendered":"<p>CONFERENCE ANNULEE. Le samedi 13 mars 2021 nous vous proposons une conf\u00e9rence sur le th\u00e9 en Guin\u00e9e, son histoire, les rituels, l&rsquo;agriculture,&#8230; Sur Zoom : lien<\/p>\n","protected":false},"author":4,"featured_media":0,"template":"","meta":{"_tribe_events_status":"","_tribe_events_status_reason":"","footnotes":""},"tags":[],"tribe_events_cat":[],"class_list":["post-449","tribe_events","type-tribe_events","status-publish","hentry"],"_links":{"self":[{"href":"http:\/\/www.sevenadur.org\/2021\/wp-json\/wp\/v2\/tribe_events\/449","targetHints":{"allow":["GET"]}}],"collection":[{"href":"http:\/\/www.sevenadur.org\/2021\/wp-json\/wp\/v2\/tribe_events"}],"about":[{"href":"http:\/\/www.sevenadur.org\/2021\/wp-json\/wp\/v2\/types\/tribe_events"}],"author":[{"embeddable":true,"href":"http:\/\/www.sevenadur.org\/2021\/wp-json\/wp\/v2\/users\/4"}],"version-history":[{"count":4,"href":"http:\/\/www.sevenadur.org\/2021\/wp-json\/wp\/v2\/tribe_events\/449\/revisions"}],"predecessor-version":[{"id":531,"href":"http:\/\/www.sevenadur.org\/2021\/wp-json\/wp\/v2\/tribe_events\/449\/revisions\/531"}],"wp:attachment":[{"href":"http:\/\/www.sevenadur.org\/2021\/wp-json\/wp\/v2\/media?parent=449"}],"wp:term":[{"taxonomy":"post_tag","embeddable":true,"href":"http:\/\/www.sevenadur.org\/2021\/wp-json\/wp\/v2\/tags?post=449"},{"taxonomy":"tribe_events_cat","embeddable":true,"href":"http:\/\/www.sevenadur.org\/2021\/wp-json\/wp\/v2\/tribe_events_cat?post=449"}],"curies":[{"name":"wp","href":"https:\/\/api.w.org\/{rel}","templated":true}]}}

Le thé dans le monde : La Guinée

<p><img loading="lazy" decoding="async" class="wp-image-387 alignleft" src="http://www.sevenadur.org/2021/wp-content/uploads/sites/8/2021/02/chai_indien.png" alt="" width="299" height="199" srcset="http://www.sevenadur.org/2021/wp-content/uploads/sites/8/2021/02/chai_indien.png 800w, http://www.sevenadur.org/2021/wp-content/uploads/sites/8/2021/02/chai_indien-300x200.png 300w, http://www.sevenadur.org/2021/wp-content/uploads/sites/8/2021/02/chai_indien-768x512.png 768w" sizes="auto, (max-width: 299px) 100vw, 299px" />CONFERENCE ANNULEE.</p>
<p>Le samedi 13 mars 2021 nous vous proposons une conférence sur le thé en Guinée, son histoire, les rituels, l&rsquo;agriculture,&#8230;</p>
<p>Sur Zoom : <a href="https://zoom.us/j/98473674471?pwd=NkxWMFBMMW1zcWJYOWlXemFJWGV4dz09">lien</a></p>

<p>CONFERENCE ANNULEE. Le samedi 13 mars 2021 nous vous proposons une conférence sur le thé en Guinée, son histoire, les rituels, l&rsquo;agriculture,&#8230; Sur Zoom : lien</p>
