{"id":44,"date":"2021-01-17T17:12:10","date_gmt":"2021-01-17T16:12:10","guid":{"rendered":"http:\/\/www.sevenadur.org\/2021\/?post_type=tribe_events&#038;p=44"},"modified":"2021-02-22T15:19:33","modified_gmt":"2021-02-22T14:19:33","slug":"spectacle-de-danse-signe","status":"publish","type":"tribe_events","link":"http:\/\/www.sevenadur.org\/2021\/evenement\/spectacle-de-danse-signe\/","title":{"rendered":"Les passantes"},"content":{"rendered":"<p>Spectacle de danse signe.<\/p>\n<p class=\"_04xlpA direction-ltr align-justify para-style-body\"><span class=\"JsGRdQ\">Lola Volson et Morgan Loy vous pr\u00e9sentent une parenth\u00e8se dans\u00e9e m\u00ealant langue des signes, danse contemporaine et chanson fran\u00e7aise de la fin du 20\u00e8me si\u00e8cle.<\/span><\/p>\n<p class=\"_04xlpA direction-ltr align-justify para-style-body\"><span class=\"JsGRdQ\">Apr\u00e8s une formation en<\/span> <span class=\"JsGRdQ\">danse contemporaine au conservatoire de Rennes. Elles cr\u00e9ent la compagnie Mi-Figue en mars 2020.<\/span><\/p>\n<p><strong>Le spectacle sera disponible sur Youtube du samedi 6 mars 2021 au mardi 6 avril 2021.<\/strong><\/p>\n<div id=\"attachment_82\" style=\"width: 650px\" class=\"wp-caption alignnone\"><img loading=\"lazy\" decoding=\"async\" aria-describedby=\"caption-attachment-82\" class=\"size-large wp-image-82\" src=\"http:\/\/www.sevenadur.org\/2021\/wp-content\/uploads\/sites\/8\/2021\/01\/received_1992218767576787-1024x575.jpeg\" alt=\"\" width=\"640\" height=\"359\" srcset=\"http:\/\/www.sevenadur.org\/2021\/wp-content\/uploads\/sites\/8\/2021\/01\/received_1992218767576787-1024x575.jpeg 1024w, http:\/\/www.sevenadur.org\/2021\/wp-content\/uploads\/sites\/8\/2021\/01\/received_1992218767576787-300x168.jpeg 300w, http:\/\/www.sevenadur.org\/2021\/wp-content\/uploads\/sites\/8\/2021\/01\/received_1992218767576787-768x431.jpeg 768w, http:\/\/www.sevenadur.org\/2021\/wp-content\/uploads\/sites\/8\/2021\/01\/received_1992218767576787-1536x862.jpeg 1536w, http:\/\/www.sevenadur.org\/2021\/wp-content\/uploads\/sites\/8\/2021\/01\/received_1992218767576787.jpeg 1920w\" sizes=\"auto, (max-width: 640px) 100vw, 640px\" \/><p id=\"caption-attachment-82\" class=\"wp-caption-text\">Cie Mi-Figue<\/p><\/div>\n","protected":false},"excerpt":{"rendered":"<p>Spectacle de danse signe. Lola Volson et Morgan Loy vous pr\u00e9sentent une parenth\u00e8se dans\u00e9e m\u00ealant langue des signes, danse contemporaine et chanson fran\u00e7aise de la fin du 20\u00e8me si\u00e8cle. Apr\u00e8s une formation en danse contemporaine au conservatoire de Rennes. Elles &hellip; <a href=\"http:\/\/www.sevenadur.org\/2021\/evenement\/spectacle-de-danse-signe\/\">Continuer la lecture <span class=\"meta-nav\">&rarr;<\/span><\/a><\/p>\n","protected":false},"author":1,"featured_media":0,"template":"","meta":{"_tribe_events_status":"","_tribe_events_status_reason":"","footnotes":""},"tags":[],"tribe_events_cat":[8],"class_list":["post-44","tribe_events","type-tribe_events","status-publish","hentry","tribe_events_cat-les-langues","cat_les-langues"],"_links":{"self":[{"href":"http:\/\/www.sevenadur.org\/2021\/wp-json\/wp\/v2\/tribe_events\/44","targetHints":{"allow":["GET"]}}],"collection":[{"href":"http:\/\/www.sevenadur.org\/2021\/wp-json\/wp\/v2\/tribe_events"}],"about":[{"href":"http:\/\/www.sevenadur.org\/2021\/wp-json\/wp\/v2\/types\/tribe_events"}],"author":[{"embeddable":true,"href":"http:\/\/www.sevenadur.org\/2021\/wp-json\/wp\/v2\/users\/1"}],"version-history":[{"count":5,"href":"http:\/\/www.sevenadur.org\/2021\/wp-json\/wp\/v2\/tribe_events\/44\/revisions"}],"predecessor-version":[{"id":422,"href":"http:\/\/www.sevenadur.org\/2021\/wp-json\/wp\/v2\/tribe_events\/44\/revisions\/422"}],"wp:attachment":[{"href":"http:\/\/www.sevenadur.org\/2021\/wp-json\/wp\/v2\/media?parent=44"}],"wp:term":[{"taxonomy":"post_tag","embeddable":true,"href":"http:\/\/www.sevenadur.org\/2021\/wp-json\/wp\/v2\/tags?post=44"},{"taxonomy":"tribe_events_cat","embeddable":true,"href":"http:\/\/www.sevenadur.org\/2021\/wp-json\/wp\/v2\/tribe_events_cat?post=44"}],"curies":[{"name":"wp","href":"https:\/\/api.w.org\/{rel}","templated":true}]}}

<p>Spectacle de danse signe.</p>
<p class="_04xlpA direction-ltr align-justify para-style-body"><span class="JsGRdQ">Lola Volson et Morgan Loy vous présentent une parenthèse dansée mêlant langue des signes, danse contemporaine et chanson française de la fin du 20ème siècle.</span></p>
<p class="_04xlpA direction-ltr align-justify para-style-body"><span class="JsGRdQ">Après une formation en</span> <span class="JsGRdQ">danse contemporaine au conservatoire de Rennes. Elles créent la compagnie Mi-Figue en mars 2020.</span></p>
<p><strong>Le spectacle sera disponible sur Youtube du samedi 6 mars 2021 au mardi 6 avril 2021.</strong></p>
<div id="attachment_82" style="width: 650px" class="wp-caption alignnone"><img loading="lazy" decoding="async" aria-describedby="caption-attachment-82" class="size-large wp-image-82" src="http://www.sevenadur.org/2021/wp-content/uploads/sites/8/2021/01/received_1992218767576787-1024x575.jpeg" alt="" width="640" height="359" srcset="http://www.sevenadur.org/2021/wp-content/uploads/sites/8/2021/01/received_1992218767576787-1024x575.jpeg 1024w, http://www.sevenadur.org/2021/wp-content/uploads/sites/8/2021/01/received_1992218767576787-300x168.jpeg 300w, http://www.sevenadur.org/2021/wp-content/uploads/sites/8/2021/01/received_1992218767576787-768x431.jpeg 768w, http://www.sevenadur.org/2021/wp-content/uploads/sites/8/2021/01/received_1992218767576787-1536x862.jpeg 1536w, http://www.sevenadur.org/2021/wp-content/uploads/sites/8/2021/01/received_1992218767576787.jpeg 1920w" sizes="auto, (max-width: 640px) 100vw, 640px" /><p id="caption-attachment-82" class="wp-caption-text">Cie Mi-Figue</p></div>

<p>Spectacle de danse signe. Lola Volson et Morgan Loy vous présentent une parenthèse dansée mêlant langue des signes, danse contemporaine et chanson française de la fin du 20ème siècle. Après une formation en danse contemporaine au conservatoire de Rennes. Elles &hellip; <a href="http://www.sevenadur.org/2021/evenement/spectacle-de-danse-signe/">Continuer la lecture <span class="meta-nav">&rarr;</span></a></p>
