{"id":403,"date":"2021-02-15T12:22:09","date_gmt":"2021-02-15T11:22:09","guid":{"rendered":"http:\/\/www.sevenadur.org\/2021\/?post_type=tribe_events&#038;p=403"},"modified":"2021-03-04T18:42:33","modified_gmt":"2021-03-04T17:42:33","slug":"conference-autour-de-la-langue-normande","status":"publish","type":"tribe_events","link":"http:\/\/www.sevenadur.org\/2021\/evenement\/conference-autour-de-la-langue-normande\/","title":{"rendered":"Rencontre langue gall\u00e8se, langue normande"},"content":{"rendered":"<div id=\"attachment_404\" style=\"width: 339px\" class=\"wp-caption alignleft\"><img loading=\"lazy\" decoding=\"async\" aria-describedby=\"caption-attachment-404\" class=\"wp-image-404\" src=\"http:\/\/www.sevenadur.org\/2021\/wp-content\/uploads\/sites\/8\/2021\/02\/Visuel-conf-normands-1024x724.jpg\" alt=\"\" width=\"329\" height=\"233\" srcset=\"http:\/\/www.sevenadur.org\/2021\/wp-content\/uploads\/sites\/8\/2021\/02\/Visuel-conf-normands-1024x724.jpg 1024w, http:\/\/www.sevenadur.org\/2021\/wp-content\/uploads\/sites\/8\/2021\/02\/Visuel-conf-normands-300x212.jpg 300w, http:\/\/www.sevenadur.org\/2021\/wp-content\/uploads\/sites\/8\/2021\/02\/Visuel-conf-normands-768x543.jpg 768w, http:\/\/www.sevenadur.org\/2021\/wp-content\/uploads\/sites\/8\/2021\/02\/Visuel-conf-normands-1536x1087.jpg 1536w, http:\/\/www.sevenadur.org\/2021\/wp-content\/uploads\/sites\/8\/2021\/02\/Visuel-conf-normands-2048x1449.jpg 2048w\" sizes=\"auto, (max-width: 329px) 100vw, 329px\" \/><p id=\"caption-attachment-404\" class=\"wp-caption-text\">Fiche de vocabulaire sur les jeux de comptoir.<\/p><\/div>\n<p>Nous vous proposons de venir d\u00e9couvrir et faire un petit \u00e9tat des lieux de la langue normande lors d\u2019une conf\u00e9rence sur zoom le jeudi 11 mars \u00e0 20h.<\/p>\n<p>Pour certains, le normand est parl\u00e9 par 20 000 locuteurs, pour d\u2019autres 100 000 ? La Normandie est un territoire relativement vaste avec un substrat liguistique commun mais des variantes que chacun souhaite conserver : Caux, Cotentin\/Bessin, Seine Val de Risle, Orne, Jersey et Guernesey.<\/p>\n<p>Malgr\u00e9 une litt\u00e9rature abondante, avec une graphie normalis\u00e9e assez partag\u00e9e, des dictionnaires et une grammaire, la survie de la langue normande est pass\u00e9e souvent essentiellement par des enregistrements de Cd et des publications dans les hebdomadaires (Courriers cauchois, Presse de la manche, Eveil de Pont-Audemer\u2026) ainsi que par des actions dispers\u00e9es de diverses associations.<\/p>\n<p>En 2016 la FALE fait \u00e9tat de la diminution de la transmission de la langue dans le cercle familiale et \u00e0 l\u2019\u00e9cole. Elle alerte donc le Conseil R\u00e9gional de la r\u00e9gion dont le pr\u00e9sident a \u00e9t\u00e9 \u00e9lev\u00e9 avec la langue normande ! La FALE a remis un rapport pr\u00e9cis qui a pouss\u00e9 le pr\u00e9sident de r\u00e9gion \u00e0 \u201csauver la langue\u201d avec d\u00e9termination via une convention sign\u00e9e en 2018 pour trois ans et renouvelable.<\/p>\n<p>La FALE : f\u00e9d\u00e9ration de 17 associations pratiquant la langue normande (dont la tr\u00e8s dynamique f\u00e9d\u00e9ration des sports et jeux normands 8 associations et 6 clubs de choule).<\/p>\n<p>Sur Zoom : <a href=\"https:\/\/zoom.us\/j\/95608914157?pwd=TlZHdzRyNlBtUHFWYWpCb3dCNUpiZz09\">lien<\/a><\/p>\n","protected":false},"excerpt":{"rendered":"<p>Nous vous proposons de venir d\u00e9couvrir et faire un petit \u00e9tat des lieux de la langue normande lors d\u2019une conf\u00e9rence sur zoom le jeudi 11 mars \u00e0 20h. Pour certains, le normand est parl\u00e9 par 20 000 locuteurs, pour d\u2019autres &hellip; <a href=\"http:\/\/www.sevenadur.org\/2021\/evenement\/conference-autour-de-la-langue-normande\/\">Continuer la lecture <span class=\"meta-nav\">&rarr;<\/span><\/a><\/p>\n","protected":false},"author":4,"featured_media":0,"template":"","meta":{"_tribe_events_status":"","_tribe_events_status_reason":"","footnotes":""},"tags":[],"tribe_events_cat":[],"class_list":["post-403","tribe_events","type-tribe_events","status-publish","hentry"],"_links":{"self":[{"href":"http:\/\/www.sevenadur.org\/2021\/wp-json\/wp\/v2\/tribe_events\/403","targetHints":{"allow":["GET"]}}],"collection":[{"href":"http:\/\/www.sevenadur.org\/2021\/wp-json\/wp\/v2\/tribe_events"}],"about":[{"href":"http:\/\/www.sevenadur.org\/2021\/wp-json\/wp\/v2\/types\/tribe_events"}],"author":[{"embeddable":true,"href":"http:\/\/www.sevenadur.org\/2021\/wp-json\/wp\/v2\/users\/4"}],"version-history":[{"count":6,"href":"http:\/\/www.sevenadur.org\/2021\/wp-json\/wp\/v2\/tribe_events\/403\/revisions"}],"predecessor-version":[{"id":519,"href":"http:\/\/www.sevenadur.org\/2021\/wp-json\/wp\/v2\/tribe_events\/403\/revisions\/519"}],"wp:attachment":[{"href":"http:\/\/www.sevenadur.org\/2021\/wp-json\/wp\/v2\/media?parent=403"}],"wp:term":[{"taxonomy":"post_tag","embeddable":true,"href":"http:\/\/www.sevenadur.org\/2021\/wp-json\/wp\/v2\/tags?post=403"},{"taxonomy":"tribe_events_cat","embeddable":true,"href":"http:\/\/www.sevenadur.org\/2021\/wp-json\/wp\/v2\/tribe_events_cat?post=403"}],"curies":[{"name":"wp","href":"https:\/\/api.w.org\/{rel}","templated":true}]}}

Rencontre langue gallèse, langue normande

<div id="attachment_404" style="width: 339px" class="wp-caption alignleft"><img loading="lazy" decoding="async" aria-describedby="caption-attachment-404" class="wp-image-404" src="http://www.sevenadur.org/2021/wp-content/uploads/sites/8/2021/02/Visuel-conf-normands-1024x724.jpg" alt="" width="329" height="233" srcset="http://www.sevenadur.org/2021/wp-content/uploads/sites/8/2021/02/Visuel-conf-normands-1024x724.jpg 1024w, http://www.sevenadur.org/2021/wp-content/uploads/sites/8/2021/02/Visuel-conf-normands-300x212.jpg 300w, http://www.sevenadur.org/2021/wp-content/uploads/sites/8/2021/02/Visuel-conf-normands-768x543.jpg 768w, http://www.sevenadur.org/2021/wp-content/uploads/sites/8/2021/02/Visuel-conf-normands-1536x1087.jpg 1536w, http://www.sevenadur.org/2021/wp-content/uploads/sites/8/2021/02/Visuel-conf-normands-2048x1449.jpg 2048w" sizes="auto, (max-width: 329px) 100vw, 329px" /><p id="caption-attachment-404" class="wp-caption-text">Fiche de vocabulaire sur les jeux de comptoir.</p></div>
<p>Nous vous proposons de venir découvrir et faire un petit état des lieux de la langue normande lors d’une conférence sur zoom le jeudi 11 mars à 20h.</p>
<p>Pour certains, le normand est parlé par 20 000 locuteurs, pour d’autres 100 000 ? La Normandie est un territoire relativement vaste avec un substrat liguistique commun mais des variantes que chacun souhaite conserver : Caux, Cotentin/Bessin, Seine Val de Risle, Orne, Jersey et Guernesey.</p>
<p>Malgré une littérature abondante, avec une graphie normalisée assez partagée, des dictionnaires et une grammaire, la survie de la langue normande est passée souvent essentiellement par des enregistrements de Cd et des publications dans les hebdomadaires (Courriers cauchois, Presse de la manche, Eveil de Pont-Audemer…) ainsi que par des actions dispersées de diverses associations.</p>
<p>En 2016 la FALE fait état de la diminution de la transmission de la langue dans le cercle familiale et à l’école. Elle alerte donc le Conseil Régional de la région dont le président a été élevé avec la langue normande ! La FALE a remis un rapport précis qui a poussé le président de région à “sauver la langue” avec détermination via une convention signée en 2018 pour trois ans et renouvelable.</p>
<p>La FALE : fédération de 17 associations pratiquant la langue normande (dont la très dynamique fédération des sports et jeux normands 8 associations et 6 clubs de choule).</p>
<p>Sur Zoom : <a href="https://zoom.us/j/95608914157?pwd=TlZHdzRyNlBtUHFWYWpCb3dCNUpiZz09">lien</a></p>

<p>Nous vous proposons de venir découvrir et faire un petit état des lieux de la langue normande lors d’une conférence sur zoom le jeudi 11 mars à 20h. Pour certains, le normand est parlé par 20 000 locuteurs, pour d’autres &hellip; <a href="http://www.sevenadur.org/2021/evenement/conference-autour-de-la-langue-normande/">Continuer la lecture <span class="meta-nav">&rarr;</span></a></p>
