{"id":313,"date":"2021-02-08T14:08:13","date_gmt":"2021-02-08T13:08:13","guid":{"rendered":"http:\/\/www.sevenadur.org\/2021\/?post_type=tribe_events&#038;p=313"},"modified":"2021-02-08T14:08:13","modified_gmt":"2021-02-08T13:08:13","slug":"exposition-autour-darcimboldo","status":"publish","type":"tribe_events","link":"http:\/\/www.sevenadur.org\/2021\/evenement\/exposition-autour-darcimboldo\/","title":{"rendered":"Exposition autour d&rsquo;Arcimboldo"},"content":{"rendered":"<div id=\"attachment_314\" style=\"width: 300px\" class=\"wp-caption alignleft\"><img loading=\"lazy\" decoding=\"async\" aria-describedby=\"caption-attachment-314\" class=\"wp-image-314\" src=\"http:\/\/www.sevenadur.org\/2021\/wp-content\/uploads\/sites\/8\/2021\/02\/arcimboldo-vertumnus-1024x767.jpg\" alt=\"\" width=\"290\" height=\"217\" srcset=\"http:\/\/www.sevenadur.org\/2021\/wp-content\/uploads\/sites\/8\/2021\/02\/arcimboldo-vertumnus-1024x767.jpg 1024w, http:\/\/www.sevenadur.org\/2021\/wp-content\/uploads\/sites\/8\/2021\/02\/arcimboldo-vertumnus-300x225.jpg 300w, http:\/\/www.sevenadur.org\/2021\/wp-content\/uploads\/sites\/8\/2021\/02\/arcimboldo-vertumnus-768x575.jpg 768w, http:\/\/www.sevenadur.org\/2021\/wp-content\/uploads\/sites\/8\/2021\/02\/arcimboldo-vertumnus.jpg 1120w\" sizes=\"auto, (max-width: 290px) 100vw, 290px\" \/><p id=\"caption-attachment-314\" class=\"wp-caption-text\"><em>Vertumnus<\/em>, Portrait de l&#8217;empereur Rudolphe II par Arcimboldo<\/p><\/div>\n<p>Exposition des travaux des \u00e9l\u00e8ves des classes bilingues de l&rsquo;\u00e9cole St Michel \u00e0 Rennes.<\/p>\n<p>Les \u00e9l\u00e8ves ont travaill\u00e9 autour du travaille d&rsquo;Arcimboldo peintre italien dont l\u2019\u0153uvre est caract\u00e9ris\u00e9 par ses portraits r\u00e9alis\u00e9s avec des fruits, des l\u00e9gumes et divers objets.<\/p>\n<p>&nbsp;<\/p>\n<p>Cette expositions sera diffus\u00e9e sur les r\u00e9seaux sociaux de Sevenadur.<\/p>\n","protected":false},"excerpt":{"rendered":"<p>Exposition des travaux des \u00e9l\u00e8ves des classes bilingues de l&rsquo;\u00e9cole St Michel \u00e0 Rennes. Les \u00e9l\u00e8ves ont travaill\u00e9 autour du travaille d&rsquo;Arcimboldo peintre italien dont l\u2019\u0153uvre est caract\u00e9ris\u00e9 par ses portraits r\u00e9alis\u00e9s avec des fruits, des l\u00e9gumes et divers objets. &hellip; <a href=\"http:\/\/www.sevenadur.org\/2021\/evenement\/exposition-autour-darcimboldo\/\">Continuer la lecture <span class=\"meta-nav\">&rarr;<\/span><\/a><\/p>\n","protected":false},"author":4,"featured_media":0,"template":"","meta":{"_tribe_events_status":"","_tribe_events_status_reason":"","footnotes":""},"tags":[],"tribe_events_cat":[],"class_list":["post-313","tribe_events","type-tribe_events","status-publish","hentry"],"_links":{"self":[{"href":"http:\/\/www.sevenadur.org\/2021\/wp-json\/wp\/v2\/tribe_events\/313","targetHints":{"allow":["GET"]}}],"collection":[{"href":"http:\/\/www.sevenadur.org\/2021\/wp-json\/wp\/v2\/tribe_events"}],"about":[{"href":"http:\/\/www.sevenadur.org\/2021\/wp-json\/wp\/v2\/types\/tribe_events"}],"author":[{"embeddable":true,"href":"http:\/\/www.sevenadur.org\/2021\/wp-json\/wp\/v2\/users\/4"}],"version-history":[{"count":2,"href":"http:\/\/www.sevenadur.org\/2021\/wp-json\/wp\/v2\/tribe_events\/313\/revisions"}],"predecessor-version":[{"id":317,"href":"http:\/\/www.sevenadur.org\/2021\/wp-json\/wp\/v2\/tribe_events\/313\/revisions\/317"}],"wp:attachment":[{"href":"http:\/\/www.sevenadur.org\/2021\/wp-json\/wp\/v2\/media?parent=313"}],"wp:term":[{"taxonomy":"post_tag","embeddable":true,"href":"http:\/\/www.sevenadur.org\/2021\/wp-json\/wp\/v2\/tags?post=313"},{"taxonomy":"tribe_events_cat","embeddable":true,"href":"http:\/\/www.sevenadur.org\/2021\/wp-json\/wp\/v2\/tribe_events_cat?post=313"}],"curies":[{"name":"wp","href":"https:\/\/api.w.org\/{rel}","templated":true}]}}

<div id="attachment_314" style="width: 300px" class="wp-caption alignleft"><img loading="lazy" decoding="async" aria-describedby="caption-attachment-314" class="wp-image-314" src="http://www.sevenadur.org/2021/wp-content/uploads/sites/8/2021/02/arcimboldo-vertumnus-1024x767.jpg" alt="" width="290" height="217" srcset="http://www.sevenadur.org/2021/wp-content/uploads/sites/8/2021/02/arcimboldo-vertumnus-1024x767.jpg 1024w, http://www.sevenadur.org/2021/wp-content/uploads/sites/8/2021/02/arcimboldo-vertumnus-300x225.jpg 300w, http://www.sevenadur.org/2021/wp-content/uploads/sites/8/2021/02/arcimboldo-vertumnus-768x575.jpg 768w, http://www.sevenadur.org/2021/wp-content/uploads/sites/8/2021/02/arcimboldo-vertumnus.jpg 1120w" sizes="auto, (max-width: 290px) 100vw, 290px" /><p id="caption-attachment-314" class="wp-caption-text"><em>Vertumnus</em>, Portrait de l&#8217;empereur Rudolphe II par Arcimboldo</p></div>
<p>Exposition des travaux des élèves des classes bilingues de l&rsquo;école St Michel à Rennes.</p>
<p>Les élèves ont travaillé autour du travaille d&rsquo;Arcimboldo peintre italien dont l’œuvre est caractérisé par ses portraits réalisés avec des fruits, des légumes et divers objets.</p>
<p>&nbsp;</p>
<p>Cette expositions sera diffusée sur les réseaux sociaux de Sevenadur.</p>

<p>Exposition des travaux des élèves des classes bilingues de l&rsquo;école St Michel à Rennes. Les élèves ont travaillé autour du travaille d&rsquo;Arcimboldo peintre italien dont l’œuvre est caractérisé par ses portraits réalisés avec des fruits, des légumes et divers objets. &hellip; <a href="http://www.sevenadur.org/2021/evenement/exposition-autour-darcimboldo/">Continuer la lecture <span class="meta-nav">&rarr;</span></a></p>
