{"id":303,"date":"2021-02-08T12:18:11","date_gmt":"2021-02-08T11:18:11","guid":{"rendered":"http:\/\/www.sevenadur.org\/2021\/?post_type=tribe_events&#038;p=303"},"modified":"2021-02-10T14:12:25","modified_gmt":"2021-02-10T13:12:25","slug":"musique-et-danse-en-bretagne","status":"publish","type":"tribe_events","link":"http:\/\/www.sevenadur.org\/2021\/evenement\/musique-et-danse-en-bretagne\/","title":{"rendered":"Musique et danse en Bretagne"},"content":{"rendered":"<div id=\"attachment_304\" style=\"width: 201px\" class=\"wp-caption alignleft\"><img loading=\"lazy\" decoding=\"async\" aria-describedby=\"caption-attachment-304\" class=\"wp-image-304\" src=\"http:\/\/www.sevenadur.org\/2021\/wp-content\/uploads\/sites\/8\/2021\/02\/MUSICIENS-SEVENADUR-72-31-692x1024.jpg\" alt=\"\" width=\"191\" height=\"282\" srcset=\"http:\/\/www.sevenadur.org\/2021\/wp-content\/uploads\/sites\/8\/2021\/02\/MUSICIENS-SEVENADUR-72-31-692x1024.jpg 692w, http:\/\/www.sevenadur.org\/2021\/wp-content\/uploads\/sites\/8\/2021\/02\/MUSICIENS-SEVENADUR-72-31-203x300.jpg 203w, http:\/\/www.sevenadur.org\/2021\/wp-content\/uploads\/sites\/8\/2021\/02\/MUSICIENS-SEVENADUR-72-31-768x1137.jpg 768w, http:\/\/www.sevenadur.org\/2021\/wp-content\/uploads\/sites\/8\/2021\/02\/MUSICIENS-SEVENADUR-72-31-1038x1536.jpg 1038w, http:\/\/www.sevenadur.org\/2021\/wp-content\/uploads\/sites\/8\/2021\/02\/MUSICIENS-SEVENADUR-72-31-1383x2048.jpg 1383w, http:\/\/www.sevenadur.org\/2021\/wp-content\/uploads\/sites\/8\/2021\/02\/MUSICIENS-SEVENADUR-72-31-scaled.jpg 1729w\" sizes=\"auto, (max-width: 191px) 100vw, 191px\" \/><p id=\"caption-attachment-304\" class=\"wp-caption-text\">Rennes, universit\u00e9 de Rennes 2, avril 2001. Apr\u00e8s une s\u00e9rie de conf\u00e9rences sur la Bretagne, place \u00e0 la danse<\/p><\/div>\n<p align=\"justify\">La Bretagne qui chante et qui danse&#8230;<\/p>\n<p align=\"justify\">Ce n&rsquo;est pas un clich\u00e9 et nous avons la chance d&rsquo;avoir des artistes talentueux qui nous font partager leur passion et nous enchantent.<\/p>\n<p align=\"justify\">Comme photographe, je fais mienne la maxime de Cartier-Bresson : \u00a0\u00bb Nous sommes des voleurs, mais c&rsquo;est pour donner\u00a0\u00bb.<\/p>\n<p align=\"justify\">Dans le cadre des rencontres interculturelles Sevenadur coordonn\u00e9es par le Cercle Celtique de Rennes, je partage avec vous et avec plaisir quelque uns de mes coups de c\u0153ur. Bonne promenade musicale en compagnie de tous ces artistes que nous aimons et que nous esp\u00e9rons revoir bient\u00f4t \u00ab\u00a0en vrai\u00a0\u00bb.<\/p>\n<p align=\"justify\">Si vous souhaitez contacter l&rsquo;auteur, merci d&rsquo;envoyer un message \u00e0 <a href=\"mailto:sevenadur.roazhon@gmail.com\">sevenadur.roazhon@gmail.com<\/a><\/p>\n<p>Instants photographi\u00e9s par Jean-Maurice Colombel.<\/p>\n","protected":false},"excerpt":{"rendered":"<p>La Bretagne qui chante et qui danse&#8230; Ce n&rsquo;est pas un clich\u00e9 et nous avons la chance d&rsquo;avoir des artistes talentueux qui nous font partager leur passion et nous enchantent. Comme photographe, je fais mienne la maxime de Cartier-Bresson : &hellip; <a href=\"http:\/\/www.sevenadur.org\/2021\/evenement\/musique-et-danse-en-bretagne\/\">Continuer la lecture <span class=\"meta-nav\">&rarr;<\/span><\/a><\/p>\n","protected":false},"author":4,"featured_media":0,"template":"","meta":{"_tribe_events_status":"","_tribe_events_status_reason":"","footnotes":""},"tags":[],"tribe_events_cat":[12],"class_list":["post-303","tribe_events","type-tribe_events","status-publish","hentry","tribe_events_cat-expositions","cat_expositions"],"_links":{"self":[{"href":"http:\/\/www.sevenadur.org\/2021\/wp-json\/wp\/v2\/tribe_events\/303","targetHints":{"allow":["GET"]}}],"collection":[{"href":"http:\/\/www.sevenadur.org\/2021\/wp-json\/wp\/v2\/tribe_events"}],"about":[{"href":"http:\/\/www.sevenadur.org\/2021\/wp-json\/wp\/v2\/types\/tribe_events"}],"author":[{"embeddable":true,"href":"http:\/\/www.sevenadur.org\/2021\/wp-json\/wp\/v2\/users\/4"}],"version-history":[{"count":4,"href":"http:\/\/www.sevenadur.org\/2021\/wp-json\/wp\/v2\/tribe_events\/303\/revisions"}],"predecessor-version":[{"id":331,"href":"http:\/\/www.sevenadur.org\/2021\/wp-json\/wp\/v2\/tribe_events\/303\/revisions\/331"}],"wp:attachment":[{"href":"http:\/\/www.sevenadur.org\/2021\/wp-json\/wp\/v2\/media?parent=303"}],"wp:term":[{"taxonomy":"post_tag","embeddable":true,"href":"http:\/\/www.sevenadur.org\/2021\/wp-json\/wp\/v2\/tags?post=303"},{"taxonomy":"tribe_events_cat","embeddable":true,"href":"http:\/\/www.sevenadur.org\/2021\/wp-json\/wp\/v2\/tribe_events_cat?post=303"}],"curies":[{"name":"wp","href":"https:\/\/api.w.org\/{rel}","templated":true}]}}

<div id="attachment_304" style="width: 201px" class="wp-caption alignleft"><img loading="lazy" decoding="async" aria-describedby="caption-attachment-304" class="wp-image-304" src="http://www.sevenadur.org/2021/wp-content/uploads/sites/8/2021/02/MUSICIENS-SEVENADUR-72-31-692x1024.jpg" alt="" width="191" height="282" srcset="http://www.sevenadur.org/2021/wp-content/uploads/sites/8/2021/02/MUSICIENS-SEVENADUR-72-31-692x1024.jpg 692w, http://www.sevenadur.org/2021/wp-content/uploads/sites/8/2021/02/MUSICIENS-SEVENADUR-72-31-203x300.jpg 203w, http://www.sevenadur.org/2021/wp-content/uploads/sites/8/2021/02/MUSICIENS-SEVENADUR-72-31-768x1137.jpg 768w, http://www.sevenadur.org/2021/wp-content/uploads/sites/8/2021/02/MUSICIENS-SEVENADUR-72-31-1038x1536.jpg 1038w, http://www.sevenadur.org/2021/wp-content/uploads/sites/8/2021/02/MUSICIENS-SEVENADUR-72-31-1383x2048.jpg 1383w, http://www.sevenadur.org/2021/wp-content/uploads/sites/8/2021/02/MUSICIENS-SEVENADUR-72-31-scaled.jpg 1729w" sizes="auto, (max-width: 191px) 100vw, 191px" /><p id="caption-attachment-304" class="wp-caption-text">Rennes, université de Rennes 2, avril 2001. Après une série de conférences sur la Bretagne, place à la danse</p></div>
<p align="justify">La Bretagne qui chante et qui danse&#8230;</p>
<p align="justify">Ce n&rsquo;est pas un cliché et nous avons la chance d&rsquo;avoir des artistes talentueux qui nous font partager leur passion et nous enchantent.</p>
<p align="justify">Comme photographe, je fais mienne la maxime de Cartier-Bresson :  » Nous sommes des voleurs, mais c&rsquo;est pour donner ».</p>
<p align="justify">Dans le cadre des rencontres interculturelles Sevenadur coordonnées par le Cercle Celtique de Rennes, je partage avec vous et avec plaisir quelque uns de mes coups de cœur. Bonne promenade musicale en compagnie de tous ces artistes que nous aimons et que nous espérons revoir bientôt « en vrai ».</p>
<p align="justify">Si vous souhaitez contacter l&rsquo;auteur, merci d&rsquo;envoyer un message à <a href="mailto:sevenadur.roazhon@gmail.com">sevenadur.roazhon@gmail.com</a></p>
<p>Instants photographiés par Jean-Maurice Colombel.</p>

<p>La Bretagne qui chante et qui danse&#8230; Ce n&rsquo;est pas un cliché et nous avons la chance d&rsquo;avoir des artistes talentueux qui nous font partager leur passion et nous enchantent. Comme photographe, je fais mienne la maxime de Cartier-Bresson : &hellip; <a href="http://www.sevenadur.org/2021/evenement/musique-et-danse-en-bretagne/">Continuer la lecture <span class="meta-nav">&rarr;</span></a></p>
