{"id":296,"date":"2021-02-08T12:10:38","date_gmt":"2021-02-08T11:10:38","guid":{"rendered":"http:\/\/www.sevenadur.org\/2021\/?post_type=tribe_events&#038;p=296"},"modified":"2021-02-24T10:54:37","modified_gmt":"2021-02-24T09:54:37","slug":"les-pardons-en-bretagne","status":"publish","type":"tribe_events","link":"http:\/\/www.sevenadur.org\/2021\/evenement\/les-pardons-en-bretagne\/","title":{"rendered":"Les Pardons en Bretagne"},"content":{"rendered":"<div id=\"attachment_297\" style=\"width: 339px\" class=\"wp-caption alignleft\"><img loading=\"lazy\" decoding=\"async\" aria-describedby=\"caption-attachment-297\" class=\"wp-image-297\" src=\"http:\/\/www.sevenadur.org\/2021\/wp-content\/uploads\/sites\/8\/2021\/02\/Premi\u00e8re-s\u00e9lection-Sevenadur-78.jpg\" alt=\"\" width=\"329\" height=\"226\" srcset=\"http:\/\/www.sevenadur.org\/2021\/wp-content\/uploads\/sites\/8\/2021\/02\/Premi\u00e8re-s\u00e9lection-Sevenadur-78.jpg 800w, http:\/\/www.sevenadur.org\/2021\/wp-content\/uploads\/sites\/8\/2021\/02\/Premi\u00e8re-s\u00e9lection-Sevenadur-78-300x206.jpg 300w, http:\/\/www.sevenadur.org\/2021\/wp-content\/uploads\/sites\/8\/2021\/02\/Premi\u00e8re-s\u00e9lection-Sevenadur-78-768x527.jpg 768w\" sizes=\"auto, (max-width: 329px) 100vw, 329px\" \/><p id=\"caption-attachment-297\" class=\"wp-caption-text\">Petite trom\u00e9nie de Locronan, juillet 2003. Le retour \u00e0 l\u2019\u00e9glise pour un dernier temps de louanges.<\/p><\/div>\n<p>D\u00e9couvrez notre exposition sur les Pardons en Bretagne.<\/p>\n<p>&nbsp;<\/p>\n<p>Les pardons et trom\u00e9nies viennent d&rsquo;\u00eatre inscrits \u00e0 <strong>l&rsquo;Inventaire national du Patrimoine Culturel Immat\u00e9riel<\/strong> par les services de la Direction des Patrimoines du minist\u00e8re de la Culture. Le recensement actuel coordonn\u00e9 par Bretagne Culture Diversit\u00e9 a permis d&rsquo;enregistrer un peu plus de mille trois cents pardons encore en activit\u00e9, et la liste n&rsquo;est pas close.<\/p>\n<p>Jean-Michel Guilcher d\u00e9finit le Pardon comme \u00e9tant une <em>\u00ab\u00a0f\u00eate qui se tient \u00e0 date fixe en un lieu consacr\u00e9 pour honorer et prier le saint patron du lieu\u00a0\u00bb<\/em> et<em> \u00ab\u00a0l&rsquo;un des fondements de la vie religieuse et sociale des Bretons\u00a0\u00bb<\/em>. T\u00e9moignage de foi, du folklore, tradition&#8230; chacun y trouvera ce qu&rsquo;il vient y chercher.<\/p>\n<p>Un dicton dit <em>\u00ab\u00a0celui qui ne fait pas sa trom\u00e9nie de son vivant devra la faire apr\u00e8s sa mort en avan\u00e7ant chaque jour de la longueur de son cercueil\u00a0\u00bb<\/em>. La grande Trom\u00e9nie de Locronan fait 12 kilom\u00e8tre&#8230;<\/p>\n<p>Dans le cadre des rencontres interculturelles Sevenadur coordonn\u00e9es par le Cercle Celtique de Rennes, Jean Maurice Colombel, photographe par passion, vous emm\u00e8ne au coeur de quelques uns des pardons bretons.<\/p>\n<p>Si vous souhaitez contacter l&rsquo;auteur, merci d&rsquo;envoyer un message \u00e0 <a href=\"mailto:sevenadur.roazhon@gmail.com\">sevenadur.roazhon@gmail.com<\/a><\/p>\n<p>&nbsp;<\/p>\n<p>Cette exposition sera diffus\u00e9e sur les r\u00e9seaux sociaux de Sevenadur.<\/p>\n","protected":false},"excerpt":{"rendered":"<p>D\u00e9couvrez notre exposition sur les Pardons en Bretagne. &nbsp; Les pardons et trom\u00e9nies viennent d&rsquo;\u00eatre inscrits \u00e0 l&rsquo;Inventaire national du Patrimoine Culturel Immat\u00e9riel par les services de la Direction des Patrimoines du minist\u00e8re de la Culture. Le recensement actuel coordonn\u00e9 &hellip; <a href=\"http:\/\/www.sevenadur.org\/2021\/evenement\/les-pardons-en-bretagne\/\">Continuer la lecture <span class=\"meta-nav\">&rarr;<\/span><\/a><\/p>\n","protected":false},"author":4,"featured_media":0,"template":"","meta":{"_tribe_events_status":"","_tribe_events_status_reason":"","footnotes":""},"tags":[],"tribe_events_cat":[12,10],"class_list":["post-296","tribe_events","type-tribe_events","status-publish","hentry","tribe_events_cat-expositions","tribe_events_cat-sur-les-reseaux-sociaux","cat_expositions","cat_sur-les-reseaux-sociaux"],"_links":{"self":[{"href":"http:\/\/www.sevenadur.org\/2021\/wp-json\/wp\/v2\/tribe_events\/296","targetHints":{"allow":["GET"]}}],"collection":[{"href":"http:\/\/www.sevenadur.org\/2021\/wp-json\/wp\/v2\/tribe_events"}],"about":[{"href":"http:\/\/www.sevenadur.org\/2021\/wp-json\/wp\/v2\/types\/tribe_events"}],"author":[{"embeddable":true,"href":"http:\/\/www.sevenadur.org\/2021\/wp-json\/wp\/v2\/users\/4"}],"version-history":[{"count":7,"href":"http:\/\/www.sevenadur.org\/2021\/wp-json\/wp\/v2\/tribe_events\/296\/revisions"}],"predecessor-version":[{"id":328,"href":"http:\/\/www.sevenadur.org\/2021\/wp-json\/wp\/v2\/tribe_events\/296\/revisions\/328"}],"wp:attachment":[{"href":"http:\/\/www.sevenadur.org\/2021\/wp-json\/wp\/v2\/media?parent=296"}],"wp:term":[{"taxonomy":"post_tag","embeddable":true,"href":"http:\/\/www.sevenadur.org\/2021\/wp-json\/wp\/v2\/tags?post=296"},{"taxonomy":"tribe_events_cat","embeddable":true,"href":"http:\/\/www.sevenadur.org\/2021\/wp-json\/wp\/v2\/tribe_events_cat?post=296"}],"curies":[{"name":"wp","href":"https:\/\/api.w.org\/{rel}","templated":true}]}}

<div id="attachment_297" style="width: 339px" class="wp-caption alignleft"><img loading="lazy" decoding="async" aria-describedby="caption-attachment-297" class="wp-image-297" src="http://www.sevenadur.org/2021/wp-content/uploads/sites/8/2021/02/Première-sélection-Sevenadur-78.jpg" alt="" width="329" height="226" srcset="http://www.sevenadur.org/2021/wp-content/uploads/sites/8/2021/02/Première-sélection-Sevenadur-78.jpg 800w, http://www.sevenadur.org/2021/wp-content/uploads/sites/8/2021/02/Première-sélection-Sevenadur-78-300x206.jpg 300w, http://www.sevenadur.org/2021/wp-content/uploads/sites/8/2021/02/Première-sélection-Sevenadur-78-768x527.jpg 768w" sizes="auto, (max-width: 329px) 100vw, 329px" /><p id="caption-attachment-297" class="wp-caption-text">Petite troménie de Locronan, juillet 2003. Le retour à l’église pour un dernier temps de louanges.</p></div>
<p>Découvrez notre exposition sur les Pardons en Bretagne.</p>
<p>&nbsp;</p>
<p>Les pardons et troménies viennent d&rsquo;être inscrits à <strong>l&rsquo;Inventaire national du Patrimoine Culturel Immatériel</strong> par les services de la Direction des Patrimoines du ministère de la Culture. Le recensement actuel coordonné par Bretagne Culture Diversité a permis d&rsquo;enregistrer un peu plus de mille trois cents pardons encore en activité, et la liste n&rsquo;est pas close.</p>
<p>Jean-Michel Guilcher définit le Pardon comme étant une <em>« fête qui se tient à date fixe en un lieu consacré pour honorer et prier le saint patron du lieu »</em> et<em> « l&rsquo;un des fondements de la vie religieuse et sociale des Bretons »</em>. Témoignage de foi, du folklore, tradition&#8230; chacun y trouvera ce qu&rsquo;il vient y chercher.</p>
<p>Un dicton dit <em>« celui qui ne fait pas sa troménie de son vivant devra la faire après sa mort en avançant chaque jour de la longueur de son cercueil »</em>. La grande Troménie de Locronan fait 12 kilomètre&#8230;</p>
<p>Dans le cadre des rencontres interculturelles Sevenadur coordonnées par le Cercle Celtique de Rennes, Jean Maurice Colombel, photographe par passion, vous emmène au coeur de quelques uns des pardons bretons.</p>
<p>Si vous souhaitez contacter l&rsquo;auteur, merci d&rsquo;envoyer un message à <a href="mailto:sevenadur.roazhon@gmail.com">sevenadur.roazhon@gmail.com</a></p>
<p>&nbsp;</p>
<p>Cette exposition sera diffusée sur les réseaux sociaux de Sevenadur.</p>

<p>Découvrez notre exposition sur les Pardons en Bretagne. &nbsp; Les pardons et troménies viennent d&rsquo;être inscrits à l&rsquo;Inventaire national du Patrimoine Culturel Immatériel par les services de la Direction des Patrimoines du ministère de la Culture. Le recensement actuel coordonné &hellip; <a href="http://www.sevenadur.org/2021/evenement/les-pardons-en-bretagne/">Continuer la lecture <span class="meta-nav">&rarr;</span></a></p>
