{"id":225,"date":"2021-02-05T12:13:29","date_gmt":"2021-02-05T11:13:29","guid":{"rendered":"http:\/\/www.sevenadur.org\/2021\/?post_type=tribe_events&#038;p=225"},"modified":"2021-03-04T18:23:11","modified_gmt":"2021-03-04T17:23:11","slug":"le-grand-incendie-de-rennes-decembre-1720","status":"publish","type":"tribe_events","link":"http:\/\/www.sevenadur.org\/2021\/evenement\/le-grand-incendie-de-rennes-decembre-1720\/","title":{"rendered":"Le grand incendie de Rennes : d\u00e9cembre 1720"},"content":{"rendered":"<div id=\"attachment_229\" style=\"width: 318px\" class=\"wp-caption alignleft\"><img loading=\"lazy\" decoding=\"async\" aria-describedby=\"caption-attachment-229\" class=\"wp-image-229\" src=\"http:\/\/www.sevenadur.org\/2021\/wp-content\/uploads\/sites\/8\/2021\/02\/Incendie-de-rennes-1720.jpg\" alt=\"\" width=\"308\" height=\"308\" srcset=\"http:\/\/www.sevenadur.org\/2021\/wp-content\/uploads\/sites\/8\/2021\/02\/Incendie-de-rennes-1720.jpg 500w, http:\/\/www.sevenadur.org\/2021\/wp-content\/uploads\/sites\/8\/2021\/02\/Incendie-de-rennes-1720-300x300.jpg 300w, http:\/\/www.sevenadur.org\/2021\/wp-content\/uploads\/sites\/8\/2021\/02\/Incendie-de-rennes-1720-150x150.jpg 150w\" sizes=\"auto, (max-width: 308px) 100vw, 308px\" \/><p id=\"caption-attachment-229\" class=\"wp-caption-text\">Estampe de Jean-Fran\u00e7ois Huguet repr\u00e9sentant l&rsquo;incendie qui frappe Rennes en d\u00e9cembre 1720, vue de la place du Palais, actuelle place du Parlement de Bretagne. Mus\u00e9e de Bretagne: 922.0025.39.<\/p><\/div>\n<p class=\"_04xlpA direction-ltr align-justify para-style-body\"><span class=\"JsGRdQ\">Conf\u00e9rence de Gauthier Aubert et Georges Provost autour du Grand incendie<\/span><span class=\"JsGRdQ\"> de Rennes dont nous comm\u00e9morions le 300 \u00e8me anniversaire en 2020.<\/span><\/p>\n<p>\u00ab Un d\u00e9sastre exceptionnel en Europe \u00bb : c\u2019est ainsi que l\u2019historien David Garrioch, sp\u00e9cialiste des incendies dans les villes pr\u00e9industrielles, qualifie le drame survenu \u00e0 Rennes entre le 22 et le 29 d\u00e9cembre 1720. Les chiffres parlent d\u2019eux-m\u00eames : le feu a d\u00e9truit 8 hectares sur les 45 que comptait alors la ville intra muros, ce qui repr\u00e9sente pr\u00e8s de 1000 maisons d\u00e9truites ; environ 10 000 personnes (environ 20-25% de la population) ont \u00e9t\u00e9 sinistr\u00e9es. En revanche, du fait de sa relative lenteur, le feu n\u2019a pas ou peu tu\u00e9.<\/p>\n<p class=\"_04xlpA direction-ltr align-justify para-style-body\"><span class=\"JsGRdQ\">Gautier Aubert est ma\u00eetre de conf\u00e9rence \u00e0 l&rsquo;Universit\u00e9 de Rennes 2 dans le d\u00e9partement histoire moderne.<br \/>\n<\/span><\/p>\n<p>Georges Provost est \u00e9galement ma\u00eetre de conf\u00e9rence \u00e0 l&rsquo;universit\u00e9 Rennes 2 dans le d\u00e9partement histoire.<\/p>\n<p>Sur Zoom : <a href=\"https:\/\/zoom.us\/j\/96898665064?pwd=aklhbTVVRVErQU5BajRpTlJvbmVZQT09\">lien<\/a><\/p>\n","protected":false},"excerpt":{"rendered":"<p>Conf\u00e9rence de Gauthier Aubert et Georges Provost autour du Grand incendie de Rennes dont nous comm\u00e9morions le 300 \u00e8me anniversaire en 2020. \u00ab Un d\u00e9sastre exceptionnel en Europe \u00bb : c\u2019est ainsi que l\u2019historien David Garrioch, sp\u00e9cialiste des incendies dans &hellip; <a href=\"http:\/\/www.sevenadur.org\/2021\/evenement\/le-grand-incendie-de-rennes-decembre-1720\/\">Continuer la lecture <span class=\"meta-nav\">&rarr;<\/span><\/a><\/p>\n","protected":false},"author":4,"featured_media":0,"template":"","meta":{"_tribe_events_status":"","_tribe_events_status_reason":"","footnotes":""},"tags":[],"tribe_events_cat":[],"class_list":["post-225","tribe_events","type-tribe_events","status-publish","hentry"],"_links":{"self":[{"href":"http:\/\/www.sevenadur.org\/2021\/wp-json\/wp\/v2\/tribe_events\/225","targetHints":{"allow":["GET"]}}],"collection":[{"href":"http:\/\/www.sevenadur.org\/2021\/wp-json\/wp\/v2\/tribe_events"}],"about":[{"href":"http:\/\/www.sevenadur.org\/2021\/wp-json\/wp\/v2\/types\/tribe_events"}],"author":[{"embeddable":true,"href":"http:\/\/www.sevenadur.org\/2021\/wp-json\/wp\/v2\/users\/4"}],"version-history":[{"count":4,"href":"http:\/\/www.sevenadur.org\/2021\/wp-json\/wp\/v2\/tribe_events\/225\/revisions"}],"predecessor-version":[{"id":516,"href":"http:\/\/www.sevenadur.org\/2021\/wp-json\/wp\/v2\/tribe_events\/225\/revisions\/516"}],"wp:attachment":[{"href":"http:\/\/www.sevenadur.org\/2021\/wp-json\/wp\/v2\/media?parent=225"}],"wp:term":[{"taxonomy":"post_tag","embeddable":true,"href":"http:\/\/www.sevenadur.org\/2021\/wp-json\/wp\/v2\/tags?post=225"},{"taxonomy":"tribe_events_cat","embeddable":true,"href":"http:\/\/www.sevenadur.org\/2021\/wp-json\/wp\/v2\/tribe_events_cat?post=225"}],"curies":[{"name":"wp","href":"https:\/\/api.w.org\/{rel}","templated":true}]}}

Le grand incendie de Rennes : décembre 1720

<div id="attachment_229" style="width: 318px" class="wp-caption alignleft"><img loading="lazy" decoding="async" aria-describedby="caption-attachment-229" class="wp-image-229" src="http://www.sevenadur.org/2021/wp-content/uploads/sites/8/2021/02/Incendie-de-rennes-1720.jpg" alt="" width="308" height="308" srcset="http://www.sevenadur.org/2021/wp-content/uploads/sites/8/2021/02/Incendie-de-rennes-1720.jpg 500w, http://www.sevenadur.org/2021/wp-content/uploads/sites/8/2021/02/Incendie-de-rennes-1720-300x300.jpg 300w, http://www.sevenadur.org/2021/wp-content/uploads/sites/8/2021/02/Incendie-de-rennes-1720-150x150.jpg 150w" sizes="auto, (max-width: 308px) 100vw, 308px" /><p id="caption-attachment-229" class="wp-caption-text">Estampe de Jean-François Huguet représentant l&rsquo;incendie qui frappe Rennes en décembre 1720, vue de la place du Palais, actuelle place du Parlement de Bretagne. Musée de Bretagne: 922.0025.39.</p></div>
<p class="_04xlpA direction-ltr align-justify para-style-body"><span class="JsGRdQ">Conférence de Gauthier Aubert et Georges Provost autour du Grand incendie</span><span class="JsGRdQ"> de Rennes dont nous commémorions le 300 ème anniversaire en 2020.</span></p>
<p>« Un désastre exceptionnel en Europe » : c’est ainsi que l’historien David Garrioch, spécialiste des incendies dans les villes préindustrielles, qualifie le drame survenu à Rennes entre le 22 et le 29 décembre 1720. Les chiffres parlent d’eux-mêmes : le feu a détruit 8 hectares sur les 45 que comptait alors la ville intra muros, ce qui représente près de 1000 maisons détruites ; environ 10 000 personnes (environ 20-25% de la population) ont été sinistrées. En revanche, du fait de sa relative lenteur, le feu n’a pas ou peu tué.</p>
<p class="_04xlpA direction-ltr align-justify para-style-body"><span class="JsGRdQ">Gautier Aubert est maître de conférence à l&rsquo;Université de Rennes 2 dans le département histoire moderne.<br />
</span></p>
<p>Georges Provost est également maître de conférence à l&rsquo;université Rennes 2 dans le département histoire.</p>
<p>Sur Zoom : <a href="https://zoom.us/j/96898665064?pwd=aklhbTVVRVErQU5BajRpTlJvbmVZQT09">lien</a></p>

<p>Conférence de Gauthier Aubert et Georges Provost autour du Grand incendie de Rennes dont nous commémorions le 300 ème anniversaire en 2020. « Un désastre exceptionnel en Europe » : c’est ainsi que l’historien David Garrioch, spécialiste des incendies dans &hellip; <a href="http://www.sevenadur.org/2021/evenement/le-grand-incendie-de-rennes-decembre-1720/">Continuer la lecture <span class="meta-nav">&rarr;</span></a></p>
