{"id":205,"date":"2021-02-05T11:49:58","date_gmt":"2021-02-05T10:49:58","guid":{"rendered":"http:\/\/www.sevenadur.org\/2021\/?post_type=tribe_events&#038;p=205"},"modified":"2021-02-24T15:10:53","modified_gmt":"2021-02-24T14:10:53","slug":"balade-a-velo-dans-rennes","status":"publish","type":"tribe_events","link":"http:\/\/www.sevenadur.org\/2021\/evenement\/balade-a-velo-dans-rennes\/","title":{"rendered":"Balade \u00e0 v\u00e9lo cont\u00e9e"},"content":{"rendered":"<p class=\"_04xlpA direction-ltr align-justify para-style-body\"><strong><span class=\"JsGRdQ\"><img loading=\"lazy\" decoding=\"async\" class=\"wp-image-258 alignleft\" src=\"http:\/\/www.sevenadur.org\/2021\/wp-content\/uploads\/sites\/8\/2021\/02\/Maisons-a-colombages-Rennes-845x684-1.jpg\" alt=\"\" width=\"296\" height=\"239\" srcset=\"http:\/\/www.sevenadur.org\/2021\/wp-content\/uploads\/sites\/8\/2021\/02\/Maisons-a-colombages-Rennes-845x684-1.jpg 845w, http:\/\/www.sevenadur.org\/2021\/wp-content\/uploads\/sites\/8\/2021\/02\/Maisons-a-colombages-Rennes-845x684-1-300x243.jpg 300w, http:\/\/www.sevenadur.org\/2021\/wp-content\/uploads\/sites\/8\/2021\/02\/Maisons-a-colombages-Rennes-845x684-1-768x622.jpg 768w\" sizes=\"auto, (max-width: 296px) 100vw, 296px\" \/>Balade \u00e0 v\u00e9lo cont\u00e9e dans Rennes tous les samedis et dimanches du dimanche 28 f\u00e9vrier au dimanche 14 mars 2021.<\/span><\/strong><\/p>\n<p class=\"_04xlpA direction-ltr align-justify para-style-body\"><span class=\"JsGRdQ\">Lionel et Jacky proposent un parcours d&rsquo;une dizaine de kilom\u00e8tres \u00e0 travers Rennes et son patrimoine avec d\u00e9gustation de produits locaux et contes en gallo.<\/span><\/p>\n<p class=\"_04xlpA direction-ltr align-justify para-style-body\"><span class=\"JsGRdQ\">D\u00e9part et arriv\u00e9e \u00e0 la Ferme de la Harpe.<\/span><\/p>\n<p class=\"_04xlpA direction-ltr align-justify para-style-body\"><span class=\"JsGRdQ\">10h\/13h<\/span><\/p>\n<p class=\"_04xlpA direction-ltr align-justify para-style-body\"><span class=\"JsGRdQ\">10\u20ac adultes\/5\u20ac enfants,<\/span><\/p>\n<p class=\"_04xlpA direction-ltr align-justify para-style-body\"><span class=\"JsGRdQ\">Pr\u00e9voir un v\u00e9lo, un gilet et un casque &#8211; sur r\u00e9servation &#8211; <\/span><span class=\"JsGRdQ\">12 places.<\/span><\/p>\n","protected":false},"excerpt":{"rendered":"<p>Balade \u00e0 v\u00e9lo cont\u00e9e dans Rennes tous les samedis et dimanches du dimanche 28 f\u00e9vrier au dimanche 14 mars 2021. Lionel et Jacky proposent un parcours d&rsquo;une dizaine de kilom\u00e8tres \u00e0 travers Rennes et son patrimoine avec d\u00e9gustation de produits &hellip; <a href=\"http:\/\/www.sevenadur.org\/2021\/evenement\/balade-a-velo-dans-rennes\/\">Continuer la lecture <span class=\"meta-nav\">&rarr;<\/span><\/a><\/p>\n","protected":false},"author":4,"featured_media":0,"template":"","meta":{"_tribe_events_status":"","_tribe_events_status_reason":"","footnotes":""},"tags":[],"tribe_events_cat":[7],"class_list":["post-205","tribe_events","type-tribe_events","status-publish","hentry","tribe_events_cat-conferences-et-rencontres","cat_conferences-et-rencontres"],"_links":{"self":[{"href":"http:\/\/www.sevenadur.org\/2021\/wp-json\/wp\/v2\/tribe_events\/205","targetHints":{"allow":["GET"]}}],"collection":[{"href":"http:\/\/www.sevenadur.org\/2021\/wp-json\/wp\/v2\/tribe_events"}],"about":[{"href":"http:\/\/www.sevenadur.org\/2021\/wp-json\/wp\/v2\/types\/tribe_events"}],"author":[{"embeddable":true,"href":"http:\/\/www.sevenadur.org\/2021\/wp-json\/wp\/v2\/users\/4"}],"version-history":[{"count":6,"href":"http:\/\/www.sevenadur.org\/2021\/wp-json\/wp\/v2\/tribe_events\/205\/revisions"}],"predecessor-version":[{"id":431,"href":"http:\/\/www.sevenadur.org\/2021\/wp-json\/wp\/v2\/tribe_events\/205\/revisions\/431"}],"wp:attachment":[{"href":"http:\/\/www.sevenadur.org\/2021\/wp-json\/wp\/v2\/media?parent=205"}],"wp:term":[{"taxonomy":"post_tag","embeddable":true,"href":"http:\/\/www.sevenadur.org\/2021\/wp-json\/wp\/v2\/tags?post=205"},{"taxonomy":"tribe_events_cat","embeddable":true,"href":"http:\/\/www.sevenadur.org\/2021\/wp-json\/wp\/v2\/tribe_events_cat?post=205"}],"curies":[{"name":"wp","href":"https:\/\/api.w.org\/{rel}","templated":true}]}}

Balade à vélo contée

<p class="_04xlpA direction-ltr align-justify para-style-body"><strong><span class="JsGRdQ"><img loading="lazy" decoding="async" class="wp-image-258 alignleft" src="http://www.sevenadur.org/2021/wp-content/uploads/sites/8/2021/02/Maisons-a-colombages-Rennes-845x684-1.jpg" alt="" width="296" height="239" srcset="http://www.sevenadur.org/2021/wp-content/uploads/sites/8/2021/02/Maisons-a-colombages-Rennes-845x684-1.jpg 845w, http://www.sevenadur.org/2021/wp-content/uploads/sites/8/2021/02/Maisons-a-colombages-Rennes-845x684-1-300x243.jpg 300w, http://www.sevenadur.org/2021/wp-content/uploads/sites/8/2021/02/Maisons-a-colombages-Rennes-845x684-1-768x622.jpg 768w" sizes="auto, (max-width: 296px) 100vw, 296px" />Balade à vélo contée dans Rennes tous les samedis et dimanches du dimanche 28 février au dimanche 14 mars 2021.</span></strong></p>
<p class="_04xlpA direction-ltr align-justify para-style-body"><span class="JsGRdQ">Lionel et Jacky proposent un parcours d&rsquo;une dizaine de kilomètres à travers Rennes et son patrimoine avec dégustation de produits locaux et contes en gallo.</span></p>
<p class="_04xlpA direction-ltr align-justify para-style-body"><span class="JsGRdQ">Départ et arrivée à la Ferme de la Harpe.</span></p>
<p class="_04xlpA direction-ltr align-justify para-style-body"><span class="JsGRdQ">10h/13h</span></p>
<p class="_04xlpA direction-ltr align-justify para-style-body"><span class="JsGRdQ">10€ adultes/5€ enfants,</span></p>
<p class="_04xlpA direction-ltr align-justify para-style-body"><span class="JsGRdQ">Prévoir un vélo, un gilet et un casque &#8211; sur réservation &#8211; </span><span class="JsGRdQ">12 places.</span></p>

<p>Balade à vélo contée dans Rennes tous les samedis et dimanches du dimanche 28 février au dimanche 14 mars 2021. Lionel et Jacky proposent un parcours d&rsquo;une dizaine de kilomètres à travers Rennes et son patrimoine avec dégustation de produits &hellip; <a href="http://www.sevenadur.org/2021/evenement/balade-a-velo-dans-rennes/">Continuer la lecture <span class="meta-nav">&rarr;</span></a></p>
