{"id":150,"date":"2021-02-03T10:16:32","date_gmt":"2021-02-03T09:16:32","guid":{"rendered":"http:\/\/www.sevenadur.org\/2021\/?post_type=tribe_events&#038;p=150"},"modified":"2021-02-24T16:00:51","modified_gmt":"2021-02-24T15:00:51","slug":"balade-gastronomique-en-famille","status":"publish","type":"tribe_events","link":"http:\/\/www.sevenadur.org\/2021\/evenement\/balade-gastronomique-en-famille\/","title":{"rendered":"Balade gastronomique en famille"},"content":{"rendered":"<p><img loading=\"lazy\" decoding=\"async\" class=\" wp-image-367 alignleft\" src=\"http:\/\/www.sevenadur.org\/2021\/wp-content\/uploads\/sites\/8\/2021\/02\/Renv\u00e9ladesEnfants.jpg\" alt=\"\" width=\"277\" height=\"224\" srcset=\"http:\/\/www.sevenadur.org\/2021\/wp-content\/uploads\/sites\/8\/2021\/02\/Renv\u00e9ladesEnfants.jpg 845w, http:\/\/www.sevenadur.org\/2021\/wp-content\/uploads\/sites\/8\/2021\/02\/Renv\u00e9ladesEnfants-300x243.jpg 300w, http:\/\/www.sevenadur.org\/2021\/wp-content\/uploads\/sites\/8\/2021\/02\/Renv\u00e9ladesEnfants-768x622.jpg 768w\" sizes=\"auto, (max-width: 277px) 100vw, 277px\" \/>Venez d\u00e9couvrir le c\u00f4t\u00e9 gourmand des quartiers Villejean et Bourg l\u2019\u00c9v\u00eaque en famille et \u00e0 v\u00e9lo !<\/p>\n<p>10\u20ac adultes\/5\u20ac enfants<\/p>\n<p>&#8211; Inscription conseill\u00e9e &#8211; 15 places<\/p>\n<p>Pr\u00e9voir un v\u00e9lo en \u00e9tat de marche, un gilet et un casque<\/p>\n","protected":false},"excerpt":{"rendered":"<p>Venez d\u00e9couvrir le c\u00f4t\u00e9 gourmand des quartiers Villejean et Bourg l\u2019\u00c9v\u00eaque en famille et \u00e0 v\u00e9lo ! 10\u20ac adultes\/5\u20ac enfants &#8211; Inscription conseill\u00e9e &#8211; 15 places Pr\u00e9voir un v\u00e9lo en \u00e9tat de marche, un gilet et un casque<\/p>\n","protected":false},"author":4,"featured_media":0,"template":"","meta":{"_tribe_events_status":"","_tribe_events_status_reason":"","footnotes":""},"tags":[],"tribe_events_cat":[],"class_list":["post-150","tribe_events","type-tribe_events","status-publish","hentry"],"_links":{"self":[{"href":"http:\/\/www.sevenadur.org\/2021\/wp-json\/wp\/v2\/tribe_events\/150","targetHints":{"allow":["GET"]}}],"collection":[{"href":"http:\/\/www.sevenadur.org\/2021\/wp-json\/wp\/v2\/tribe_events"}],"about":[{"href":"http:\/\/www.sevenadur.org\/2021\/wp-json\/wp\/v2\/types\/tribe_events"}],"author":[{"embeddable":true,"href":"http:\/\/www.sevenadur.org\/2021\/wp-json\/wp\/v2\/users\/4"}],"version-history":[{"count":5,"href":"http:\/\/www.sevenadur.org\/2021\/wp-json\/wp\/v2\/tribe_events\/150\/revisions"}],"predecessor-version":[{"id":433,"href":"http:\/\/www.sevenadur.org\/2021\/wp-json\/wp\/v2\/tribe_events\/150\/revisions\/433"}],"wp:attachment":[{"href":"http:\/\/www.sevenadur.org\/2021\/wp-json\/wp\/v2\/media?parent=150"}],"wp:term":[{"taxonomy":"post_tag","embeddable":true,"href":"http:\/\/www.sevenadur.org\/2021\/wp-json\/wp\/v2\/tags?post=150"},{"taxonomy":"tribe_events_cat","embeddable":true,"href":"http:\/\/www.sevenadur.org\/2021\/wp-json\/wp\/v2\/tribe_events_cat?post=150"}],"curies":[{"name":"wp","href":"https:\/\/api.w.org\/{rel}","templated":true}]}}

<p><img loading="lazy" decoding="async" class=" wp-image-367 alignleft" src="http://www.sevenadur.org/2021/wp-content/uploads/sites/8/2021/02/RenvéladesEnfants.jpg" alt="" width="277" height="224" srcset="http://www.sevenadur.org/2021/wp-content/uploads/sites/8/2021/02/RenvéladesEnfants.jpg 845w, http://www.sevenadur.org/2021/wp-content/uploads/sites/8/2021/02/RenvéladesEnfants-300x243.jpg 300w, http://www.sevenadur.org/2021/wp-content/uploads/sites/8/2021/02/RenvéladesEnfants-768x622.jpg 768w" sizes="auto, (max-width: 277px) 100vw, 277px" />Venez découvrir le côté gourmand des quartiers Villejean et Bourg l’Évêque en famille et à vélo !</p>
<p>10€ adultes/5€ enfants</p>
<p>&#8211; Inscription conseillée &#8211; 15 places</p>
<p>Prévoir un vélo en état de marche, un gilet et un casque</p>

<p>Venez découvrir le côté gourmand des quartiers Villejean et Bourg l’Évêque en famille et à vélo ! 10€ adultes/5€ enfants &#8211; Inscription conseillée &#8211; 15 places Prévoir un vélo en état de marche, un gilet et un casque</p>
