{"id":57,"date":"2021-01-17T17:42:28","date_gmt":"2021-01-17T16:42:28","guid":{"rendered":"http:\/\/www.sevenadur.org\/2021\/?page_id=57"},"modified":"2021-02-11T12:49:29","modified_gmt":"2021-02-11T11:49:29","slug":"partenaires","status":"publish","type":"page","link":"http:\/\/www.sevenadur.org\/2021\/partenaires\/","title":{"rendered":"Partenaires"},"content":{"rendered":"\n<p><a href=\"https:\/\/www.ascreb.org\/ascreb\/ascreb_news.php\" target=\"_blank\" rel=\"noreferrer noopener\">ASCREB<\/a><\/p>\n\n\n\n<p><a href=\"https:\/\/fr-fr.facebook.com\/avantdeuxdurheu\/\" target=\"_blank\" rel=\"noreferrer noopener\">Avant Deux du Rheu<\/a><\/p>\n\n\n\n<p><a rel=\"noreferrer noopener\" href=\"https:\/\/www.bertegn-galezz.bzh\/\" target=\"_blank\">Bert\u00e8gn Gal\u00e8zz<\/a><\/p>\n\n\n\n<p><a href=\"https:\/\/www.facebook.com\/OrchestreNationalDeBreizhoucadie\/\" target=\"_blank\" rel=\"noreferrer noopener\">Breizhoucada<\/a><\/p>\n\n\n\n<p><a href=\"http:\/\/bruzhoneg.breizhpositive.com\/\" target=\"_blank\" rel=\"noreferrer noopener\">Bruzhoneg<\/a><\/p>\n\n\n\n<p><a href=\"http:\/\/www.dastum.bzh\/\" target=\"_blank\" rel=\"noreferrer noopener\">Dastum<\/a><\/p>\n\n\n\n<p><a href=\"http:\/\/dihunbroroazhon.wixsite.com\/dihun-bro-roazhon\" target=\"_blank\" rel=\"noreferrer noopener\">Dihun bro Roazhon<\/a><\/p>\n\n\n\n<p><\/p>\n\n\n\n<p><a href=\"http:\/\/divyezh.bruz.free.fr\/wordpress\/\" target=\"_blank\" rel=\"noreferrer noopener\">Div Yezh Bruz<\/a><\/p>\n\n\n\n<p><a rel=\"noreferrer noopener\" href=\"https:\/\/www.facebook.com\/espoirdedraa\/\" target=\"_blank\">Espoir de Dr\u00e2a<\/a><\/p>\n\n\n\n<p><a href=\"http:\/\/gallotonic.pagesperso-orange.fr\/\" target=\"_blank\" rel=\"noreferrer noopener\">Gallo Tonic<\/a><\/p>\n\n\n\n<p><a href=\"https:\/\/www.graindesel.bzh\/\" target=\"_blank\" rel=\"noreferrer noopener\">Grain de Sel<\/a><\/p>\n\n\n\n<p><\/p>\n\n\n\n<p><a href=\"https:\/\/fr-fr.facebook.com\/kejadenn.roazhonii\" target=\"_blank\" rel=\"noreferrer noopener\">Kejadenn<\/a><\/p>\n\n\n\n<p><a href=\"https:\/\/fr-fr.facebook.com\/KENDESKIN\/\">Kendeski\u00f1<\/a><\/p>\n\n\n\n<p><\/p>\n\n\n\n<p><a href=\"https:\/\/jeuxbretons.bzh\/\" target=\"_blank\" rel=\"noreferrer noopener\">La Jaupitre<\/a><\/p>\n\n\n\n<p><a href=\"http:\/\/lamaisonbleuerennes.fr\/\" target=\"_blank\" rel=\"noreferrer noopener\">La Maison bleue<\/a><\/p>\n\n\n\n<p><\/p>\n\n\n\n<p><a rel=\"noreferrer noopener\" href=\"http:\/\/www.ville-acigne.fr\/\" target=\"_blank\">La Ville d\u2019Acign\u00e9<\/a><\/p>\n\n\n\n<p><a href=\"https:\/\/www.mairie-labouexiere.fr\/\">La Ville de la Bo\u00ebxi\u00e8re<\/a><\/p>\n\n\n\n<p>L&rsquo;\u00e9cole Andr\u00e9e Chedid<\/p>\n\n\n\n<p>L&rsquo;\u00e9cole Sonia Delaunay<\/p>\n\n\n\n<p><a href=\"http:\/\/encredebretagne.bzh\/\" target=\"_blank\" rel=\"noreferrer noopener\">L\u2019Encre de Bretagne<\/a><\/p>\n\n\n\n<p><a rel=\"noreferrer noopener\" href=\"http:\/\/www.confucius-bretagne.org\/\" target=\"_blank\">L\u2019Institut Confucius de Bretagne<\/a><\/p>\n\n\n\n<p><a href=\"http:\/\/institutdugalo.bzh\/fr\/accueil\/\">L&rsquo;institut du galo<\/a><\/p>\n\n\n\n<p><a href=\"http:\/\/www.lagranjagoul.fr\/\">La Granjagoul<\/a><\/p>\n\n\n\n<p><a href=\"https:\/\/www.mqvillejean.fr\/\">La Maison de Quartier de Villejean<\/a><\/p>\n\n\n\n<p><a rel=\"noreferrer noopener\" href=\"http:\/\/www.bagad-roazhon.org\/\" target=\"_blank\">Le Bagad Roazhon<\/a><\/p>\n\n\n\n<p><a href=\"http:\/\/www.3regards.com\/equipements\/le-cadran\/\">Le Cadran<\/a><\/p>\n\n\n\n<p><a rel=\"noreferrer noopener\" href=\"http:\/\/www.centres-sociaux-rennais.fr\/accueil\/centres-sociaux\/villejean\/presentation\/var\/lang\/FR\/rub\/2494.html\" target=\"_blank\">Le Centre Social de Villejean<\/a><\/p>\n\n\n\n<p><a href=\"https:\/\/cerclepaulbert.asso.fr\/cpb-villejean-beauregard\/\">Le Cercle Paul Bert<\/a><\/p>\n\n\n\n<p><a rel=\"noreferrer noopener\" href=\"http:\/\/www.lemoulinet.net\/\" target=\"_blank\">Le Moulinet d\u2019Acign\u00e9<\/a><\/p>\n\n\n\n<p><a rel=\"noreferrer noopener\" href=\"https:\/\/www.musee-bretagne.fr\/\" target=\"_blank\">Le Mus\u00e9e de Bretagne<\/a><\/p>\n\n\n\n<p><a rel=\"noreferrer noopener\" href=\"https:\/\/mba.rennes.fr\/\" target=\"_blank\">Le Mus\u00e9e des beaux-arts<\/a><\/p>\n\n\n\n<p><a rel=\"noreferrer noopener\" href=\"https:\/\/www.lepontsuperieur.eu\/\" target=\"_blank\">Le Pont Sup\u00e9rieur<\/a><\/p>\n\n\n\n<p><a href=\"http:\/\/troismaisons.org\/\">Les 3 Maisons<\/a><\/p>\n\n\n\n<p><a href=\"https:\/\/www.leschampslibres.fr\/\" target=\"_blank\" rel=\"noreferrer noopener\">Les Champs Libres<\/a><\/p>\n\n\n\n<p><a href=\"http:\/\/www.tisseursdecontes.fr\/\" target=\"_blank\" rel=\"noreferrer noopener\" aria-label=\" (s\u2019ouvre dans un nouvel onglet)\">Les Tisseurs de Contes<\/a><\/p>\n\n\n\n<p><a href=\"https:\/\/www.facebook.com\/lunite.ertoba\/?__xts__[0]=68.ARDvGIQMgO80HeMBXaoSgKe7R1j3gxxMiMeDUM-ATeE453-GsOcocB9dmtUmlLF5XU6h0hCr7kOCThIRE9avG_g-94RkSTPgY36q9yhseBRf2VzlNTAuSYLNB\" target=\"_blank\" rel=\"noreferrer noopener\">Lunite Ertoba<\/a><\/p>\n\n\n\n<p><a rel=\"noreferrer noopener\" href=\"http:\/\/maisonsaintcyr.com\/\" target=\"_blank\">Maison Saint-Cyr<\/a><\/p>\n\n\n\n<p><a href=\"https:\/\/fr-fr.facebook.com\/pages\/category\/Restaurant\/MOD-KOZ-1439307649661263\/\">Mod Koz<\/a><\/p>\n\n\n\n<p>Mosa\u00efque Bretagne Maroc<\/p>\n\n\n\n<p><a href=\"https:\/\/fr-fr.facebook.com\/musikadartassociation\">Musikad&rsquo;art<\/a><\/p>\n\n\n\n<p><a href=\"https:\/\/www.namastebreizh.com\/\">Namaste Breizh<\/a><\/p>\n\n\n\n<p class=\"has-normal-font-size\"><a href=\"https:\/\/www.youtube.com\/channel\/UC7AR1qbWnm01nYOCH2O5jvw\/featured\" target=\"_blank\" rel=\"noreferrer noopener\">Rekip\u00e9ou Klervi<\/a><\/p>\n\n\n\n<p><a href=\"http:\/\/skeudenn.bzh\/\" target=\"_blank\" rel=\"noreferrer noopener\">Skeudenn Bro Roazhon<\/a><\/p>\n\n\n\n<p><a href=\"http:\/\/www.skolanemsav.bzh\/\" target=\"_blank\" rel=\"noreferrer noopener\">Skol an Emsav<\/a><\/p>\n\n\n\n<p><a href=\"https:\/\/www.univ-rennes2.fr\/\">Universit\u00e9 Rennes 2<\/a><\/p>\n\n\n\n<h2 class=\"wp-block-heading\"><\/h2>\n\n\n\n<h2 class=\"wp-block-heading\"><strong>Soutiens<\/strong><\/h2>\n\n\n\n<p><a href=\"http:\/\/uair.org\/\" target=\"_blank\" rel=\"noreferrer noopener\">UAIR (Union des Associations Interculturelles de Rennes)<\/a><\/p>\n\n\n\n<p><a href=\"https:\/\/www.coat-albret.com\/cidrerie-coat-albret\/\" target=\"_blank\" rel=\"noreferrer noopener\">Coat Albret<\/a><\/p>\n\n\n\n<p><a href=\"https:\/\/metropole.rennes.fr\/\" target=\"_blank\" rel=\"noreferrer noopener\">La Ville de Rennes<\/a><\/p>\n\n\n\n<p><a href=\"http:\/\/www.ille-et-vilaine.fr\/fr\" target=\"_blank\" rel=\"noreferrer noopener\">Le &nbsp;Conseil D\u00e9partemental 35<\/a><\/p>\n\n\n\n<p><a href=\"https:\/\/www.bretagne.bzh\/\" target=\"_blank\" rel=\"noreferrer noopener\">Le Conseil R\u00e9gional<\/a><\/p>\n\n\n\n<p><a href=\"https:\/\/www.cmb.fr\/banque\/assurance\/credit-mutuel\/pro\/chapeau\" target=\"_blank\" rel=\"noreferrer noopener\">Le Cr\u00e9dit Mutuel de Bretagne<\/a><\/p>\n\n\n\n<p><a href=\"https:\/\/www.francebleu.fr\/armorique\" target=\"_blank\" rel=\"noreferrer noopener\">France Bleu Armorique<\/a><\/p>\n\n\n\n<p><a href=\"https:\/\/mba.rennes.fr\/\">Mus\u00e9e des Beaux-arts de Rennes<\/a><\/p>\n\n\n\n<p><a href=\"https:\/\/www.musee-bretagne.fr\/\">Mus\u00e9e de Bretagne<\/a><\/p>\n\n\n\n<p><a href=\"http:\/\/www.triballat.fr\/\" target=\"_blank\" rel=\"noreferrer noopener\">Petit Breton \u2013 Triballat<\/a><\/p>\n\n\n\n<p><a href=\"http:\/\/www.tamm-kreiz.bzh\/\" target=\"_blank\" rel=\"noreferrer noopener\">Tamm Kreiz<\/a><\/p>\n\n\n\n<p><a rel=\"noreferrer noopener\" href=\"https:\/\/www.tvr.bzh\/\" target=\"_blank\">TV Rennes<\/a><\/p>\n\n\n\n<p><a href=\"http:\/\/www.radiorennes.fr\/\">Radio Rennes<\/a><\/p>\n","protected":false},"excerpt":{"rendered":"<p>ASCREB Avant Deux du Rheu Bert\u00e8gn Gal\u00e8zz Breizhoucada Bruzhoneg Dastum Dihun bro Roazhon Div Yezh Bruz Espoir de Dr\u00e2a Gallo Tonic Grain de Sel Kejadenn Kendeski\u00f1 La Jaupitre La Maison bleue La Ville d\u2019Acign\u00e9 La Ville de la Bo\u00ebxi\u00e8re L&rsquo;\u00e9cole &hellip; <a href=\"http:\/\/www.sevenadur.org\/2021\/partenaires\/\">Continuer la lecture <span class=\"meta-nav\">&rarr;<\/span><\/a><\/p>\n","protected":false},"author":1,"featured_media":0,"parent":0,"menu_order":0,"comment_status":"closed","ping_status":"closed","template":"","meta":{"_vp_format_video_url":"","_vp_image_focal_point":[],"footnotes":""},"class_list":["post-57","page","type-page","status-publish","hentry"],"_links":{"self":[{"href":"http:\/\/www.sevenadur.org\/2021\/wp-json\/wp\/v2\/pages\/57","targetHints":{"allow":["GET"]}}],"collection":[{"href":"http:\/\/www.sevenadur.org\/2021\/wp-json\/wp\/v2\/pages"}],"about":[{"href":"http:\/\/www.sevenadur.org\/2021\/wp-json\/wp\/v2\/types\/page"}],"author":[{"embeddable":true,"href":"http:\/\/www.sevenadur.org\/2021\/wp-json\/wp\/v2\/users\/1"}],"replies":[{"embeddable":true,"href":"http:\/\/www.sevenadur.org\/2021\/wp-json\/wp\/v2\/comments?post=57"}],"version-history":[{"count":6,"href":"http:\/\/www.sevenadur.org\/2021\/wp-json\/wp\/v2\/pages\/57\/revisions"}],"predecessor-version":[{"id":384,"href":"http:\/\/www.sevenadur.org\/2021\/wp-json\/wp\/v2\/pages\/57\/revisions\/384"}],"wp:attachment":[{"href":"http:\/\/www.sevenadur.org\/2021\/wp-json\/wp\/v2\/media?parent=57"}],"curies":[{"name":"wp","href":"https:\/\/api.w.org\/{rel}","templated":true}]}}

<p><a href="https://www.ascreb.org/ascreb/ascreb_news.php" target="_blank" rel="noreferrer noopener">ASCREB</a></p>



<p><a href="https://fr-fr.facebook.com/avantdeuxdurheu/" target="_blank" rel="noreferrer noopener">Avant Deux du Rheu</a></p>



<p><a rel="noreferrer noopener" href="https://www.bertegn-galezz.bzh/" target="_blank">Bertègn Galèzz</a></p>



<p><a href="https://www.facebook.com/OrchestreNationalDeBreizhoucadie/" target="_blank" rel="noreferrer noopener">Breizhoucada</a></p>



<p><a href="http://bruzhoneg.breizhpositive.com/" target="_blank" rel="noreferrer noopener">Bruzhoneg</a></p>



<p><a href="http://www.dastum.bzh/" target="_blank" rel="noreferrer noopener">Dastum</a></p>



<p><a href="http://dihunbroroazhon.wixsite.com/dihun-bro-roazhon" target="_blank" rel="noreferrer noopener">Dihun bro Roazhon</a></p>



<p></p>



<p><a href="http://divyezh.bruz.free.fr/wordpress/" target="_blank" rel="noreferrer noopener">Div Yezh Bruz</a></p>



<p><a rel="noreferrer noopener" href="https://www.facebook.com/espoirdedraa/" target="_blank">Espoir de Drâa</a></p>



<p><a href="http://gallotonic.pagesperso-orange.fr/" target="_blank" rel="noreferrer noopener">Gallo Tonic</a></p>



<p><a href="https://www.graindesel.bzh/" target="_blank" rel="noreferrer noopener">Grain de Sel</a></p>



<p></p>



<p><a href="https://fr-fr.facebook.com/kejadenn.roazhonii" target="_blank" rel="noreferrer noopener">Kejadenn</a></p>



<p><a href="https://fr-fr.facebook.com/KENDESKIN/">Kendeskiñ</a></p>



<p></p>



<p><a href="https://jeuxbretons.bzh/" target="_blank" rel="noreferrer noopener">La Jaupitre</a></p>



<p><a href="http://lamaisonbleuerennes.fr/" target="_blank" rel="noreferrer noopener">La Maison bleue</a></p>



<p></p>



<p><a rel="noreferrer noopener" href="http://www.ville-acigne.fr/" target="_blank">La Ville d’Acigné</a></p>



<p><a href="https://www.mairie-labouexiere.fr/">La Ville de la Boëxière</a></p>



<p>L&rsquo;école Andrée Chedid</p>



<p>L&rsquo;école Sonia Delaunay</p>



<p><a href="http://encredebretagne.bzh/" target="_blank" rel="noreferrer noopener">L’Encre de Bretagne</a></p>



<p><a rel="noreferrer noopener" href="http://www.confucius-bretagne.org/" target="_blank">L’Institut Confucius de Bretagne</a></p>



<p><a href="http://institutdugalo.bzh/fr/accueil/">L&rsquo;institut du galo</a></p>



<p><a href="http://www.lagranjagoul.fr/">La Granjagoul</a></p>



<p><a href="https://www.mqvillejean.fr/">La Maison de Quartier de Villejean</a></p>



<p><a rel="noreferrer noopener" href="http://www.bagad-roazhon.org/" target="_blank">Le Bagad Roazhon</a></p>



<p><a href="http://www.3regards.com/equipements/le-cadran/">Le Cadran</a></p>



<p><a rel="noreferrer noopener" href="http://www.centres-sociaux-rennais.fr/accueil/centres-sociaux/villejean/presentation/var/lang/FR/rub/2494.html" target="_blank">Le Centre Social de Villejean</a></p>



<p><a href="https://cerclepaulbert.asso.fr/cpb-villejean-beauregard/">Le Cercle Paul Bert</a></p>



<p><a rel="noreferrer noopener" href="http://www.lemoulinet.net/" target="_blank">Le Moulinet d’Acigné</a></p>



<p><a rel="noreferrer noopener" href="https://www.musee-bretagne.fr/" target="_blank">Le Musée de Bretagne</a></p>



<p><a rel="noreferrer noopener" href="https://mba.rennes.fr/" target="_blank">Le Musée des beaux-arts</a></p>



<p><a rel="noreferrer noopener" href="https://www.lepontsuperieur.eu/" target="_blank">Le Pont Supérieur</a></p>



<p><a href="http://troismaisons.org/">Les 3 Maisons</a></p>



<p><a href="https://www.leschampslibres.fr/" target="_blank" rel="noreferrer noopener">Les Champs Libres</a></p>



<p><a href="http://www.tisseursdecontes.fr/" target="_blank" rel="noreferrer noopener" aria-label=" (s’ouvre dans un nouvel onglet)">Les Tisseurs de Contes</a></p>



<p><a href="https://www.facebook.com/lunite.ertoba/?__xts__[0]=68.ARDvGIQMgO80HeMBXaoSgKe7R1j3gxxMiMeDUM-ATeE453-GsOcocB9dmtUmlLF5XU6h0hCr7kOCThIRE9avG_g-94RkSTPgY36q9yhseBRf2VzlNTAuSYLNB" target="_blank" rel="noreferrer noopener">Lunite Ertoba</a></p>



<p><a rel="noreferrer noopener" href="http://maisonsaintcyr.com/" target="_blank">Maison Saint-Cyr</a></p>



<p><a href="https://fr-fr.facebook.com/pages/category/Restaurant/MOD-KOZ-1439307649661263/">Mod Koz</a></p>



<p>Mosaïque Bretagne Maroc</p>



<p><a href="https://fr-fr.facebook.com/musikadartassociation">Musikad&rsquo;art</a></p>



<p><a href="https://www.namastebreizh.com/">Namaste Breizh</a></p>



<p class="has-normal-font-size"><a href="https://www.youtube.com/channel/UC7AR1qbWnm01nYOCH2O5jvw/featured" target="_blank" rel="noreferrer noopener">Rekipéou Klervi</a></p>



<p><a href="http://skeudenn.bzh/" target="_blank" rel="noreferrer noopener">Skeudenn Bro Roazhon</a></p>



<p><a href="http://www.skolanemsav.bzh/" target="_blank" rel="noreferrer noopener">Skol an Emsav</a></p>



<p><a href="https://www.univ-rennes2.fr/">Université Rennes 2</a></p>



<h2 class="wp-block-heading"></h2>



<h2 class="wp-block-heading"><strong>Soutiens</strong></h2>



<p><a href="http://uair.org/" target="_blank" rel="noreferrer noopener">UAIR (Union des Associations Interculturelles de Rennes)</a></p>



<p><a href="https://www.coat-albret.com/cidrerie-coat-albret/" target="_blank" rel="noreferrer noopener">Coat Albret</a></p>



<p><a href="https://metropole.rennes.fr/" target="_blank" rel="noreferrer noopener">La Ville de Rennes</a></p>



<p><a href="http://www.ille-et-vilaine.fr/fr" target="_blank" rel="noreferrer noopener">Le &nbsp;Conseil Départemental 35</a></p>



<p><a href="https://www.bretagne.bzh/" target="_blank" rel="noreferrer noopener">Le Conseil Régional</a></p>



<p><a href="https://www.cmb.fr/banque/assurance/credit-mutuel/pro/chapeau" target="_blank" rel="noreferrer noopener">Le Crédit Mutuel de Bretagne</a></p>



<p><a href="https://www.francebleu.fr/armorique" target="_blank" rel="noreferrer noopener">France Bleu Armorique</a></p>



<p><a href="https://mba.rennes.fr/">Musée des Beaux-arts de Rennes</a></p>



<p><a href="https://www.musee-bretagne.fr/">Musée de Bretagne</a></p>



<p><a href="http://www.triballat.fr/" target="_blank" rel="noreferrer noopener">Petit Breton – Triballat</a></p>



<p><a href="http://www.tamm-kreiz.bzh/" target="_blank" rel="noreferrer noopener">Tamm Kreiz</a></p>



<p><a rel="noreferrer noopener" href="https://www.tvr.bzh/" target="_blank">TV Rennes</a></p>



<p><a href="http://www.radiorennes.fr/">Radio Rennes</a></p>

<p>ASCREB Avant Deux du Rheu Bertègn Galèzz Breizhoucada Bruzhoneg Dastum Dihun bro Roazhon Div Yezh Bruz Espoir de Drâa Gallo Tonic Grain de Sel Kejadenn Kendeskiñ La Jaupitre La Maison bleue La Ville d’Acigné La Ville de la Boëxière L&rsquo;école &hellip; <a href="http://www.sevenadur.org/2021/partenaires/">Continuer la lecture <span class="meta-nav">&rarr;</span></a></p>
