{"id":101,"date":"2021-01-27T13:06:48","date_gmt":"2021-01-27T12:06:48","guid":{"rendered":"http:\/\/www.sevenadur.org\/2021\/?page_id=101"},"modified":"2021-02-26T11:37:05","modified_gmt":"2021-02-26T10:37:05","slug":"langues","status":"publish","type":"page","link":"http:\/\/www.sevenadur.org\/2021\/langues\/","title":{"rendered":"Langues et Cultures"},"content":{"rendered":"\n<div class=\"wp-block-media-text alignwide has-media-on-the-right is-stacked-on-mobile\" style=\"grid-template-columns:auto 26%\"><figure class=\"wp-block-media-text__media\"><img loading=\"lazy\" decoding=\"async\" width=\"845\" height=\"684\" src=\"http:\/\/www.sevenadur.org\/2021\/wp-content\/uploads\/sites\/8\/2021\/02\/Maisons-a-colombages-Rennes-845x684-2.jpg\" alt=\"\" class=\"wp-image-350 size-full\" srcset=\"http:\/\/www.sevenadur.org\/2021\/wp-content\/uploads\/sites\/8\/2021\/02\/Maisons-a-colombages-Rennes-845x684-2.jpg 845w, http:\/\/www.sevenadur.org\/2021\/wp-content\/uploads\/sites\/8\/2021\/02\/Maisons-a-colombages-Rennes-845x684-2-300x243.jpg 300w, http:\/\/www.sevenadur.org\/2021\/wp-content\/uploads\/sites\/8\/2021\/02\/Maisons-a-colombages-Rennes-845x684-2-768x622.jpg 768w\" sizes=\"auto, (max-width: 845px) 100vw, 845px\" \/><\/figure><div class=\"wp-block-media-text__content\">\n<p class=\"has-medium-font-size\"><a rel=\"noreferrer noopener\" href=\"http:\/\/www.sevenadur.org\/2021\/evenement\/balade-a-velo-dans-rennes\/\" target=\"_blank\">Balade \u00e0 v\u00e9lo<\/a><a href=\"http:\/\/www.sevenadur.org\/2021\/evenement\/balade-a-velo-dans-rennes\/\" target=\"_blank\" rel=\"noreferrer noopener\"> cont\u00e9e<\/a><\/p>\n<\/div><\/div>\n\n\n\n<div class=\"wp-block-media-text alignwide has-media-on-the-right is-stacked-on-mobile\" style=\"grid-template-columns:auto 31%\"><figure class=\"wp-block-media-text__media\"><img loading=\"lazy\" decoding=\"async\" width=\"1024\" height=\"576\" src=\"http:\/\/www.sevenadur.org\/2021\/wp-content\/uploads\/sites\/8\/2021\/01\/Anj\u00e9la-V\u00e9ronique-5-1024x576.jpg\" alt=\"\" class=\"wp-image-394 size-full\" srcset=\"http:\/\/www.sevenadur.org\/2021\/wp-content\/uploads\/sites\/8\/2021\/01\/Anj\u00e9la-V\u00e9ronique-5-1024x576.jpg 1024w, http:\/\/www.sevenadur.org\/2021\/wp-content\/uploads\/sites\/8\/2021\/01\/Anj\u00e9la-V\u00e9ronique-5-300x169.jpg 300w, http:\/\/www.sevenadur.org\/2021\/wp-content\/uploads\/sites\/8\/2021\/01\/Anj\u00e9la-V\u00e9ronique-5-768x432.jpg 768w, http:\/\/www.sevenadur.org\/2021\/wp-content\/uploads\/sites\/8\/2021\/01\/Anj\u00e9la-V\u00e9ronique-5-1536x864.jpg 1536w, http:\/\/www.sevenadur.org\/2021\/wp-content\/uploads\/sites\/8\/2021\/01\/Anj\u00e9la-V\u00e9ronique-5-2048x1152.jpg 2048w\" sizes=\"auto, (max-width: 1024px) 100vw, 1024px\" \/><\/figure><div class=\"wp-block-media-text__content\">\n<p class=\"has-medium-font-size\"><a href=\"http:\/\/www.sevenadur.org\/2021\/evenement\/veillee-chantee\/\" target=\"_blank\" rel=\"noreferrer noopener\">Veill\u00e9e Chant\u00e9e<\/a><\/p>\n<\/div><\/div>\n\n\n\n<div class=\"wp-block-media-text alignwide has-media-on-the-right is-stacked-on-mobile\" style=\"grid-template-columns:auto 34%\"><figure class=\"wp-block-media-text__media\"><img loading=\"lazy\" decoding=\"async\" width=\"1024\" height=\"575\" src=\"http:\/\/www.sevenadur.org\/2021\/wp-content\/uploads\/sites\/8\/2021\/02\/Mi-Figue-1024x575.jpeg\" alt=\"\" class=\"wp-image-339 size-full\" srcset=\"http:\/\/www.sevenadur.org\/2021\/wp-content\/uploads\/sites\/8\/2021\/02\/Mi-Figue-1024x575.jpeg 1024w, http:\/\/www.sevenadur.org\/2021\/wp-content\/uploads\/sites\/8\/2021\/02\/Mi-Figue-300x168.jpeg 300w, http:\/\/www.sevenadur.org\/2021\/wp-content\/uploads\/sites\/8\/2021\/02\/Mi-Figue-768x431.jpeg 768w, http:\/\/www.sevenadur.org\/2021\/wp-content\/uploads\/sites\/8\/2021\/02\/Mi-Figue-1536x862.jpeg 1536w, http:\/\/www.sevenadur.org\/2021\/wp-content\/uploads\/sites\/8\/2021\/02\/Mi-Figue.jpeg 1920w\" sizes=\"auto, (max-width: 1024px) 100vw, 1024px\" \/><\/figure><div class=\"wp-block-media-text__content\">\n<p class=\"has-medium-font-size\"><a href=\"http:\/\/www.sevenadur.org\/2021\/evenement\/spectacle-de-danse-signe\/\" target=\"_blank\" rel=\"noreferrer noopener\">Spectacle \u00ab\u00a0Les passantes\u00a0\u00bb<\/a><\/p>\n<\/div><\/div>\n\n\n\n<div class=\"wp-block-media-text alignwide has-media-on-the-right is-stacked-on-mobile\" style=\"grid-template-columns:auto 31%\"><figure class=\"wp-block-media-text__media\"><img loading=\"lazy\" decoding=\"async\" width=\"1024\" height=\"641\" src=\"http:\/\/www.sevenadur.org\/2021\/wp-content\/uploads\/sites\/8\/2021\/02\/Veill\u00e9e-chant\u00e9e-1-1024x641.jpg\" alt=\"\" class=\"wp-image-345 size-full\" srcset=\"http:\/\/www.sevenadur.org\/2021\/wp-content\/uploads\/sites\/8\/2021\/02\/Veill\u00e9e-chant\u00e9e-1-1024x641.jpg 1024w, http:\/\/www.sevenadur.org\/2021\/wp-content\/uploads\/sites\/8\/2021\/02\/Veill\u00e9e-chant\u00e9e-1-300x188.jpg 300w, http:\/\/www.sevenadur.org\/2021\/wp-content\/uploads\/sites\/8\/2021\/02\/Veill\u00e9e-chant\u00e9e-1-768x481.jpg 768w, http:\/\/www.sevenadur.org\/2021\/wp-content\/uploads\/sites\/8\/2021\/02\/Veill\u00e9e-chant\u00e9e-1.jpg 1266w\" sizes=\"auto, (max-width: 1024px) 100vw, 1024px\" \/><\/figure><div class=\"wp-block-media-text__content\">\n<p class=\"has-medium-font-size\"><a rel=\"noreferrer noopener\" href=\"http:\/\/www.sevenadur.org\/2021\/evenement\/soiree-causerie-en-gallo\/\" target=\"_blank\">Causerie en gallo<\/a><\/p>\n<\/div><\/div>\n\n\n\n<div class=\"wp-block-media-text alignwide has-media-on-the-right is-stacked-on-mobile\" style=\"grid-template-columns:auto 26%\"><figure class=\"wp-block-media-text__media\"><img loading=\"lazy\" decoding=\"async\" width=\"1024\" height=\"735\" src=\"http:\/\/www.sevenadur.org\/2021\/wp-content\/uploads\/sites\/8\/2021\/02\/Henriot-Bigoudene-1-1024x735.jpg\" alt=\"\" class=\"wp-image-490 size-full\" srcset=\"http:\/\/www.sevenadur.org\/2021\/wp-content\/uploads\/sites\/8\/2021\/02\/Henriot-Bigoudene-1-1024x735.jpg 1024w, http:\/\/www.sevenadur.org\/2021\/wp-content\/uploads\/sites\/8\/2021\/02\/Henriot-Bigoudene-1-300x215.jpg 300w, http:\/\/www.sevenadur.org\/2021\/wp-content\/uploads\/sites\/8\/2021\/02\/Henriot-Bigoudene-1-768x551.jpg 768w, http:\/\/www.sevenadur.org\/2021\/wp-content\/uploads\/sites\/8\/2021\/02\/Henriot-Bigoudene-1-1536x1102.jpg 1536w, http:\/\/www.sevenadur.org\/2021\/wp-content\/uploads\/sites\/8\/2021\/02\/Henriot-Bigoudene-1-2048x1470.jpg 2048w\" sizes=\"auto, (max-width: 1024px) 100vw, 1024px\" \/><\/figure><div class=\"wp-block-media-text__content\">\n<p class=\"has-medium-font-size\"><a href=\"http:\/\/www.sevenadur.org\/2021\/evenement\/lart-de-la-ceramique\/\" data-type=\"URL\" data-id=\"http:\/\/www.sevenadur.org\/2021\/evenement\/lart-de-la-ceramique\/\" target=\"_blank\" rel=\"noreferrer noopener\">L&rsquo;art de la c\u00e9ramique <\/a><\/p>\n<\/div><\/div>\n\n\n\n<div class=\"wp-block-media-text alignwide has-media-on-the-right is-stacked-on-mobile\" style=\"grid-template-columns:auto 22%\"><figure class=\"wp-block-media-text__media\"><img loading=\"lazy\" decoding=\"async\" width=\"750\" height=\"1000\" src=\"http:\/\/www.sevenadur.org\/2021\/wp-content\/uploads\/sites\/8\/2021\/02\/148316021_1607106019490372_2993569720565101627_n-1.jpg\" alt=\"\" class=\"wp-image-338 size-full\" srcset=\"http:\/\/www.sevenadur.org\/2021\/wp-content\/uploads\/sites\/8\/2021\/02\/148316021_1607106019490372_2993569720565101627_n-1.jpg 750w, http:\/\/www.sevenadur.org\/2021\/wp-content\/uploads\/sites\/8\/2021\/02\/148316021_1607106019490372_2993569720565101627_n-1-225x300.jpg 225w\" sizes=\"auto, (max-width: 750px) 100vw, 750px\" \/><\/figure><div class=\"wp-block-media-text__content\">\n<p class=\"has-medium-font-size\"><a rel=\"noreferrer noopener\" href=\"http:\/\/www.sevenadur.org\/2021\/evenement\/soirees-contes\/\" target=\"_blank\">Contes Gastronomiques<\/a><\/p>\n\n\n\n<p><\/p>\n<\/div><\/div>\n\n\n\n<div class=\"wp-block-media-text alignwide has-media-on-the-right is-stacked-on-mobile\" style=\"grid-template-columns:auto 25%\"><figure class=\"wp-block-media-text__media\"><img loading=\"lazy\" decoding=\"async\" width=\"800\" height=\"800\" src=\"http:\/\/www.sevenadur.org\/2021\/wp-content\/uploads\/sites\/8\/2021\/02\/visuel-Bertran-Obree.jpg\" alt=\"\" class=\"wp-image-494 size-full\" srcset=\"http:\/\/www.sevenadur.org\/2021\/wp-content\/uploads\/sites\/8\/2021\/02\/visuel-Bertran-Obree.jpg 800w, http:\/\/www.sevenadur.org\/2021\/wp-content\/uploads\/sites\/8\/2021\/02\/visuel-Bertran-Obree-300x300.jpg 300w, http:\/\/www.sevenadur.org\/2021\/wp-content\/uploads\/sites\/8\/2021\/02\/visuel-Bertran-Obree-150x150.jpg 150w, http:\/\/www.sevenadur.org\/2021\/wp-content\/uploads\/sites\/8\/2021\/02\/visuel-Bertran-Obree-768x768.jpg 768w\" sizes=\"auto, (max-width: 800px) 100vw, 800px\" \/><\/figure><div class=\"wp-block-media-text__content\">\n<p class=\"has-medium-font-size\"><a href=\"http:\/\/www.sevenadur.org\/2021\/evenement\/hommage-a-pierre-yves-le-bail\/\" data-type=\"URL\" data-id=\"http:\/\/www.sevenadur.org\/2021\/evenement\/hommage-a-pierre-yves-le-bail\/\">Hommage \u00e0 Pierre-Yves Le Bail<\/a><\/p>\n<\/div><\/div>\n\n\n\n<p><\/p>\n","protected":false},"excerpt":{"rendered":"<p>Balade \u00e0 v\u00e9lo cont\u00e9e Veill\u00e9e Chant\u00e9e Spectacle \u00ab\u00a0Les passantes\u00a0\u00bb Causerie en gallo L&rsquo;art de la c\u00e9ramique Contes Gastronomiques Hommage \u00e0 Pierre-Yves Le Bail<\/p>\n","protected":false},"author":4,"featured_media":0,"parent":0,"menu_order":0,"comment_status":"closed","ping_status":"closed","template":"","meta":{"_vp_format_video_url":"","_vp_image_focal_point":[],"footnotes":""},"class_list":["post-101","page","type-page","status-publish","hentry"],"_links":{"self":[{"href":"http:\/\/www.sevenadur.org\/2021\/wp-json\/wp\/v2\/pages\/101","targetHints":{"allow":["GET"]}}],"collection":[{"href":"http:\/\/www.sevenadur.org\/2021\/wp-json\/wp\/v2\/pages"}],"about":[{"href":"http:\/\/www.sevenadur.org\/2021\/wp-json\/wp\/v2\/types\/page"}],"author":[{"embeddable":true,"href":"http:\/\/www.sevenadur.org\/2021\/wp-json\/wp\/v2\/users\/4"}],"replies":[{"embeddable":true,"href":"http:\/\/www.sevenadur.org\/2021\/wp-json\/wp\/v2\/comments?post=101"}],"version-history":[{"count":16,"href":"http:\/\/www.sevenadur.org\/2021\/wp-json\/wp\/v2\/pages\/101\/revisions"}],"predecessor-version":[{"id":499,"href":"http:\/\/www.sevenadur.org\/2021\/wp-json\/wp\/v2\/pages\/101\/revisions\/499"}],"wp:attachment":[{"href":"http:\/\/www.sevenadur.org\/2021\/wp-json\/wp\/v2\/media?parent=101"}],"curies":[{"name":"wp","href":"https:\/\/api.w.org\/{rel}","templated":true}]}}

<div class="wp-block-media-text alignwide has-media-on-the-right is-stacked-on-mobile" style="grid-template-columns:auto 26%"><figure class="wp-block-media-text__media"><img loading="lazy" decoding="async" width="845" height="684" src="http://www.sevenadur.org/2021/wp-content/uploads/sites/8/2021/02/Maisons-a-colombages-Rennes-845x684-2.jpg" alt="" class="wp-image-350 size-full" srcset="http://www.sevenadur.org/2021/wp-content/uploads/sites/8/2021/02/Maisons-a-colombages-Rennes-845x684-2.jpg 845w, http://www.sevenadur.org/2021/wp-content/uploads/sites/8/2021/02/Maisons-a-colombages-Rennes-845x684-2-300x243.jpg 300w, http://www.sevenadur.org/2021/wp-content/uploads/sites/8/2021/02/Maisons-a-colombages-Rennes-845x684-2-768x622.jpg 768w" sizes="auto, (max-width: 845px) 100vw, 845px" /></figure><div class="wp-block-media-text__content">
<p class="has-medium-font-size"><a rel="noreferrer noopener" href="http://www.sevenadur.org/2021/evenement/balade-a-velo-dans-rennes/" target="_blank">Balade à vélo</a><a href="http://www.sevenadur.org/2021/evenement/balade-a-velo-dans-rennes/" target="_blank" rel="noreferrer noopener"> contée</a></p>
</div></div>



<div class="wp-block-media-text alignwide has-media-on-the-right is-stacked-on-mobile" style="grid-template-columns:auto 31%"><figure class="wp-block-media-text__media"><img loading="lazy" decoding="async" width="1024" height="576" src="http://www.sevenadur.org/2021/wp-content/uploads/sites/8/2021/01/Anjéla-Véronique-5-1024x576.jpg" alt="" class="wp-image-394 size-full" srcset="http://www.sevenadur.org/2021/wp-content/uploads/sites/8/2021/01/Anjéla-Véronique-5-1024x576.jpg 1024w, http://www.sevenadur.org/2021/wp-content/uploads/sites/8/2021/01/Anjéla-Véronique-5-300x169.jpg 300w, http://www.sevenadur.org/2021/wp-content/uploads/sites/8/2021/01/Anjéla-Véronique-5-768x432.jpg 768w, http://www.sevenadur.org/2021/wp-content/uploads/sites/8/2021/01/Anjéla-Véronique-5-1536x864.jpg 1536w, http://www.sevenadur.org/2021/wp-content/uploads/sites/8/2021/01/Anjéla-Véronique-5-2048x1152.jpg 2048w" sizes="auto, (max-width: 1024px) 100vw, 1024px" /></figure><div class="wp-block-media-text__content">
<p class="has-medium-font-size"><a href="http://www.sevenadur.org/2021/evenement/veillee-chantee/" target="_blank" rel="noreferrer noopener">Veillée Chantée</a></p>
</div></div>



<div class="wp-block-media-text alignwide has-media-on-the-right is-stacked-on-mobile" style="grid-template-columns:auto 34%"><figure class="wp-block-media-text__media"><img loading="lazy" decoding="async" width="1024" height="575" src="http://www.sevenadur.org/2021/wp-content/uploads/sites/8/2021/02/Mi-Figue-1024x575.jpeg" alt="" class="wp-image-339 size-full" srcset="http://www.sevenadur.org/2021/wp-content/uploads/sites/8/2021/02/Mi-Figue-1024x575.jpeg 1024w, http://www.sevenadur.org/2021/wp-content/uploads/sites/8/2021/02/Mi-Figue-300x168.jpeg 300w, http://www.sevenadur.org/2021/wp-content/uploads/sites/8/2021/02/Mi-Figue-768x431.jpeg 768w, http://www.sevenadur.org/2021/wp-content/uploads/sites/8/2021/02/Mi-Figue-1536x862.jpeg 1536w, http://www.sevenadur.org/2021/wp-content/uploads/sites/8/2021/02/Mi-Figue.jpeg 1920w" sizes="auto, (max-width: 1024px) 100vw, 1024px" /></figure><div class="wp-block-media-text__content">
<p class="has-medium-font-size"><a href="http://www.sevenadur.org/2021/evenement/spectacle-de-danse-signe/" target="_blank" rel="noreferrer noopener">Spectacle « Les passantes »</a></p>
</div></div>



<div class="wp-block-media-text alignwide has-media-on-the-right is-stacked-on-mobile" style="grid-template-columns:auto 31%"><figure class="wp-block-media-text__media"><img loading="lazy" decoding="async" width="1024" height="641" src="http://www.sevenadur.org/2021/wp-content/uploads/sites/8/2021/02/Veillée-chantée-1-1024x641.jpg" alt="" class="wp-image-345 size-full" srcset="http://www.sevenadur.org/2021/wp-content/uploads/sites/8/2021/02/Veillée-chantée-1-1024x641.jpg 1024w, http://www.sevenadur.org/2021/wp-content/uploads/sites/8/2021/02/Veillée-chantée-1-300x188.jpg 300w, http://www.sevenadur.org/2021/wp-content/uploads/sites/8/2021/02/Veillée-chantée-1-768x481.jpg 768w, http://www.sevenadur.org/2021/wp-content/uploads/sites/8/2021/02/Veillée-chantée-1.jpg 1266w" sizes="auto, (max-width: 1024px) 100vw, 1024px" /></figure><div class="wp-block-media-text__content">
<p class="has-medium-font-size"><a rel="noreferrer noopener" href="http://www.sevenadur.org/2021/evenement/soiree-causerie-en-gallo/" target="_blank">Causerie en gallo</a></p>
</div></div>



<div class="wp-block-media-text alignwide has-media-on-the-right is-stacked-on-mobile" style="grid-template-columns:auto 26%"><figure class="wp-block-media-text__media"><img loading="lazy" decoding="async" width="1024" height="735" src="http://www.sevenadur.org/2021/wp-content/uploads/sites/8/2021/02/Henriot-Bigoudene-1-1024x735.jpg" alt="" class="wp-image-490 size-full" srcset="http://www.sevenadur.org/2021/wp-content/uploads/sites/8/2021/02/Henriot-Bigoudene-1-1024x735.jpg 1024w, http://www.sevenadur.org/2021/wp-content/uploads/sites/8/2021/02/Henriot-Bigoudene-1-300x215.jpg 300w, http://www.sevenadur.org/2021/wp-content/uploads/sites/8/2021/02/Henriot-Bigoudene-1-768x551.jpg 768w, http://www.sevenadur.org/2021/wp-content/uploads/sites/8/2021/02/Henriot-Bigoudene-1-1536x1102.jpg 1536w, http://www.sevenadur.org/2021/wp-content/uploads/sites/8/2021/02/Henriot-Bigoudene-1-2048x1470.jpg 2048w" sizes="auto, (max-width: 1024px) 100vw, 1024px" /></figure><div class="wp-block-media-text__content">
<p class="has-medium-font-size"><a href="http://www.sevenadur.org/2021/evenement/lart-de-la-ceramique/" data-type="URL" data-id="http://www.sevenadur.org/2021/evenement/lart-de-la-ceramique/" target="_blank" rel="noreferrer noopener">L&rsquo;art de la céramique </a></p>
</div></div>



<div class="wp-block-media-text alignwide has-media-on-the-right is-stacked-on-mobile" style="grid-template-columns:auto 22%"><figure class="wp-block-media-text__media"><img loading="lazy" decoding="async" width="750" height="1000" src="http://www.sevenadur.org/2021/wp-content/uploads/sites/8/2021/02/148316021_1607106019490372_2993569720565101627_n-1.jpg" alt="" class="wp-image-338 size-full" srcset="http://www.sevenadur.org/2021/wp-content/uploads/sites/8/2021/02/148316021_1607106019490372_2993569720565101627_n-1.jpg 750w, http://www.sevenadur.org/2021/wp-content/uploads/sites/8/2021/02/148316021_1607106019490372_2993569720565101627_n-1-225x300.jpg 225w" sizes="auto, (max-width: 750px) 100vw, 750px" /></figure><div class="wp-block-media-text__content">
<p class="has-medium-font-size"><a rel="noreferrer noopener" href="http://www.sevenadur.org/2021/evenement/soirees-contes/" target="_blank">Contes Gastronomiques</a></p>



<p></p>
</div></div>



<div class="wp-block-media-text alignwide has-media-on-the-right is-stacked-on-mobile" style="grid-template-columns:auto 25%"><figure class="wp-block-media-text__media"><img loading="lazy" decoding="async" width="800" height="800" src="http://www.sevenadur.org/2021/wp-content/uploads/sites/8/2021/02/visuel-Bertran-Obree.jpg" alt="" class="wp-image-494 size-full" srcset="http://www.sevenadur.org/2021/wp-content/uploads/sites/8/2021/02/visuel-Bertran-Obree.jpg 800w, http://www.sevenadur.org/2021/wp-content/uploads/sites/8/2021/02/visuel-Bertran-Obree-300x300.jpg 300w, http://www.sevenadur.org/2021/wp-content/uploads/sites/8/2021/02/visuel-Bertran-Obree-150x150.jpg 150w, http://www.sevenadur.org/2021/wp-content/uploads/sites/8/2021/02/visuel-Bertran-Obree-768x768.jpg 768w" sizes="auto, (max-width: 800px) 100vw, 800px" /></figure><div class="wp-block-media-text__content">
<p class="has-medium-font-size"><a href="http://www.sevenadur.org/2021/evenement/hommage-a-pierre-yves-le-bail/" data-type="URL" data-id="http://www.sevenadur.org/2021/evenement/hommage-a-pierre-yves-le-bail/">Hommage à Pierre-Yves Le Bail</a></p>
</div></div>



<p></p>

<p>Balade à vélo contée Veillée Chantée Spectacle « Les passantes » Causerie en gallo L&rsquo;art de la céramique Contes Gastronomiques Hommage à Pierre-Yves Le Bail</p>
