{"id":29,"date":"2020-01-14T16:41:27","date_gmt":"2020-01-14T15:41:27","guid":{"rendered":"http:\/\/www.sevenadur.org\/2020\/?page_id=29"},"modified":"2020-02-11T11:05:37","modified_gmt":"2020-02-11T10:05:37","slug":"sevenadur-enfants","status":"publish","type":"page","link":"http:\/\/www.sevenadur.org\/2020\/sevenadur-enfants\/","title":{"rendered":"Sevenadur enfants"},"content":{"rendered":"\n<p>Chaque ann\u00e9e, le Cercle Celtique de Rennes organise aux vacances d&rsquo;hiver les journ\u00e9es enfants Sevenadur pour les 6-10 ans et Kiffe ta Breizh pour les adolescents entre 11 et 17 ans. En 2020, le v\u00eatement nous inspire. Le projet est en cours de r\u00e9flexion, mais nous savons d\u00e9j\u00e0 que sous l\u2019oeil attentif d\u2019une tailleur-couturi\u00e8re, les enfants des quartiers Villejean-Beauregard r\u00e9aliseront une pi\u00e8ce de v\u00eatement&nbsp;: un ch\u00e2le. Chacun apportera un peu de lui, de sa culture par le biais d\u2019un morceau de tissu qu\u2019il pourra customiser avant de l\u2019assembler aux autres. Afin de compl\u00e9ter cette panoplie, les enfants pourront \u00e9galement r\u00e9aliser des accessoires tels qu\u2019une ceinture\u2026<\/p>\n\n\n\n<p>Pendant ces journ\u00e9es culturelles, nous irons \u00e0 la rencontre de la culture g\u00e9orgienne. Nous nous initierons \u00e0 leurs danses, chants, musiques, costumes<\/p>\n\n\n\n<h2 class=\"wp-block-heading\"><\/h2>\n\n\n\n<hr class=\"wp-block-separator is-style-wide\" \/>\n\n\n\n<h2 class=\"wp-block-heading\"><\/h2>\n\n\n\n<div class=\"wp-block-cover has-pale-cyan-blue-background-color has-background-dim\" style=\"min-height:95px;aspect-ratio:unset;\"><div class=\"wp-block-cover__inner-container is-layout-flow wp-block-cover-is-layout-flow\">\n<p class=\"has-text-align-left has-large-font-size\">Cr\u00e9ation Ch\u00e2le du monde <\/p>\n<\/div><\/div>\n\n\n\n<h2 class=\"wp-block-heading\"><\/h2>\n\n\n\n<div class=\"wp-block-media-text alignwide\"><figure class=\"wp-block-media-text__media\"><img loading=\"lazy\" decoding=\"async\" width=\"318\" height=\"159\" src=\"http:\/\/www.sevenadur.org\/2020\/wp-content\/uploads\/sites\/7\/2020\/01\/thumbnail_large-2.jpg\" alt=\"\" class=\"wp-image-84\" srcset=\"http:\/\/www.sevenadur.org\/2020\/wp-content\/uploads\/sites\/7\/2020\/01\/thumbnail_large-2.jpg 318w, http:\/\/www.sevenadur.org\/2020\/wp-content\/uploads\/sites\/7\/2020\/01\/thumbnail_large-2-300x150.jpg 300w\" sizes=\"auto, (max-width: 318px) 100vw, 318px\" \/><\/figure><div class=\"wp-block-media-text__content\">\n<p class=\"has-medium-font-size\"><strong><em>Mercredi  28 f\u00e9vrier<\/em><\/strong> <\/p>\n\n\n\n<h2 class=\"wp-block-heading\"><\/h2>\n\n\n\n<p>Viens nous aider \u00e0 r\u00e9aliser un ch\u00e2le avec Dany, notre tailleuse-couturi\u00e8re. Apporte des tissus qui te plaisent (20x20cm) qu&rsquo;on customisera (rubans, pochoirs, broderies &#8230;) et assemblera pour cr\u00e9er un v\u00eatement unique. <\/p>\n\n\n\n<p>Tu peux revenir jeudi participer au d\u00e9fil\u00e9 de mode.<\/p>\n\n\n\n<p class=\"has-small-font-size\"><strong>Au Cercle celtique de Rennes \u2013 \u00e0 partir de 6 ans &#8211; 5\u20ac<\/strong><\/p>\n\n\n\n<p class=\"has-small-font-size\"><strong>En partenariat avec le Cadran, la Maison de Quartier Villejean et le<\/strong> <strong>Cercle Paul Bert &#8211; Renseignements et inscriptions : 02 99 54 36 45 &#8211; mediation@cercleceltiquederennes.org<\/strong><\/p>\n<\/div><\/div>\n\n\n\n<h2 class=\"wp-block-heading\"><\/h2>\n\n\n\n<hr class=\"wp-block-separator is-style-wide\" \/>\n\n\n\n<h2 class=\"wp-block-heading\"><\/h2>\n\n\n\n<div class=\"wp-block-cover has-pale-cyan-blue-background-color has-background-dim\" style=\"min-height:95px;aspect-ratio:unset;\"><div class=\"wp-block-cover__inner-container is-layout-flow wp-block-cover-is-layout-flow\">\n<p class=\"has-text-align-left has-large-font-size\"><strong>Teintamask<\/strong> <\/p>\n<\/div><\/div>\n\n\n\n<h2 class=\"wp-block-heading\"><\/h2>\n\n\n\n<div class=\"wp-block-media-text alignwide\"><figure class=\"wp-block-media-text__media\"><img loading=\"lazy\" decoding=\"async\" width=\"413\" height=\"550\" src=\"http:\/\/www.sevenadur.org\/2020\/wp-content\/uploads\/sites\/7\/2020\/01\/thumbnail_large-3-1.jpg\" alt=\"\" class=\"wp-image-85\" srcset=\"http:\/\/www.sevenadur.org\/2020\/wp-content\/uploads\/sites\/7\/2020\/01\/thumbnail_large-3-1.jpg 413w, http:\/\/www.sevenadur.org\/2020\/wp-content\/uploads\/sites\/7\/2020\/01\/thumbnail_large-3-1-225x300.jpg 225w\" sizes=\"auto, (max-width: 413px) 100vw, 413px\" \/><\/figure><div class=\"wp-block-media-text__content\">\n<p class=\"has-medium-font-size\"> <strong><em>Jeudi 27 f\u00e9vrier<\/em><\/strong> <\/p>\n\n\n\n<h2 class=\"wp-block-heading\"><\/h2>\n\n\n\n<p class=\"has-normal-font-size\">Apr\u00e8s cette journ\u00e9e la teinture des tissus n\u2019aura plus de secret pour toi&nbsp;! <\/p>\n\n\n\n<p class=\"has-small-font-size\"><strong>Au Cercle Celtique de Rennes, Ferme de la Harpe &#8211; \u00e0 partir de 6 ans &#8211; 5\u20ac<\/strong><\/p>\n\n\n\n<p class=\"has-small-font-size\"><strong>Renseignements et inscriptions : 02 99 54 36 45 &#8211; Inscription \u00e0 la journ\u00e9e &#8211; mediation@cercleceltiquederennes.org<\/strong><\/p>\n<\/div><\/div>\n\n\n\n<h2 class=\"wp-block-heading\"><\/h2>\n\n\n\n<hr class=\"wp-block-separator is-style-wide\" \/>\n\n\n\n<h2 class=\"wp-block-heading\"><\/h2>\n\n\n\n<div class=\"wp-block-cover has-pale-cyan-blue-background-color has-background-dim\" style=\"min-height:95px;aspect-ratio:unset;\"><div class=\"wp-block-cover__inner-container is-layout-flow wp-block-cover-is-layout-flow\">\n<p class=\"has-text-align-left has-large-font-size\">Kiffe ta breizh<\/p>\n<\/div><\/div>\n\n\n\n<p><\/p>\n\n\n\n<p class=\"has-medium-font-size\">  <\/p>\n\n\n\n<div class=\"wp-block-media-text alignwide\"><figure class=\"wp-block-media-text__media\"><img loading=\"lazy\" decoding=\"async\" width=\"171\" height=\"219\" src=\"http:\/\/www.sevenadur.org\/2020\/wp-content\/uploads\/sites\/7\/2020\/01\/kiffe-ta-breizh.png\" alt=\"\" class=\"wp-image-92\" \/><\/figure><div class=\"wp-block-media-text__content\">\n<p class=\"has-medium-font-size\"><strong><em>Jeudi 27 f\u00e9vrier<\/em><\/strong> <\/p>\n\n\n\n<h2 class=\"wp-block-heading\"><\/h2>\n\n\n\n<p class=\"has-normal-font-size\">Organisateur, photographe ou mannequin viens nous aider \u00e0 r\u00e9aliser un d\u00e9fil\u00e9 de mode. Viens d\u00e9couvrir les coulisses de la mode ! <\/p>\n\n\n\n<p class=\"has-small-font-size\"><strong>Au Cercle Celtique de Rennes, Ferme de la Harpe &#8211; de 9h30 \u00e0 17h &#8211;  5 euros &#8211; \u00e0 partir de 11 ans &nbsp;&#8211; Renseignements et inscriptions 02 99 54 36 45 &#8211; mediation@cercleceltiquederennes.org <\/strong>  <\/p>\n<\/div><\/div>\n\n\n\n<h2 class=\"wp-block-heading\"><\/h2>\n\n\n\n<hr class=\"wp-block-separator is-style-wide\" \/>\n\n\n\n<h2 class=\"wp-block-heading\"><\/h2>\n\n\n\n<div class=\"wp-block-cover has-pale-cyan-blue-background-color has-background-dim\" style=\"min-height:95px;aspect-ratio:unset;\"><div class=\"wp-block-cover__inner-container is-layout-flow wp-block-cover-is-layout-flow\">\n<p class=\"has-text-align-left has-large-font-size\">Rencontres Breizh &#8211; G\u00e9orgie <\/p>\n<\/div><\/div>\n\n\n\n<div style=\"height:100px\" aria-hidden=\"true\" class=\"wp-block-spacer\"><\/div>\n\n\n\n<p class=\"has-medium-font-size\">  <\/p>\n\n\n\n<div class=\"wp-block-image\"><figure class=\"aligncenter size-large\"><img loading=\"lazy\" decoding=\"async\" width=\"550\" height=\"310\" src=\"http:\/\/www.sevenadur.org\/2020\/wp-content\/uploads\/sites\/7\/2020\/01\/thumbnail_large-4.jpg\" alt=\"\" class=\"wp-image-86\" srcset=\"http:\/\/www.sevenadur.org\/2020\/wp-content\/uploads\/sites\/7\/2020\/01\/thumbnail_large-4.jpg 550w, http:\/\/www.sevenadur.org\/2020\/wp-content\/uploads\/sites\/7\/2020\/01\/thumbnail_large-4-300x169.jpg 300w\" sizes=\"auto, (max-width: 550px) 100vw, 550px\" \/><\/figure><\/div>\n\n\n\n<h2 class=\"wp-block-heading\"><\/h2>\n\n\n\n<p class=\"has-medium-font-size\"><strong><em>Vendredi 28 f\u00e9vrier<\/em><\/strong>  <\/p>\n\n\n\n<p>Cette journ\u00e9e est d\u00e9di\u00e9e \u00e0 notre rencontre avec la Georgie. Stage de musique d\u2019ensemble aux sonorit\u00e9s bretonnes et g\u00e9orgiennes ou viens montrer ta danse et t\u2019initier aux mouvements de la danse g\u00e9orgienne. <\/p>\n\n\n\n<p class=\"has-small-font-size\"><strong>Au Cercle Celtique de Rennes, Ferme de la Harpe, Rennes \u2013 \u00e0 partir de 6 ans &#8211; 5\u20ac en partenariat avec Lunite ertoba  &#8211; Renseignements et inscriptions&nbsp; &#8211; mediation@cercleceltiquederennes.org &#8211; 02 99 54 36 45 <\/strong> <\/p>\n\n\n\n<h2 class=\"wp-block-heading\"><\/h2>\n\n\n\n<hr class=\"wp-block-separator is-style-wide\" \/>\n\n\n\n<h2 class=\"wp-block-heading\"><\/h2>\n\n\n\n<div class=\"wp-block-cover has-pale-cyan-blue-background-color has-background-dim\" style=\"min-height:95px;aspect-ratio:unset;\"><div class=\"wp-block-cover__inner-container is-layout-flow wp-block-cover-is-layout-flow\">\n<p class=\"has-text-align-left has-large-font-size\">Spectacle famille <\/p>\n<\/div><\/div>\n\n\n\n<div style=\"height:100px\" aria-hidden=\"true\" class=\"wp-block-spacer\"><\/div>\n\n\n\n<p class=\"has-medium-font-size\"><strong><em>Dimanche<\/em><\/strong> <strong><em>8 mars<\/em><\/strong><\/p>\n\n\n\n<p>C\u2019est le d\u00e9but du printemps et l\u2019Inde s\u2019invite \u00e0 la f\u00eate avec les couleurs de Holi. Suivi des spectacles \u00ab&nbsp;Le tissage enchant\u00e9&nbsp;\u00bb et de \u00ab&nbsp;la fille du Rajah&nbsp;\u00bb au mus\u00e9e des Beaux-Arts avec le duo Kalmedaz, Jack de Almeida Fourr\u00e9 et Maria Diaz, qui vous invite sur son tapis volant ! Vous pousserez des portes secr\u00e8tes pour go\u00fbter aux merveilles des mondes invisibles &#8230; Tous les moyens seront bons pour vous d\u00e9boussoler et vous donner de nouveaux r\u00eaves \u00e0 tisser. D\u00e9paysement assur\u00e9 ! <\/p>\n\n\n\n<div class=\"wp-block-image\"><figure class=\"aligncenter size-large\"><img loading=\"lazy\" decoding=\"async\" width=\"712\" height=\"1000\" src=\"http:\/\/www.sevenadur.org\/2020\/wp-content\/uploads\/sites\/7\/2020\/02\/Affiche-Sevenadur_web_maria.jpg\" alt=\"\" class=\"wp-image-211\" srcset=\"http:\/\/www.sevenadur.org\/2020\/wp-content\/uploads\/sites\/7\/2020\/02\/Affiche-Sevenadur_web_maria.jpg 712w, http:\/\/www.sevenadur.org\/2020\/wp-content\/uploads\/sites\/7\/2020\/02\/Affiche-Sevenadur_web_maria-214x300.jpg 214w\" sizes=\"auto, (max-width: 712px) 100vw, 712px\" \/><\/figure><\/div>\n\n\n\n<p class=\"has-medium-font-size\"><strong><em>LA FILLE DU RAJAH<\/em><\/strong><\/p>\n\n\n\n<p><\/p>\n\n\n\n<p>Dans une somptueuse forteresse de marbre au bord du d\u00e9sert, un Rajah vieillissant attend la naissance d\u2019un h\u00e9ritier : \u00f4 surprise, c\u2019est une fille qui vient bouleverser sa vie ! La petite princesse Kalyani est instruite par l\u2019homme de confiance du Rajah, le brahmane Panditji, qui prend de plus en plus d&rsquo;importance dans la conduite des affaires. Jusqu\u2019au jour o\u00f9 le ma\u00eetre Panditji veut m\u00eame \u00e9pouser son \u00e9l\u00e8ve, devenue la plus belle fleur de lotus du pays\u2026 Le brahmane \u00e9chafaude un plan machiav\u00e9lique pour parvenir \u00e0 ses fins, mais la destin\u00e9e r\u00e9serve d&rsquo;autres surprises \u00e0 la princesse Kalyani ! 2 contes de soie et d&rsquo;\u00e9pices dignes de films indiens massalas ! Librement adapt\u00e9s de contes traditionnels.<\/p>\n\n\n\n<h2 class=\"wp-block-heading\"><\/h2>\n\n\n\n<p class=\"has-medium-font-size\"><strong><em>LE TISSAGE ENCHANT\u00c9<\/em><\/strong><\/p>\n\n\n\n<p><\/p>\n\n\n\n<p>Dans une baraque de briques et de t\u00f4le au pied des plantations de th\u00e9, Nandita tisse \u00e0 la main la soie la plus fine du pays, comme l&rsquo;ont fait ses anc\u00eatres avant elle. Ses merveilleux tissus habillent les puissants, mais le monde a chang\u00e9. Depuis la crue de la rivi\u00e8re, depuis qu\u2019elle a perdu son mari, les maigres revenus de Nandita ne suffisent plus \u00e0 payer les factures\u2026 Quel h\u00e9ritage donner \u00e0 ses trois grands fils en \u00e2ge de se marier : Rishit, Rubesh et Revan ? Nandita fait le r\u00eave d\u2019une maison merveilleuse et se met au travail pour tisser, mais un coup du sort emporte le tissage&#8230; Qui sera capable d&rsquo;aller jusqu&rsquo;au bout des myst\u00e8res et du courage pour r\u00e9aliser le r\u00eave de Nandita ?<\/p>\n\n\n\n<p class=\"has-small-font-size\"><strong>La journ\u00e9e &#8211;&nbsp;6\u20ac. Au mus\u00e9e des Beaux-Arts &#8211; \u00e0 16h \u2013 \u00e0 partir de 7 ans \u2013 dur\u00e9e&nbsp;: 1h15&nbsp; &#8211; Renseignements et inscriptions 02 99 54 36 45 &#8211; mediation@cercleceltiquederennes.org<\/strong><\/p>\n\n\n\n<h2 class=\"wp-block-heading\"><\/h2>\n\n\n\n<hr class=\"wp-block-separator is-style-wide\" \/>\n\n\n\n<h2 class=\"wp-block-heading\"><\/h2>\n\n\n\n<div class=\"wp-block-cover has-pale-cyan-blue-background-color has-background-dim\" style=\"min-height:95px;aspect-ratio:unset;\"><div class=\"wp-block-cover__inner-container is-layout-flow wp-block-cover-is-layout-flow\">\n<p class=\"has-text-align-left has-large-font-size\">Le bal des mondes<\/p>\n\n\n\n<p><\/p>\n<\/div><\/div>\n\n\n\n<div style=\"height:100px\" aria-hidden=\"true\" class=\"wp-block-spacer\"><\/div>\n\n\n\n<div class=\"wp-block-image\"><figure class=\"aligncenter size-large\"><img loading=\"lazy\" decoding=\"async\" width=\"724\" height=\"1024\" src=\"http:\/\/www.sevenadur.org\/2020\/wp-content\/uploads\/sites\/7\/2020\/01\/affiche_baldesmondes-724x1024.jpg\" alt=\"\" class=\"wp-image-93\" srcset=\"http:\/\/www.sevenadur.org\/2020\/wp-content\/uploads\/sites\/7\/2020\/01\/affiche_baldesmondes-724x1024.jpg 724w, http:\/\/www.sevenadur.org\/2020\/wp-content\/uploads\/sites\/7\/2020\/01\/affiche_baldesmondes-212x300.jpg 212w, http:\/\/www.sevenadur.org\/2020\/wp-content\/uploads\/sites\/7\/2020\/01\/affiche_baldesmondes-768x1086.jpg 768w, http:\/\/www.sevenadur.org\/2020\/wp-content\/uploads\/sites\/7\/2020\/01\/affiche_baldesmondes-1086x1536.jpg 1086w, http:\/\/www.sevenadur.org\/2020\/wp-content\/uploads\/sites\/7\/2020\/01\/affiche_baldesmondes-1448x2048.jpg 1448w, http:\/\/www.sevenadur.org\/2020\/wp-content\/uploads\/sites\/7\/2020\/01\/affiche_baldesmondes-scaled.jpg 1810w\" sizes=\"auto, (max-width: 724px) 100vw, 724px\" \/><\/figure><\/div>\n\n\n\n<div style=\"height:100px\" aria-hidden=\"true\" class=\"wp-block-spacer\"><\/div>\n\n\n\n<p class=\"has-medium-font-size\"><strong><em>Vendredi 13 mars<\/em><\/strong><\/p>\n\n\n\n<p>Destination : Le Parquet de&nbsp; Bal \u00e0 la Ferme de la Harpe \u00e0 la rencontre de l&rsquo;Afrique de l&rsquo;Ouest et de la Bretagne pour un bal des mondes haut en couleurs. Pour venir, deux d\u00e9ambulations sont au programme ! L&rsquo;une partant de l&rsquo;\u00e9cole Sonia Delaunay, l&rsquo;autre de l&rsquo;\u00e9cole Andr\u00e9e-Chedid. <\/p>\n\n\n\n<p class=\"has-small-font-size\"><strong>Ferme de la Harpe, Rennes &#8211; CCR &#8211; 16h15 &#8211; Gratuit Renseignements : mediation@cercleceltiquederennes.org &#8211; 02 99 54 36 45 <\/strong><\/p>\n\n\n\n<h2 class=\"wp-block-heading\"><\/h2>\n\n\n\n<hr class=\"wp-block-separator is-style-wide\" \/>\n\n\n\n<h2 class=\"wp-block-heading\"><\/h2>\n\n\n\n<div class=\"wp-block-cover has-pale-cyan-blue-background-color has-background-dim\" style=\"min-height:90px;aspect-ratio:unset;\"><div class=\"wp-block-cover__inner-container is-layout-flow wp-block-cover-is-layout-flow\">\n<p class=\"has-text-align-left has-large-font-size\">Bal celtique des enfants<\/p>\n<\/div><\/div>\n\n\n\n<h2 class=\"wp-block-heading\"><\/h2>\n\n\n\n<p class=\"has-small-font-size\"><strong>Centre culturel Agora, Place Jean Auvergne, 35650, Le Rheu &#8211; 2\u20ac &#8211; 14h\/17h\u00a0<\/strong><\/p>\n\n\n\n<p class=\"has-small-font-size\"><strong>Renseignement : avant2durheu@gmx.fr &#8211; Edith Leguay &#8211; 06 79 20 70 26<\/strong><\/p>\n\n\n\n<h2 class=\"wp-block-heading\"><\/h2>\n\n\n\n<hr class=\"wp-block-separator is-style-wide\" \/>\n\n\n<div class=\"has-avatars has-dates has-excerpts no-comments wp-block-latest-comments\">Aucun commentaire \u00e0 afficher.<\/div>","protected":false},"excerpt":{"rendered":"<p>Chaque ann\u00e9e, le Cercle Celtique de Rennes organise aux vacances d&rsquo;hiver les journ\u00e9es enfants Sevenadur pour les 6-10 ans et Kiffe ta Breizh pour les adolescents entre 11 et 17 ans. En 2020, le v\u00eatement nous inspire. Le projet est &hellip; <a href=\"http:\/\/www.sevenadur.org\/2020\/sevenadur-enfants\/\">Continuer la lecture <span class=\"meta-nav\">&rarr;<\/span><\/a><\/p>\n","protected":false},"author":5,"featured_media":0,"parent":0,"menu_order":0,"comment_status":"closed","ping_status":"closed","template":"","meta":{"_vp_format_video_url":"","_vp_image_focal_point":[],"footnotes":""},"class_list":["post-29","page","type-page","status-publish","hentry"],"_links":{"self":[{"href":"http:\/\/www.sevenadur.org\/2020\/wp-json\/wp\/v2\/pages\/29","targetHints":{"allow":["GET"]}}],"collection":[{"href":"http:\/\/www.sevenadur.org\/2020\/wp-json\/wp\/v2\/pages"}],"about":[{"href":"http:\/\/www.sevenadur.org\/2020\/wp-json\/wp\/v2\/types\/page"}],"author":[{"embeddable":true,"href":"http:\/\/www.sevenadur.org\/2020\/wp-json\/wp\/v2\/users\/5"}],"replies":[{"embeddable":true,"href":"http:\/\/www.sevenadur.org\/2020\/wp-json\/wp\/v2\/comments?post=29"}],"version-history":[{"count":28,"href":"http:\/\/www.sevenadur.org\/2020\/wp-json\/wp\/v2\/pages\/29\/revisions"}],"predecessor-version":[{"id":232,"href":"http:\/\/www.sevenadur.org\/2020\/wp-json\/wp\/v2\/pages\/29\/revisions\/232"}],"wp:attachment":[{"href":"http:\/\/www.sevenadur.org\/2020\/wp-json\/wp\/v2\/media?parent=29"}],"curies":[{"name":"wp","href":"https:\/\/api.w.org\/{rel}","templated":true}]}}