{"id":26,"date":"2020-01-14T16:41:14","date_gmt":"2020-01-14T15:41:14","guid":{"rendered":"http:\/\/www.sevenadur.org\/2020\/?page_id=26"},"modified":"2020-01-14T16:47:45","modified_gmt":"2020-01-14T15:47:45","slug":"sevenadur-2020","status":"publish","type":"page","link":"http:\/\/www.sevenadur.org\/2020\/","title":{"rendered":"Sevenadur 2020"},"content":{"rendered":"\n<p>Du mercredi 26 f\u00e9vrier au dimanche 15 mars aura lieu la 20\u00e8me \u00e9dition des rencontres interculturelles Sevenadur.<\/p>\n\n\n\n<p> Sevenadur qui signifie<strong>\u00ab\u00a0culture\u00a0\u00bb<\/strong>en Breton est un \u00e9v\u00e8nement majeur dans l\u2019ann\u00e9e qui rassemble plus de <strong>30 structures du pays rennais<\/strong> autour des cultures populaires <strong>de Bretagne et d&rsquo;ailleurs.<\/strong><\/p>\n\n\n\n<p>Un moment cl\u00e9, o\u00f9 des acteurs porteurs de la culture populaire se rassemblent pour proposer une programmation riche et diversifi\u00e9e en pr\u00e9sentant diff\u00e9rents formes artistiques et culturelles du Patrimoine Culturel Immat\u00e9riel : festo\u00f9-noz, festo\u00f9-deiz, jeux, conf\u00e9rences, expositions, stages et ateliers&#8230;<\/p>\n\n\n\n<p>Ces moments riches sont l\u2019occasion pour les diff\u00e9rents acteurs, porteurs de ces cultures de se rencontrer, de se d\u00e9couvrir, de construire et de proposer des \u00e9v\u00e8nements pendant trois semaines. Aussi, en favorisant les rencontres entre la culture bretonne et les autres cultures, Sevenadur permet de renforcer le socle culturel commun de notre territoire et de participer ensemble \u00e0 notre culture partag\u00e9e d&rsquo;aujourd&rsquo;hui.<\/p>\n\n\n\n<p>Sevenadur contribue avec ses moyens \u00e0 favoriser le \u00ab\u00a0<strong>vivre ensemble<\/strong>\u00ab\u00a0.<\/p>\n\n\n\n<p>En cette nouvelle \u00e9dition, <strong>Sevenadur<\/strong> a choisi de mettre la th\u00e9matique du <strong>v\u00eatement<\/strong> au c\u0153ur de sa programmation.<\/p>\n\n\n\n<p> De la mati\u00e8re, aux m\u00e9tiers, aux rites et croyances, en passant par les effets de modes, le v\u00eatement \u00e9volue au fil du temps, des saisons. Dans sa fonction sociale, il r\u00e9unit diff\u00e9rentes notions pr\u00e9sentes dans toute soci\u00e9t\u00e9<strong>: Parure, Protection,Pudeur et Parole. <\/strong>La place du v\u00eatement dans le patrimoine culturel immat\u00e9riel permet d&rsquo;exprimer des savoirs faire, des m\u00e9tiers, des mati\u00e8res ou bien encore sa fonction sociale.<\/p>\n","protected":false},"excerpt":{"rendered":"<p>Du mercredi 26 f\u00e9vrier au dimanche 15 mars aura lieu la 20\u00e8me \u00e9dition des rencontres interculturelles Sevenadur. Sevenadur qui signifie\u00ab\u00a0culture\u00a0\u00bben Breton est un \u00e9v\u00e8nement majeur dans l\u2019ann\u00e9e qui rassemble plus de 30 structures du pays rennais autour des cultures populaires &hellip; <a href=\"http:\/\/www.sevenadur.org\/2020\/\">Continuer la lecture <span class=\"meta-nav\">&rarr;<\/span><\/a><\/p>\n","protected":false},"author":5,"featured_media":0,"parent":0,"menu_order":0,"comment_status":"closed","ping_status":"closed","template":"","meta":{"_vp_format_video_url":"","_vp_image_focal_point":[],"footnotes":""},"class_list":["post-26","page","type-page","status-publish","hentry"],"_links":{"self":[{"href":"http:\/\/www.sevenadur.org\/2020\/wp-json\/wp\/v2\/pages\/26","targetHints":{"allow":["GET"]}}],"collection":[{"href":"http:\/\/www.sevenadur.org\/2020\/wp-json\/wp\/v2\/pages"}],"about":[{"href":"http:\/\/www.sevenadur.org\/2020\/wp-json\/wp\/v2\/types\/page"}],"author":[{"embeddable":true,"href":"http:\/\/www.sevenadur.org\/2020\/wp-json\/wp\/v2\/users\/5"}],"replies":[{"embeddable":true,"href":"http:\/\/www.sevenadur.org\/2020\/wp-json\/wp\/v2\/comments?post=26"}],"version-history":[{"count":3,"href":"http:\/\/www.sevenadur.org\/2020\/wp-json\/wp\/v2\/pages\/26\/revisions"}],"predecessor-version":[{"id":249,"href":"http:\/\/www.sevenadur.org\/2020\/wp-json\/wp\/v2\/pages\/26\/revisions\/249"}],"wp:attachment":[{"href":"http:\/\/www.sevenadur.org\/2020\/wp-json\/wp\/v2\/media?parent=26"}],"curies":[{"name":"wp","href":"https:\/\/api.w.org\/{rel}","templated":true}]}}

<p>Du mercredi 26 février au dimanche 15 mars aura lieu la 20ème édition des rencontres interculturelles Sevenadur.</p>



<p> Sevenadur qui signifie<strong>« culture »</strong>en Breton est un évènement majeur dans l’année qui rassemble plus de <strong>30 structures du pays rennais</strong> autour des cultures populaires <strong>de Bretagne et d&rsquo;ailleurs.</strong></p>



<p>Un moment clé, où des acteurs porteurs de la culture populaire se rassemblent pour proposer une programmation riche et diversifiée en présentant différents formes artistiques et culturelles du Patrimoine Culturel Immatériel : festoù-noz, festoù-deiz, jeux, conférences, expositions, stages et ateliers&#8230;</p>



<p>Ces moments riches sont l’occasion pour les différents acteurs, porteurs de ces cultures de se rencontrer, de se découvrir, de construire et de proposer des évènements pendant trois semaines. Aussi, en favorisant les rencontres entre la culture bretonne et les autres cultures, Sevenadur permet de renforcer le socle culturel commun de notre territoire et de participer ensemble à notre culture partagée d&rsquo;aujourd&rsquo;hui.</p>



<p>Sevenadur contribue avec ses moyens à favoriser le « <strong>vivre ensemble</strong>« .</p>



<p>En cette nouvelle édition, <strong>Sevenadur</strong> a choisi de mettre la thématique du <strong>vêtement</strong> au cœur de sa programmation.</p>



<p> De la matière, aux métiers, aux rites et croyances, en passant par les effets de modes, le vêtement évolue au fil du temps, des saisons. Dans sa fonction sociale, il réunit différentes notions présentes dans toute société<strong>: Parure, Protection,Pudeur et Parole. </strong>La place du vêtement dans le patrimoine culturel immatériel permet d&rsquo;exprimer des savoirs faire, des métiers, des matières ou bien encore sa fonction sociale.</p>

<p>Du mercredi 26 février au dimanche 15 mars aura lieu la 20ème édition des rencontres interculturelles Sevenadur. Sevenadur qui signifie« culture »en Breton est un évènement majeur dans l’année qui rassemble plus de 30 structures du pays rennais autour des cultures populaires &hellip; <a href="http://www.sevenadur.org/2020/">Continuer la lecture <span class="meta-nav">&rarr;</span></a></p>
