{"id":11,"date":"2020-01-14T16:40:00","date_gmt":"2020-01-14T15:40:00","guid":{"rendered":"http:\/\/www.sevenadur.org\/2020\/?page_id=11"},"modified":"2020-02-11T12:17:39","modified_gmt":"2020-02-11T11:17:39","slug":"expositions","status":"publish","type":"page","link":"http:\/\/www.sevenadur.org\/2020\/expositions\/","title":{"rendered":"Expositions"},"content":{"rendered":"\n<h2 class=\"wp-block-heading\"><\/h2>\n\n\n\n<div class=\"wp-block-cover has-pale-cyan-blue-background-color has-background-dim\" style=\"min-height:70px;aspect-ratio:unset;\"><div class=\"wp-block-cover__inner-container is-layout-flow wp-block-cover-is-layout-flow\">\n<p class=\"has-text-align-left has-large-font-size\">Corps-D\u00e9cor<\/p>\n<\/div><\/div>\n\n\n\n<div class=\"wp-block-image\"><figure class=\"aligncenter size-medium\"><img loading=\"lazy\" decoding=\"async\" width=\"217\" height=\"300\" src=\"http:\/\/www.sevenadur.org\/2020\/wp-content\/uploads\/sites\/7\/2020\/01\/corp-decor-217x300.png\" alt=\"\" class=\"wp-image-48\" srcset=\"http:\/\/www.sevenadur.org\/2020\/wp-content\/uploads\/sites\/7\/2020\/01\/corp-decor-217x300.png 217w, http:\/\/www.sevenadur.org\/2020\/wp-content\/uploads\/sites\/7\/2020\/01\/corp-decor.png 225w\" sizes=\"auto, (max-width: 217px) 100vw, 217px\" \/><\/figure><\/div>\n\n\n\n<h2 class=\"wp-block-heading\"><\/h2>\n\n\n\n<p class=\"has-medium-font-size\"><em><strong>Du 26 f\u00e9vrier au 27<\/strong> <strong>mars <\/strong><\/em><\/p>\n\n\n\n<p>L\u2019exposition Corps-D\u00e9cor, pr\u00e9sent\u00e9e \u00e0 La Granjagoul du 26 f\u00e9vrier au 27 mars, propose quelques points de rep\u00e8res, \u00e0 l\u2019aide de pi\u00e8ces vestimentaires tiss\u00e9es, de photographies et de vid\u00e9os du fonds documentaire de la Maison des Cultures. La visite permet de d\u00e9couvrir des costumes de diverses parties du monde, les pi\u00e8ces provenant de multiples destinations r\u00e9parties sur les cinq continents.<\/p>\n\n\n\n<p>L\u2019exposition vise \u00e0 interroger sur la notion du v\u00eatement et du costume : pourquoi et comment sont-ils utilis\u00e9s ? Dans quelles situations ?<\/p>\n\n\n\n<p class=\"has-small-font-size\"><strong>La Granjagoul, 2ter Rue de la Bascule, 35210 Parc\u00e9, Gratuit,  du lundi au vendredi de 14h \u00e0 18h et le samedi 14 mars de 14h \u00e0 18h &#8211; Renseignements : 02 99 95 37 99 &#8211; contact@granjagoul.fr<\/strong><\/p>\n\n\n\n<p class=\"has-small-font-size\"><strong>Organisation : La Granjagoul<\/strong><\/p>\n\n\n\n<h2 class=\"wp-block-heading\"><\/h2>\n\n\n\n<hr class=\"wp-block-separator is-style-wide\" \/>\n\n\n\n<h2 class=\"wp-block-heading\"><\/h2>\n\n\n\n<div class=\"wp-block-cover has-pale-cyan-blue-background-color has-background-dim\" style=\"min-height:95px;aspect-ratio:unset;\"><div class=\"wp-block-cover__inner-container is-layout-flow wp-block-cover-is-layout-flow\">\n<p class=\"has-text-align-left has-large-font-size\">Reflets de Bretagne<\/p>\n<\/div><\/div>\n\n\n\n<div class=\"wp-block-image\"><figure class=\"aligncenter size-large\"><img loading=\"lazy\" decoding=\"async\" width=\"208\" height=\"243\" src=\"http:\/\/www.sevenadur.org\/2020\/wp-content\/uploads\/sites\/7\/2020\/01\/reflet.png\" alt=\"\" class=\"wp-image-49\" \/><\/figure><\/div>\n\n\n\n<div class=\"wp-block-group\"><div class=\"wp-block-group__inner-container is-layout-flow wp-block-group-is-layout-flow\">\n<h2 class=\"wp-block-heading\"><\/h2>\n\n\n\n<p class=\"has-medium-font-size\"><em><strong>Du 26 f\u00e9vrier au 15<\/strong> <strong>mars <\/strong><\/em> <\/p>\n\n\n\n<p>Depuis 160 ans, le mus\u00e9e de Bretagne et avant lui son pr\u00e9d\u00e9cesseur le mus\u00e9e des Beaux-arts et d\u2019Arch\u00e9ologie, collecte des photographies sur l\u2019ensemble du territoire breton. Parmi ces milliers d\u2019images, l\u2019exposition itin\u00e9rante choisie de s\u2019int\u00e9resser plus particuli\u00e8rement aux nombreux portraits conserv\u00e9s dans cette collection.<\/p>\n<\/div><\/div>\n\n\n\n<p class=\"has-small-font-size\"><strong>Maison Saint-Cyr, 59 rue Papu &#8211; Gratuit &#8211; 10h \/ 18h tous les jours &#8211; Renseignements&nbsp;: Maison Saint-Cyr &#8211;&nbsp;02 99 33 75 25 &#8211; Organisation CCR<\/strong><\/p>\n\n\n\n<h2 class=\"wp-block-heading\"><\/h2>\n\n\n\n<hr class=\"wp-block-separator is-style-wide\" \/>\n\n\n\n<h2 class=\"wp-block-heading\"><\/h2>\n\n\n\n<div class=\"wp-block-cover has-pale-cyan-blue-background-color has-background-dim\" style=\"min-height:70px;aspect-ratio:unset;\"><div class=\"wp-block-cover__inner-container is-layout-flow wp-block-cover-is-layout-flow\">\n<p class=\"has-text-align-left has-large-font-size\">Mali au f\u00e9minin<\/p>\n<\/div><\/div>\n\n\n\n<h2 class=\"wp-block-heading\"><\/h2>\n\n\n\n<div class=\"wp-block-media-text alignwide\"><figure class=\"wp-block-media-text__media\"><img loading=\"lazy\" decoding=\"async\" width=\"274\" height=\"184\" src=\"http:\/\/www.sevenadur.org\/2020\/wp-content\/uploads\/sites\/7\/2020\/01\/Mali-au-f\u00e9minin.png\" alt=\"\" class=\"wp-image-51\" \/><\/figure><div class=\"wp-block-media-text__content\">\n<p><em><strong>Du 26 f\u00e9vrier au 15<\/strong> <strong>mars <\/strong><\/em> <\/p>\n\n\n\n<p class=\"has-normal-font-size\">L&rsquo;exposition pr\u00e9sentera, \u00e0 travers le prisme de la femme africaine, une photographie actuelle de la soci\u00e9t\u00e9 et de la culture malienne. De Bamako au plateau Dogon et ici en Bretagne, une exploration sensible des volont\u00e9s d&rsquo;\u00e9mancipation et de d\u00e9veloppement de ce grand pays d&rsquo;Afrique de l&rsquo;Ouest. <\/p>\n\n\n\n<p class=\"has-small-font-size\"><strong>Cercle celtique de Rennes, Ferme de la Harpe 35000 Rennes  &#8211;&nbsp;Gratuit &#8211;&nbsp; du lundi au vendredi de 10h \u00e0 12h \/ 14h \u00e0 17h &#8211;<\/strong> <strong>Renseignements&nbsp;: 02 99 54 36 45 &#8211; contact@cercleceltiquederennes.org<\/strong><\/p>\n\n\n\n<p class=\"has-small-font-size\"><strong>Organisation : CCR <\/strong><\/p>\n<\/div><\/div>\n\n\n\n<h2 class=\"wp-block-heading\"><\/h2>\n\n\n\n<hr class=\"wp-block-separator is-style-wide\" \/>\n\n\n\n<h2 class=\"wp-block-heading\"><\/h2>\n\n\n\n<div class=\"wp-block-cover has-pale-cyan-blue-background-color has-background-dim\" style=\"min-height:95px;aspect-ratio:unset;\"><div class=\"wp-block-cover__inner-container is-layout-flow wp-block-cover-is-layout-flow\">\n<p class=\"has-text-align-left has-large-font-size\">Costumes d\u2019\u00eele et Vilaine, hommes, femmes et enfants&nbsp;<\/p>\n<\/div><\/div>\n\n\n\n<h2 class=\"wp-block-heading\"><\/h2>\n\n\n\n<div class=\"wp-block-media-text alignwide\"><figure class=\"wp-block-media-text__media\"><img loading=\"lazy\" decoding=\"async\" width=\"382\" height=\"599\" src=\"http:\/\/www.sevenadur.org\/2020\/wp-content\/uploads\/sites\/7\/2020\/01\/cpa-35-Costume-0003r-Le-Bonnet-J-Sorel-editeur-Rennes.jpg\" alt=\"\" class=\"wp-image-71\" srcset=\"http:\/\/www.sevenadur.org\/2020\/wp-content\/uploads\/sites\/7\/2020\/01\/cpa-35-Costume-0003r-Le-Bonnet-J-Sorel-editeur-Rennes.jpg 382w, http:\/\/www.sevenadur.org\/2020\/wp-content\/uploads\/sites\/7\/2020\/01\/cpa-35-Costume-0003r-Le-Bonnet-J-Sorel-editeur-Rennes-191x300.jpg 191w\" sizes=\"auto, (max-width: 382px) 100vw, 382px\" \/><\/figure><div class=\"wp-block-media-text__content\">\n<p class=\"has-medium-font-size\"><strong><em>Du 26 f\u00e9vrier au 15 mars<\/em><\/strong><\/p>\n\n\n\n<p class=\"has-normal-font-size\">Le v\u00eatement et son langage : Intervention de Michel Guillerm, sp\u00e9cialiste des costumes de notre r\u00e9gion. Le jeudi 12\/03 \u00e0 16h avec discussion et\u00a0projection d&rsquo;un film \u00ab\u00a0les mari\u00e9s de Bretagne, 30 modes bretonnes\u00a0\u00bb en soir\u00e9e. <\/p>\n\n\n\n<p class=\"has-small-font-size\"><strong>M\u00e9diath\u00e8que, 8 rue du docteur Wagner, Le Rheu &#8211; Tarif : 2\u20ac &#8211; Horaires d&rsquo;ouverture de la m\u00e9diath\u00e8que &#8211; Renseignements\u00a0: Edith Leguay &#8211; edithleguay@free.fr<\/strong> &#8211; <strong>06 79 20 70 26 <\/strong> <strong>avant2durheu@gmx.fr <\/strong><\/p>\n\n\n\n<p class=\"has-small-font-size\"><strong>Organisation : Avant deux du Rheu<\/strong><\/p>\n<\/div><\/div>\n\n\n\n<h2 class=\"wp-block-heading\"><\/h2>\n\n\n\n<hr class=\"wp-block-separator is-style-wide\" \/>\n\n\n\n<h2 class=\"wp-block-heading\"><\/h2>\n\n\n<div class=\"has-avatars has-dates has-excerpts no-comments wp-block-latest-comments\">Aucun commentaire \u00e0 afficher.<\/div>\n\n\n<p><\/p>\n","protected":false},"excerpt":{"rendered":"<p>Du 26 f\u00e9vrier au 27 mars L\u2019exposition Corps-D\u00e9cor, pr\u00e9sent\u00e9e \u00e0 La Granjagoul du 26 f\u00e9vrier au 27 mars, propose quelques points de rep\u00e8res, \u00e0 l\u2019aide de pi\u00e8ces vestimentaires tiss\u00e9es, de photographies et de vid\u00e9os du fonds documentaire de la Maison &hellip; <a href=\"http:\/\/www.sevenadur.org\/2020\/expositions\/\">Continuer la lecture <span class=\"meta-nav\">&rarr;<\/span><\/a><\/p>\n","protected":false},"author":5,"featured_media":0,"parent":0,"menu_order":0,"comment_status":"closed","ping_status":"closed","template":"","meta":{"_vp_format_video_url":"","_vp_image_focal_point":[],"footnotes":""},"class_list":["post-11","page","type-page","status-publish","hentry"],"_links":{"self":[{"href":"http:\/\/www.sevenadur.org\/2020\/wp-json\/wp\/v2\/pages\/11","targetHints":{"allow":["GET"]}}],"collection":[{"href":"http:\/\/www.sevenadur.org\/2020\/wp-json\/wp\/v2\/pages"}],"about":[{"href":"http:\/\/www.sevenadur.org\/2020\/wp-json\/wp\/v2\/types\/page"}],"author":[{"embeddable":true,"href":"http:\/\/www.sevenadur.org\/2020\/wp-json\/wp\/v2\/users\/5"}],"replies":[{"embeddable":true,"href":"http:\/\/www.sevenadur.org\/2020\/wp-json\/wp\/v2\/comments?post=11"}],"version-history":[{"count":34,"href":"http:\/\/www.sevenadur.org\/2020\/wp-json\/wp\/v2\/pages\/11\/revisions"}],"predecessor-version":[{"id":235,"href":"http:\/\/www.sevenadur.org\/2020\/wp-json\/wp\/v2\/pages\/11\/revisions\/235"}],"wp:attachment":[{"href":"http:\/\/www.sevenadur.org\/2020\/wp-json\/wp\/v2\/media?parent=11"}],"curies":[{"name":"wp","href":"https:\/\/api.w.org\/{rel}","templated":true}]}}