{"id":92,"date":"2017-12-06T17:08:00","date_gmt":"2017-12-06T16:08:00","guid":{"rendered":"http:\/\/www.sevenadur.org\/2018\/?page_id=92"},"modified":"2018-01-24T14:47:27","modified_gmt":"2018-01-24T13:47:27","slug":"stage-de-danse-ecossaise","status":"publish","type":"page","link":"http:\/\/www.sevenadur.org\/2018\/stage-de-danse-ecossaise\/","title":{"rendered":"Stage de danse \u00e9cossaise"},"content":{"rendered":"<h3><span style=\"color: #003366;font-family: 'Trebuchet MS', Geneva;font-size: 14pt\">Dimanche 11\u00a0mars<\/span><\/h3>\n<p><span style=\"font-family: 'Trebuchet MS', Geneva;color: #003366\"><b>Stage de danse \u00e9cossaise avec Branda Gale et Anne Maclennan<\/b><\/span><\/p>\n<p><span style=\"font-family: 'Trebuchet MS', Geneva;font-size: 10pt;color: #003366\"><b>Deux stages : un pour les d\u00e9butants et un pour les non-d\u00e9butants<\/b><\/span><\/p>\n<p>&nbsp;<\/p>\n<p><span style=\"font-family: 'Trebuchet MS', Geneva;font-size: 10pt\"><b><img loading=\"lazy\" decoding=\"async\" class=\"size-medium wp-image-881 alignleft\" src=\"http:\/\/www.sevenadur.org\/2018\/wp-content\/uploads\/sites\/5\/2018\/01\/danse_\u00e9cossaise-300x199.jpg\" alt=\"\" width=\"300\" height=\"199\" srcset=\"http:\/\/www.sevenadur.org\/2018\/wp-content\/uploads\/sites\/5\/2018\/01\/danse_\u00e9cossaise-300x199.jpg 300w, http:\/\/www.sevenadur.org\/2018\/wp-content\/uploads\/sites\/5\/2018\/01\/danse_\u00e9cossaise.jpg 376w\" sizes=\"auto, (max-width: 300px) 100vw, 300px\" \/>Cercle Celtique de Rennes, Ferme de la Harpe, Rennes \u2666 9h30 \u00e0 17h \u2013 Accueil \u00e0 9h &#8211; \u00a0Pause d\u00e9jeuner de 12h30 \u00e0 14h\u00a0\u2666 pr\u00e9voir un repas\u00a0\u2666 15 \u20ac\u00a0\u2666 Renseignements et inscriptions : contact@cercleceltiquederennes.org<\/b><\/span><\/p>\n<p>&nbsp;<\/p>\n<p><span style=\"font-weight: 400;font-family: 'Trebuchet MS', Geneva;font-size: 10pt\">Brenda Gale et Anne Maclennan, professeures de danse \u00e9cossaise depuis plus de vingt ans sont respectivement originaires de Jersey et d&rsquo;Ecosse. Elles se relaieront pour un stage pour les d\u00e9butants ainsi qu&rsquo;un autre \u00a0stage pour les non-d\u00e9butants avec un choix de danses multiples. Pour le confort des participants, des chaussures sans talons et souples sont recommand\u00e9es. <\/span><\/p>\n<p><span style=\"font-size: 8pt;font-family: 'Trebuchet MS', Geneva;color: #008080\"><strong><em>Org. :<a style=\"color: #008080\" href=\"http:\/\/cercleceltiquederennes.org\/\" target=\"_blank\" rel=\"noopener noreferrer\"> Cercle Celtique de Rennes<\/a><\/em><\/strong><\/span><\/p>\n","protected":false},"excerpt":{"rendered":"<p>Dimanche 11\u00a0mars Stage de danse \u00e9cossaise avec Branda Gale et Anne Maclennan Deux stages : un pour les d\u00e9butants et un pour les non-d\u00e9butants &nbsp; Cercle Celtique de Rennes, Ferme de la Harpe, Rennes \u2666 9h30 \u00e0 17h \u2013 Accueil &hellip; <a href=\"http:\/\/www.sevenadur.org\/2018\/stage-de-danse-ecossaise\/\">Continuer la lecture <span class=\"meta-nav\">&rarr;<\/span><\/a><\/p>\n","protected":false},"author":1,"featured_media":0,"parent":0,"menu_order":0,"comment_status":"closed","ping_status":"closed","template":"","meta":{"_vp_format_video_url":"","_vp_image_focal_point":[],"footnotes":""},"class_list":["post-92","page","type-page","status-publish","hentry"],"_links":{"self":[{"href":"http:\/\/www.sevenadur.org\/2018\/wp-json\/wp\/v2\/pages\/92","targetHints":{"allow":["GET"]}}],"collection":[{"href":"http:\/\/www.sevenadur.org\/2018\/wp-json\/wp\/v2\/pages"}],"about":[{"href":"http:\/\/www.sevenadur.org\/2018\/wp-json\/wp\/v2\/types\/page"}],"author":[{"embeddable":true,"href":"http:\/\/www.sevenadur.org\/2018\/wp-json\/wp\/v2\/users\/1"}],"replies":[{"embeddable":true,"href":"http:\/\/www.sevenadur.org\/2018\/wp-json\/wp\/v2\/comments?post=92"}],"version-history":[{"count":12,"href":"http:\/\/www.sevenadur.org\/2018\/wp-json\/wp\/v2\/pages\/92\/revisions"}],"predecessor-version":[{"id":882,"href":"http:\/\/www.sevenadur.org\/2018\/wp-json\/wp\/v2\/pages\/92\/revisions\/882"}],"wp:attachment":[{"href":"http:\/\/www.sevenadur.org\/2018\/wp-json\/wp\/v2\/media?parent=92"}],"curies":[{"name":"wp","href":"https:\/\/api.w.org\/{rel}","templated":true}]}}

Stage de danse écossaise

<h3><span style="color: #003366;font-family: 'Trebuchet MS', Geneva;font-size: 14pt">Dimanche 11 mars</span></h3>
<p><span style="font-family: 'Trebuchet MS', Geneva;color: #003366"><b>Stage de danse écossaise avec Branda Gale et Anne Maclennan</b></span></p>
<p><span style="font-family: 'Trebuchet MS', Geneva;font-size: 10pt;color: #003366"><b>Deux stages : un pour les débutants et un pour les non-débutants</b></span></p>
<p>&nbsp;</p>
<p><span style="font-family: 'Trebuchet MS', Geneva;font-size: 10pt"><b><img loading="lazy" decoding="async" class="size-medium wp-image-881 alignleft" src="http://www.sevenadur.org/2018/wp-content/uploads/sites/5/2018/01/danse_écossaise-300x199.jpg" alt="" width="300" height="199" srcset="http://www.sevenadur.org/2018/wp-content/uploads/sites/5/2018/01/danse_écossaise-300x199.jpg 300w, http://www.sevenadur.org/2018/wp-content/uploads/sites/5/2018/01/danse_écossaise.jpg 376w" sizes="auto, (max-width: 300px) 100vw, 300px" />Cercle Celtique de Rennes, Ferme de la Harpe, Rennes ♦ 9h30 à 17h – Accueil à 9h &#8211;  Pause déjeuner de 12h30 à 14h ♦ prévoir un repas ♦ 15 € ♦ Renseignements et inscriptions : contact@cercleceltiquederennes.org</b></span></p>
<p>&nbsp;</p>
<p><span style="font-weight: 400;font-family: 'Trebuchet MS', Geneva;font-size: 10pt">Brenda Gale et Anne Maclennan, professeures de danse écossaise depuis plus de vingt ans sont respectivement originaires de Jersey et d&rsquo;Ecosse. Elles se relaieront pour un stage pour les débutants ainsi qu&rsquo;un autre  stage pour les non-débutants avec un choix de danses multiples. Pour le confort des participants, des chaussures sans talons et souples sont recommandées. </span></p>
<p><span style="font-size: 8pt;font-family: 'Trebuchet MS', Geneva;color: #008080"><strong><em>Org. :<a style="color: #008080" href="http://cercleceltiquederennes.org/" target="_blank" rel="noopener noreferrer"> Cercle Celtique de Rennes</a></em></strong></span></p>

<p>Dimanche 11 mars Stage de danse écossaise avec Branda Gale et Anne Maclennan Deux stages : un pour les débutants et un pour les non-débutants &nbsp; Cercle Celtique de Rennes, Ferme de la Harpe, Rennes ♦ 9h30 à 17h – Accueil &hellip; <a href="http://www.sevenadur.org/2018/stage-de-danse-ecossaise/">Continuer la lecture <span class="meta-nav">&rarr;</span></a></p>
