{"id":81,"date":"2017-12-06T16:55:47","date_gmt":"2017-12-06T15:55:47","guid":{"rendered":"http:\/\/www.sevenadur.org\/2018\/?page_id=81"},"modified":"2018-02-12T09:48:59","modified_gmt":"2018-02-12T08:48:59","slug":"stages","status":"publish","type":"page","link":"http:\/\/www.sevenadur.org\/2018\/stages\/","title":{"rendered":"Stages"},"content":{"rendered":"<p><span style=\"font-family: 'Trebuchet MS', Geneva;font-size: 10pt\">Des bulletins d&rsquo;inscriptions sont disponibles\u00a0\u00e0 la Ferme de la Harpe et t\u00e9l\u00e9chargeables <a href=\"http:\/\/www.sevenadur.org\/2018\/wp-content\/uploads\/sites\/5\/2018\/02\/plaquette_stage.indd_.pdf\">ici<\/a> pour les stages de chant, musique et danse et <a href=\"http:\/\/www.sevenadur.org\/2018\/wp-content\/uploads\/sites\/5\/2018\/02\/atelier-broderie.pdf\" target=\"_blank\" rel=\"noopener noreferrer\">ici<\/a> pour le stage de broderie!<\/span><\/p>\n<p>&nbsp;<\/p>\n<p><img loading=\"lazy\" decoding=\"async\" class=\"wp-image-31 alignnone\" src=\"http:\/\/www.sevenadur.org\/2018\/wp-content\/uploads\/sites\/5\/2017\/12\/StageChant-Francis-Guilard-300x200.jpg\" alt=\"\" width=\"206\" height=\"137\" srcset=\"http:\/\/www.sevenadur.org\/2018\/wp-content\/uploads\/sites\/5\/2017\/12\/StageChant-Francis-Guilard-300x200.jpg 300w, http:\/\/www.sevenadur.org\/2018\/wp-content\/uploads\/sites\/5\/2017\/12\/StageChant-Francis-Guilard-768x512.jpg 768w, http:\/\/www.sevenadur.org\/2018\/wp-content\/uploads\/sites\/5\/2017\/12\/StageChant-Francis-Guilard-1024x683.jpg 1024w\" sizes=\"auto, (max-width: 206px) 100vw, 206px\" \/>\u00a0 \u00a0 \u00a0 \u00a0 \u00a0 \u00a0 \u00a0 \u00a0\u00a0<img loading=\"lazy\" decoding=\"async\" class=\" wp-image-884 alignnone\" src=\"http:\/\/www.sevenadur.org\/2018\/wp-content\/uploads\/sites\/5\/2018\/01\/paul_balbous-300x209.jpg\" alt=\"\" width=\"194\" height=\"135\" srcset=\"http:\/\/www.sevenadur.org\/2018\/wp-content\/uploads\/sites\/5\/2018\/01\/paul_balbous-300x209.jpg 300w, http:\/\/www.sevenadur.org\/2018\/wp-content\/uploads\/sites\/5\/2018\/01\/paul_balbous.jpg 346w\" sizes=\"auto, (max-width: 194px) 100vw, 194px\" \/>\u00a0 \u00a0 \u00a0 \u00a0 \u00a0 \u00a0 \u00a0 \u00a0 \u00a0 \u00a0 \u00a0 \u00a0 \u00a0 \u00a0 \u00a0<img loading=\"lazy\" decoding=\"async\" class=\"wp-image-714 alignnone\" src=\"http:\/\/www.sevenadur.org\/2018\/wp-content\/uploads\/sites\/5\/2018\/01\/delphine_florez-200x300.jpg\" alt=\"\" width=\"93\" height=\"140\" srcset=\"http:\/\/www.sevenadur.org\/2018\/wp-content\/uploads\/sites\/5\/2018\/01\/delphine_florez-200x300.jpg 200w, http:\/\/www.sevenadur.org\/2018\/wp-content\/uploads\/sites\/5\/2018\/01\/delphine_florez-768x1152.jpg 768w, http:\/\/www.sevenadur.org\/2018\/wp-content\/uploads\/sites\/5\/2018\/01\/delphine_florez-683x1024.jpg 683w, http:\/\/www.sevenadur.org\/2018\/wp-content\/uploads\/sites\/5\/2018\/01\/delphine_florez.jpg 1000w\" sizes=\"auto, (max-width: 93px) 100vw, 93px\" \/><\/p>\n<p style=\"text-align: left\"><a href=\"http:\/\/www.sevenadur.org\/2018\/stage-de-chant-dans-la-ronde\/\" target=\"_blank\" rel=\"noopener noreferrer\">Stage de chant dans la Ronde<\/a>\u00a0 \u00a0 \u00a0 \u00a0 \u00a0 \u00a0 \u00a0 \u00a0 \u00a0 \u00a0 \u00a0 \u00a0 \u00a0<a href=\"http:\/\/www.sevenadur.org\/2018\/stage-de-broderie\/\" target=\"_blank\" rel=\"noopener noreferrer\">Stage de broderie<\/a>\u00a0 \u00a0 \u00a0 \u00a0 \u00a0 \u00a0 \u00a0 \u00a0 \u00a0 \u00a0 \u00a0 \u00a0 \u00a0 \u00a0 \u00a0 \u00a0 \u00a0\u00a0<a href=\"http:\/\/www.sevenadur.org\/2018\/stage-daccordeon\/\" target=\"_blank\" rel=\"noopener noreferrer\">Stage d&rsquo;accord\u00e9on<\/a><\/p>\n<p style=\"text-align: left\">\u00a0 \u00a0 \u00a0 \u00a0 \u00a0 \u00a0 \u00a0 \u00a0 \u00a0 \u00a0 \u00a0 \u00a0 \u00a0 \u00a0 \u00a0 \u00a0 \u00a0 \u00a0 \u00a0 \u00a0 \u00a0 \u00a0 \u00a0 \u00a0 \u00a0 \u00a0 \u00a0 \u00a0 \u00a0 \u00a0 \u00a0 \u00a0 \u00a0 \u00a0 \u00a0 \u00a0 \u00a0 \u00a0 \u00a0\u00a0<a href=\"http:\/\/www.sevenadur.org\/2018\/stage-de-broderie\/\" target=\"_blank\" rel=\"noopener noreferrer\">avec Paul Balbous<\/a>\u00a0 \u00a0 \u00a0 \u00a0 \u00a0 \u00a0 \u00a0 \u00a0 \u00a0 \u00a0 \u00a0 \u00a0 \u00a0 \u00a0 \u00a0 \u00a0\u00a0<a href=\"http:\/\/www.sevenadur.org\/2018\/stage-daccordeon\/\" target=\"_blank\" rel=\"noopener noreferrer\">avec Delphine Florez<\/a><\/p>\n<p>\u00a0 \u00a0 \u00a0 \u00a0 \u00a0 \u00a0 \u00a0<span style=\"font-family: 'Trebuchet MS', Geneva;font-size: 10pt;color: #000000\">Samedi 10 mars\u00a0 \u00a0 \u00a0 \u00a0 \u00a0 \u00a0 \u00a0 \u00a0 \u00a0 \u00a0 \u00a0 \u00a0 \u00a0 \u00a0 \u00a0 \u00a0 \u00a0 \u00a0 \u00a0 \u00a0Samedi 03 et 04 mars\u00a0 \u00a0 \u00a0 \u00a0 \u00a0 \u00a0 \u00a0 \u00a0 \u00a0 \u00a0 \u00a0 \u00a0 \u00a0 \u00a0 \u00a0 \u00a0 \u00a0 \u00a0 Samedi 10 mars<\/span><\/p>\n<p>&nbsp;<\/p>\n<p><img loading=\"lazy\" decoding=\"async\" class=\" wp-image-885 alignnone\" src=\"http:\/\/www.sevenadur.org\/2018\/wp-content\/uploads\/sites\/5\/2018\/01\/stages_sonneurs-300x169.jpg\" alt=\"\" width=\"236\" height=\"133\" srcset=\"http:\/\/www.sevenadur.org\/2018\/wp-content\/uploads\/sites\/5\/2018\/01\/stages_sonneurs-300x169.jpg 300w, http:\/\/www.sevenadur.org\/2018\/wp-content\/uploads\/sites\/5\/2018\/01\/stages_sonneurs.jpg 521w\" sizes=\"auto, (max-width: 236px) 100vw, 236px\" \/>\u00a0 \u00a0 \u00a0 \u00a0 \u00a0 \u00a0 \u00a0 \u00a0<img loading=\"lazy\" decoding=\"async\" class=\" wp-image-886 alignnone\" src=\"http:\/\/www.sevenadur.org\/2018\/wp-content\/uploads\/sites\/5\/2018\/01\/stage_occitans-300x223.jpg\" alt=\"\" width=\"180\" height=\"134\" srcset=\"http:\/\/www.sevenadur.org\/2018\/wp-content\/uploads\/sites\/5\/2018\/01\/stage_occitans-300x223.jpg 300w, http:\/\/www.sevenadur.org\/2018\/wp-content\/uploads\/sites\/5\/2018\/01\/stage_occitans.jpg 389w\" sizes=\"auto, (max-width: 180px) 100vw, 180px\" \/>\u00a0 \u00a0 \u00a0 \u00a0 \u00a0 \u00a0 \u00a0 \u00a0 \u00a0\u00a0<img loading=\"lazy\" decoding=\"async\" class=\" wp-image-881 alignnone\" src=\"http:\/\/www.sevenadur.org\/2018\/wp-content\/uploads\/sites\/5\/2018\/01\/danse_\u00e9cossaise-300x199.jpg\" alt=\"\" width=\"198\" height=\"132\" srcset=\"http:\/\/www.sevenadur.org\/2018\/wp-content\/uploads\/sites\/5\/2018\/01\/danse_\u00e9cossaise-300x199.jpg 300w, http:\/\/www.sevenadur.org\/2018\/wp-content\/uploads\/sites\/5\/2018\/01\/danse_\u00e9cossaise.jpg 376w\" sizes=\"auto, (max-width: 198px) 100vw, 198px\" \/><\/p>\n<p><a href=\"http:\/\/www.sevenadur.org\/2018\/stage-de-musique-vannetaise\/\" target=\"_blank\" rel=\"noopener noreferrer\">Stage de musique vannetaise<\/a>\u00a0 \u00a0 \u00a0 \u00a0 \u00a0 \u00a0 \u00a0 \u00a0 \u00a0 \u00a0 \u00a0<a href=\"http:\/\/www.sevenadur.org\/2018\/stage-de-pratiques-occitanes\/\" target=\"_blank\" rel=\"noopener noreferrer\">Stage de pratiques occitanes<\/a>\u00a0 \u00a0 \u00a0 \u00a0 \u00a0 \u00a0 \u00a0 \u00a0 \u00a0\u00a0<a href=\"http:\/\/www.sevenadur.org\/2018\/stage-de-danse-ecossaise\/\" target=\"_blank\" rel=\"noopener noreferrer\">Stage de\u00a0danse \u00e9cossaise<\/a><\/p>\n<p><span style=\"font-family: 'Trebuchet MS', Geneva;font-size: 10pt;color: #000000\">\u00a0 \u00a0 \u00a0 \u00a0 \u00a0 \u00a0 \u00a0Samedi 17 mars\u00a0 \u00a0 \u00a0 \u00a0 \u00a0 \u00a0 \u00a0 \u00a0 \u00a0 \u00a0 \u00a0 \u00a0 \u00a0 \u00a0 \u00a0 \u00a0 \u00a0 \u00a0 \u00a0 \u00a0 \u00a0 \u00a0 Samedi 17 mars\u00a0 \u00a0 \u00a0 \u00a0 \u00a0 \u00a0 \u00a0 \u00a0 \u00a0 \u00a0 \u00a0 \u00a0 \u00a0 \u00a0 \u00a0 \u00a0 \u00a0 \u00a0 \u00a0 \u00a0 \u00a0 \u00a0Dimanche 11 mars<\/span><\/p>\n<p>&nbsp;<\/p>\n<p>&nbsp;<\/p>\n","protected":false},"excerpt":{"rendered":"<p>Des bulletins d&rsquo;inscriptions sont disponibles\u00a0\u00e0 la Ferme de la Harpe et t\u00e9l\u00e9chargeables ici pour les stages de chant, musique et danse et ici pour le stage de broderie! &nbsp; \u00a0 \u00a0 \u00a0 \u00a0 \u00a0 \u00a0 \u00a0 \u00a0\u00a0\u00a0 \u00a0 \u00a0 \u00a0 &hellip; <a href=\"http:\/\/www.sevenadur.org\/2018\/stages\/\">Continuer la lecture <span class=\"meta-nav\">&rarr;<\/span><\/a><\/p>\n","protected":false},"author":1,"featured_media":0,"parent":0,"menu_order":0,"comment_status":"closed","ping_status":"closed","template":"","meta":{"_vp_format_video_url":"","_vp_image_focal_point":[],"footnotes":""},"class_list":["post-81","page","type-page","status-publish","hentry"],"_links":{"self":[{"href":"http:\/\/www.sevenadur.org\/2018\/wp-json\/wp\/v2\/pages\/81","targetHints":{"allow":["GET"]}}],"collection":[{"href":"http:\/\/www.sevenadur.org\/2018\/wp-json\/wp\/v2\/pages"}],"about":[{"href":"http:\/\/www.sevenadur.org\/2018\/wp-json\/wp\/v2\/types\/page"}],"author":[{"embeddable":true,"href":"http:\/\/www.sevenadur.org\/2018\/wp-json\/wp\/v2\/users\/1"}],"replies":[{"embeddable":true,"href":"http:\/\/www.sevenadur.org\/2018\/wp-json\/wp\/v2\/comments?post=81"}],"version-history":[{"count":62,"href":"http:\/\/www.sevenadur.org\/2018\/wp-json\/wp\/v2\/pages\/81\/revisions"}],"predecessor-version":[{"id":1049,"href":"http:\/\/www.sevenadur.org\/2018\/wp-json\/wp\/v2\/pages\/81\/revisions\/1049"}],"wp:attachment":[{"href":"http:\/\/www.sevenadur.org\/2018\/wp-json\/wp\/v2\/media?parent=81"}],"curies":[{"name":"wp","href":"https:\/\/api.w.org\/{rel}","templated":true}]}}

<p><span style="font-family: 'Trebuchet MS', Geneva;font-size: 10pt">Des bulletins d&rsquo;inscriptions sont disponibles à la Ferme de la Harpe et téléchargeables <a href="http://www.sevenadur.org/2018/wp-content/uploads/sites/5/2018/02/plaquette_stage.indd_.pdf">ici</a> pour les stages de chant, musique et danse et <a href="http://www.sevenadur.org/2018/wp-content/uploads/sites/5/2018/02/atelier-broderie.pdf" target="_blank" rel="noopener noreferrer">ici</a> pour le stage de broderie!</span></p>
<p>&nbsp;</p>
<p><img loading="lazy" decoding="async" class="wp-image-31 alignnone" src="http://www.sevenadur.org/2018/wp-content/uploads/sites/5/2017/12/StageChant-Francis-Guilard-300x200.jpg" alt="" width="206" height="137" srcset="http://www.sevenadur.org/2018/wp-content/uploads/sites/5/2017/12/StageChant-Francis-Guilard-300x200.jpg 300w, http://www.sevenadur.org/2018/wp-content/uploads/sites/5/2017/12/StageChant-Francis-Guilard-768x512.jpg 768w, http://www.sevenadur.org/2018/wp-content/uploads/sites/5/2017/12/StageChant-Francis-Guilard-1024x683.jpg 1024w" sizes="auto, (max-width: 206px) 100vw, 206px" />                <img loading="lazy" decoding="async" class=" wp-image-884 alignnone" src="http://www.sevenadur.org/2018/wp-content/uploads/sites/5/2018/01/paul_balbous-300x209.jpg" alt="" width="194" height="135" srcset="http://www.sevenadur.org/2018/wp-content/uploads/sites/5/2018/01/paul_balbous-300x209.jpg 300w, http://www.sevenadur.org/2018/wp-content/uploads/sites/5/2018/01/paul_balbous.jpg 346w" sizes="auto, (max-width: 194px) 100vw, 194px" />                             <img loading="lazy" decoding="async" class="wp-image-714 alignnone" src="http://www.sevenadur.org/2018/wp-content/uploads/sites/5/2018/01/delphine_florez-200x300.jpg" alt="" width="93" height="140" srcset="http://www.sevenadur.org/2018/wp-content/uploads/sites/5/2018/01/delphine_florez-200x300.jpg 200w, http://www.sevenadur.org/2018/wp-content/uploads/sites/5/2018/01/delphine_florez-768x1152.jpg 768w, http://www.sevenadur.org/2018/wp-content/uploads/sites/5/2018/01/delphine_florez-683x1024.jpg 683w, http://www.sevenadur.org/2018/wp-content/uploads/sites/5/2018/01/delphine_florez.jpg 1000w" sizes="auto, (max-width: 93px) 100vw, 93px" /></p>
<p style="text-align: left"><a href="http://www.sevenadur.org/2018/stage-de-chant-dans-la-ronde/" target="_blank" rel="noopener noreferrer">Stage de chant dans la Ronde</a>                         <a href="http://www.sevenadur.org/2018/stage-de-broderie/" target="_blank" rel="noopener noreferrer">Stage de broderie</a>                                  <a href="http://www.sevenadur.org/2018/stage-daccordeon/" target="_blank" rel="noopener noreferrer">Stage d&rsquo;accordéon</a></p>
<p style="text-align: left">                                                                              <a href="http://www.sevenadur.org/2018/stage-de-broderie/" target="_blank" rel="noopener noreferrer">avec Paul Balbous</a>                                <a href="http://www.sevenadur.org/2018/stage-daccordeon/" target="_blank" rel="noopener noreferrer">avec Delphine Florez</a></p>
<p>             <span style="font-family: 'Trebuchet MS', Geneva;font-size: 10pt;color: #000000">Samedi 10 mars                                       Samedi 03 et 04 mars                                    Samedi 10 mars</span></p>
<p>&nbsp;</p>
<p><img loading="lazy" decoding="async" class=" wp-image-885 alignnone" src="http://www.sevenadur.org/2018/wp-content/uploads/sites/5/2018/01/stages_sonneurs-300x169.jpg" alt="" width="236" height="133" srcset="http://www.sevenadur.org/2018/wp-content/uploads/sites/5/2018/01/stages_sonneurs-300x169.jpg 300w, http://www.sevenadur.org/2018/wp-content/uploads/sites/5/2018/01/stages_sonneurs.jpg 521w" sizes="auto, (max-width: 236px) 100vw, 236px" />               <img loading="lazy" decoding="async" class=" wp-image-886 alignnone" src="http://www.sevenadur.org/2018/wp-content/uploads/sites/5/2018/01/stage_occitans-300x223.jpg" alt="" width="180" height="134" srcset="http://www.sevenadur.org/2018/wp-content/uploads/sites/5/2018/01/stage_occitans-300x223.jpg 300w, http://www.sevenadur.org/2018/wp-content/uploads/sites/5/2018/01/stage_occitans.jpg 389w" sizes="auto, (max-width: 180px) 100vw, 180px" />                  <img loading="lazy" decoding="async" class=" wp-image-881 alignnone" src="http://www.sevenadur.org/2018/wp-content/uploads/sites/5/2018/01/danse_écossaise-300x199.jpg" alt="" width="198" height="132" srcset="http://www.sevenadur.org/2018/wp-content/uploads/sites/5/2018/01/danse_écossaise-300x199.jpg 300w, http://www.sevenadur.org/2018/wp-content/uploads/sites/5/2018/01/danse_écossaise.jpg 376w" sizes="auto, (max-width: 198px) 100vw, 198px" /></p>
<p><a href="http://www.sevenadur.org/2018/stage-de-musique-vannetaise/" target="_blank" rel="noopener noreferrer">Stage de musique vannetaise</a>                     <a href="http://www.sevenadur.org/2018/stage-de-pratiques-occitanes/" target="_blank" rel="noopener noreferrer">Stage de pratiques occitanes</a>                  <a href="http://www.sevenadur.org/2018/stage-de-danse-ecossaise/" target="_blank" rel="noopener noreferrer">Stage de danse écossaise</a></p>
<p><span style="font-family: 'Trebuchet MS', Geneva;font-size: 10pt;color: #000000">             Samedi 17 mars                                            Samedi 17 mars                                           Dimanche 11 mars</span></p>
<p>&nbsp;</p>
<p>&nbsp;</p>

<p>Des bulletins d&rsquo;inscriptions sont disponibles à la Ferme de la Harpe et téléchargeables ici pour les stages de chant, musique et danse et ici pour le stage de broderie! &nbsp;                         &hellip; <a href="http://www.sevenadur.org/2018/stages/">Continuer la lecture <span class="meta-nav">&rarr;</span></a></p>
