{"id":579,"date":"2018-01-08T14:28:29","date_gmt":"2018-01-08T13:28:29","guid":{"rendered":"http:\/\/www.sevenadur.org\/2018\/?page_id=579"},"modified":"2018-03-08T12:24:15","modified_gmt":"2018-03-08T11:24:15","slug":"expositions","status":"publish","type":"page","link":"http:\/\/www.sevenadur.org\/2018\/expositions\/","title":{"rendered":"Expositions"},"content":{"rendered":"<p><span style=\"font-family: 'Trebuchet MS', Geneva;font-size: 14pt;color: #003366\">Du 1er mars au 31 mars<\/span><\/p>\n<p><span style=\"color: #003366;font-family: 'Trebuchet MS', Geneva\">Exposition photos \u00ab\u00a0Voix et Musiques Celtiques\u00a0\u00bb<\/span><\/p>\n<p>&nbsp;<\/p>\n<p><img loading=\"lazy\" decoding=\"async\" class=\"wp-image-904 alignnone\" src=\"http:\/\/www.sevenadur.org\/2018\/wp-content\/uploads\/sites\/5\/2018\/01\/expo_JMC-300x102.jpg\" alt=\"\" width=\"350\" height=\"119\" srcset=\"http:\/\/www.sevenadur.org\/2018\/wp-content\/uploads\/sites\/5\/2018\/01\/expo_JMC-300x102.jpg 300w, http:\/\/www.sevenadur.org\/2018\/wp-content\/uploads\/sites\/5\/2018\/01\/expo_JMC.jpg 422w\" sizes=\"auto, (max-width: 350px) 100vw, 350px\" \/><img loading=\"lazy\" decoding=\"async\" class=\" wp-image-625 alignnone\" src=\"http:\/\/www.sevenadur.org\/2018\/wp-content\/uploads\/sites\/5\/2018\/01\/expo-JMC-site-300x102.png\" alt=\"\" width=\"353\" height=\"120\" \/><\/p>\n<p><span style=\"font-size: 10pt\"><strong><span style=\"color: #000000;font-family: 'Trebuchet MS', Geneva\">Hall de l&rsquo;h\u00f4tel de Ville de Bruz, Place du Dr Joly\u00a0<b>\u2666<\/b><b>\u00a0<\/b>\u00a0Gratuit\u00a0<b>\u2666<\/b><b>\u00a0<\/b><\/span><\/strong><span style=\"color: #000000\"><strong><span style=\"font-family: 'Trebuchet MS', Geneva\"><b>du lundi au vendredi, 8h30 &#8211; 12h et 14h &#8211; 17h30 et le samedi de 8h30 \u00e0 12h<\/b><\/span><\/strong><b> <\/b><strong><span style=\"font-family: 'Trebuchet MS', Geneva\"><b>\u2666<\/b><b>\u00a0<\/b><\/span><\/strong><\/span><strong><span style=\"color: #000000;font-family: 'Trebuchet MS', Geneva\">Renseignements : contact@cercleceltiquederennes.org &#8211;\u00a0<\/span><\/strong><\/span><span style=\"font-size: 10pt\"><strong><span style=\"color: #000000;font-family: 'Trebuchet MS', Geneva\">02 99 54 36 45\u00a0<b>\u2666\u00a0<em><img loading=\"lazy\" decoding=\"async\" class=\" wp-image-941 alignnone\" src=\"http:\/\/www.sevenadur.org\/2018\/wp-content\/uploads\/sites\/5\/2018\/01\/picto_handicap.jpg\" alt=\"\" width=\"17\" height=\"17\" srcset=\"http:\/\/www.sevenadur.org\/2018\/wp-content\/uploads\/sites\/5\/2018\/01\/picto_handicap.jpg 256w, http:\/\/www.sevenadur.org\/2018\/wp-content\/uploads\/sites\/5\/2018\/01\/picto_handicap-150x150.jpg 150w\" sizes=\"auto, (max-width: 17px) 100vw, 17px\" \/><\/em><\/b><\/span><\/strong><\/span><br \/>\n<span style=\"font-size: 10pt;font-family: 'Trebuchet MS', Geneva;color: #000000\">Jean-Maurice Colombel vous propose de d\u00e9couvrir son exposition \u201cVoix et Musiques Celtiques\u201d \u00e0 travers une trentaine de photographies en argentique noir et blanc d\u2019artistes, de chanteurs, de conteurs, de musiciens&#8230; Ces images ont \u00e9t\u00e9 collect\u00e9es en Bretagne dans les\u00a0 grands festivals de Quimper et de Lorient ainsi que dans les f\u00eates traditionnelles de Gourin, Monterfil, Parc\u00e9, Bovel, Rennes&#8230;<\/span><\/p>\n<p><span style=\"font-size: 8pt;color: #008080\"><em><strong><span style=\"font-family: 'Trebuchet MS', Geneva\">Org. : Cercle Celtique de Rennes, avec le soutien de la mairie de Bruz<\/span><\/strong><\/em><\/span><\/p>\n<p>&nbsp;<\/p>\n<p>&nbsp;<\/p>\n<p><span style=\"font-family: 'Trebuchet MS', Geneva;font-size: 14pt;color: #003366\">Du 13 au 23 mars<\/span><\/p>\n<p><span style=\"font-family: 'Trebuchet MS', Geneva;color: #003366\">Exposition photos \u00ab\u00a0Les costumes traditionnels roumains\u00a0\u00bb<\/span><\/p>\n<p>&nbsp;<\/p>\n<p><img loading=\"lazy\" decoding=\"async\" class=\" wp-image-1094 alignleft\" src=\"http:\/\/www.sevenadur.org\/2018\/wp-content\/uploads\/sites\/5\/2018\/03\/expo_roumains.jpg\" alt=\"\" width=\"163\" height=\"231\" \/><\/p>\n<p><span style=\"font-size: 10pt\"><strong><span style=\"font-family: 'Trebuchet MS', Geneva;color: #000000\">Hall d&rsquo;accueil de la MIR, Rennes\u00a0<b>\u2666<\/b><b>\u00a0<\/b><\/span><\/strong><span style=\"font-family: 'Trebuchet MS', Geneva\"><strong><span style=\"color: #000000\"><b>du mardi au jeudi de 14h \u00e0 18h30 et le vendredi\u00a0: 14h \u00e0 18h\u00a0<span style=\"font-family: 'Trebuchet MS', Geneva;color: #000000\">\u2666 renseignements : solidarite35roumanie@free.fr<\/span><\/b><\/span><\/strong><\/span><\/span><\/p>\n<p><span style=\"font-family: 'Trebuchet MS', Geneva;font-size: 10pt\">Cette exposition pr\u00e9sente, sous forme de photos, toute la diversit\u00e9 des costumes traditionnels folkloriques de diff\u00e9rentes r\u00e9gions de Roumanie. Elles ont \u00e9t\u00e9 prises \u00e0 l\u2019occasion de festivals folkloriques, de f\u00eates de village ou de f\u00eates religieuses.<\/span><\/p>\n<p style=\"font-weight: 400\"><span style=\"font-size: 10pt;font-family: 'Trebuchet MS', Geneva\">Photographes : \u00ab\u00a0<em>les familles Barentin et Perrudin<\/em>\u00a0\u00bb<\/span><\/p>\n<p><span style=\"font-size: 8pt;color: #008080\"><strong><em><span style=\"font-family: 'Trebuchet MS', Geneva\">Org. : Solidarit\u00e9 35 Roumanie, avec le soutien de la MIR<\/span><\/em><\/strong><\/span><\/p>\n<p>&nbsp;<\/p>\n<p>&nbsp;<\/p>\n<p>&nbsp;<\/p>\n<p>&nbsp;<\/p>\n<p>&nbsp;<\/p>\n<p><span style=\"font-family: 'Trebuchet MS', Geneva;font-size: 14pt;color: #003366\">Du 28 f\u00e9vrier au 18 mars<\/span><\/p>\n<p><span style=\"font-family: 'Trebuchet MS', Geneva;color: #003366\">Exposition photos \u00ab\u00a0NOUS\u00a0\u00bb &#8211; Yaouankiz 2017<\/span><\/p>\n<p>&nbsp;<\/p>\n<p><img loading=\"lazy\" decoding=\"async\" class=\" wp-image-919 alignnone\" src=\"http:\/\/www.sevenadur.org\/2018\/wp-content\/uploads\/sites\/5\/2018\/01\/NOUS-300x150.jpg\" alt=\"\" width=\"352\" height=\"176\" srcset=\"http:\/\/www.sevenadur.org\/2018\/wp-content\/uploads\/sites\/5\/2018\/01\/NOUS-300x150.jpg 300w, http:\/\/www.sevenadur.org\/2018\/wp-content\/uploads\/sites\/5\/2018\/01\/NOUS.jpg 642w\" sizes=\"auto, (max-width: 352px) 100vw, 352px\" \/><\/p>\n<p><span style=\"font-size: 10pt;color: #000000\"><strong><span style=\"font-family: 'Trebuchet MS', Geneva\">Ferme de la Harpe, Rennes\u00a0\u2666 du lundi au jeudi de 9h \u00e0 17h et le vendredi de 9h \u00e0 13h \u2666 Gratuit\u00a0\u2666 Renseignements : contact@cercleceltiquederennes.org &#8211; 02 99 54 36 45\u00a0<b>\u2666\u00a0<em><img loading=\"lazy\" decoding=\"async\" class=\" wp-image-941 alignnone\" src=\"http:\/\/www.sevenadur.org\/2018\/wp-content\/uploads\/sites\/5\/2018\/01\/picto_handicap.jpg\" alt=\"\" width=\"17\" height=\"17\" srcset=\"http:\/\/www.sevenadur.org\/2018\/wp-content\/uploads\/sites\/5\/2018\/01\/picto_handicap.jpg 256w, http:\/\/www.sevenadur.org\/2018\/wp-content\/uploads\/sites\/5\/2018\/01\/picto_handicap-150x150.jpg 150w\" sizes=\"auto, (max-width: 17px) 100vw, 17px\" \/><\/em><\/b><\/span><\/strong><\/span><\/p>\n<p><span style=\"font-weight: 400;font-family: 'Trebuchet MS', Geneva;font-size: 10pt\">Nous, c&rsquo;est une rencontre artistique transversale entre enfants du quartier de Villejean qui ont pris possession de la dalle Kennedy pour r\u00e9aliser des chor\u00e9graphies inspir\u00e9es des \u0153uvres de Vera Molnar*, qui en appellent aux formes g\u00e9om\u00e9triques en mouvement.\u00a0<\/span><span style=\"font-weight: 400;font-family: 'Trebuchet MS', Geneva;font-size: 10pt\">Cette performance artistique, photographi\u00e9e par Herv\u00e9 Lambrecht et Sophie Lambert, permet la rencontre originale d&rsquo;une transversalit\u00e9 possible entre danses hip hop, danses africaines et danses bretonnes.<\/span><\/p>\n<p>&nbsp;<\/p>\n<p><span style=\"font-family: 'Trebuchet MS', Geneva;font-size: 10pt\">Voici ce qu&rsquo;en dit son directeur artistique Herv\u00e9 Lambrecht <\/span><span style=\"font-family: 'Trebuchet MS', Geneva;font-size: 10pt\"><em>\u00a0\u00bb\u00a0Une id\u00e9e : La dalle\u00a0 Kennedy comme une cour. Des balcons sur la dalle comme des reposoirs. Ce qui bouge attire l\u2019\u0153il. Ce qui ne bouge pas interroge. Lier les \u00eatres par la mati\u00e8re dans laquelle ils \u00e9voluent, par l\u2019air qu\u2019ils respirent, dans un espace commun en vibration : le pr\u00e9sent entre nous.\u00a0\u00bb<\/em><\/span><\/p>\n<p>&nbsp;<\/p>\n<p><span style=\"font-weight: 400;font-family: 'Trebuchet MS', Geneva;font-size: 10pt\">*visibles au mus\u00e9e des beaux arts<\/span><\/p>\n<p><span style=\"font-weight: 400;font-family: 'Trebuchet MS', Geneva;font-size: 10pt\">Vous pourrez aussi retrouver cette exposition du 22 mars au 9 avril sur Familles en mouvement.<\/span><\/p>\n<p>&nbsp;<\/p>\n<p><span style=\"font-size: 8pt\"><em><strong><span style=\"font-family: 'Trebuchet MS', Geneva;color: #008080\">Org. : P\u00f4le m\u00e9diation du Cercle Celtique de Rennes<\/span><\/strong><\/em><\/span><\/p>\n<p><span style=\"font-size: 8pt\"><em><strong><span style=\"font-family: 'Trebuchet MS', Geneva;color: #008080\">Partenaires :\u00a0Direction de quartier Nord Ouest, Direction \u00e9ducation enfance, Maison de quartier de Villejean, Cercle Paul Bert, Le cadran, Mus\u00e9e des Beaux-Arts de Rennes<\/span><\/strong><\/em><\/span><\/p>\n<p>&nbsp;<\/p>\n","protected":false},"excerpt":{"rendered":"<p>Du 1er mars au 31 mars Exposition photos \u00ab\u00a0Voix et Musiques Celtiques\u00a0\u00bb &nbsp; Hall de l&rsquo;h\u00f4tel de Ville de Bruz, Place du Dr Joly\u00a0\u2666\u00a0\u00a0Gratuit\u00a0\u2666\u00a0du lundi au vendredi, 8h30 &#8211; 12h et 14h &#8211; 17h30 et le samedi de 8h30 \u00e0 &hellip; <a href=\"http:\/\/www.sevenadur.org\/2018\/expositions\/\">Continuer la lecture <span class=\"meta-nav\">&rarr;<\/span><\/a><\/p>\n","protected":false},"author":1,"featured_media":0,"parent":0,"menu_order":0,"comment_status":"closed","ping_status":"closed","template":"","meta":{"_vp_format_video_url":"","_vp_image_focal_point":[],"footnotes":""},"class_list":["post-579","page","type-page","status-publish","hentry"],"_links":{"self":[{"href":"http:\/\/www.sevenadur.org\/2018\/wp-json\/wp\/v2\/pages\/579","targetHints":{"allow":["GET"]}}],"collection":[{"href":"http:\/\/www.sevenadur.org\/2018\/wp-json\/wp\/v2\/pages"}],"about":[{"href":"http:\/\/www.sevenadur.org\/2018\/wp-json\/wp\/v2\/types\/page"}],"author":[{"embeddable":true,"href":"http:\/\/www.sevenadur.org\/2018\/wp-json\/wp\/v2\/users\/1"}],"replies":[{"embeddable":true,"href":"http:\/\/www.sevenadur.org\/2018\/wp-json\/wp\/v2\/comments?post=579"}],"version-history":[{"count":36,"href":"http:\/\/www.sevenadur.org\/2018\/wp-json\/wp\/v2\/pages\/579\/revisions"}],"predecessor-version":[{"id":1099,"href":"http:\/\/www.sevenadur.org\/2018\/wp-json\/wp\/v2\/pages\/579\/revisions\/1099"}],"wp:attachment":[{"href":"http:\/\/www.sevenadur.org\/2018\/wp-json\/wp\/v2\/media?parent=579"}],"curies":[{"name":"wp","href":"https:\/\/api.w.org\/{rel}","templated":true}]}}

<p><span style="font-family: 'Trebuchet MS', Geneva;font-size: 14pt;color: #003366">Du 1er mars au 31 mars</span></p>
<p><span style="color: #003366;font-family: 'Trebuchet MS', Geneva">Exposition photos « Voix et Musiques Celtiques »</span></p>
<p>&nbsp;</p>
<p><img loading="lazy" decoding="async" class="wp-image-904 alignnone" src="http://www.sevenadur.org/2018/wp-content/uploads/sites/5/2018/01/expo_JMC-300x102.jpg" alt="" width="350" height="119" srcset="http://www.sevenadur.org/2018/wp-content/uploads/sites/5/2018/01/expo_JMC-300x102.jpg 300w, http://www.sevenadur.org/2018/wp-content/uploads/sites/5/2018/01/expo_JMC.jpg 422w" sizes="auto, (max-width: 350px) 100vw, 350px" /><img loading="lazy" decoding="async" class=" wp-image-625 alignnone" src="http://www.sevenadur.org/2018/wp-content/uploads/sites/5/2018/01/expo-JMC-site-300x102.png" alt="" width="353" height="120" /></p>
<p><span style="font-size: 10pt"><strong><span style="color: #000000;font-family: 'Trebuchet MS', Geneva">Hall de l&rsquo;hôtel de Ville de Bruz, Place du Dr Joly <b>♦</b><b> </b> Gratuit <b>♦</b><b> </b></span></strong><span style="color: #000000"><strong><span style="font-family: 'Trebuchet MS', Geneva"><b>du lundi au vendredi, 8h30 &#8211; 12h et 14h &#8211; 17h30 et le samedi de 8h30 à 12h</b></span></strong><b> </b><strong><span style="font-family: 'Trebuchet MS', Geneva"><b>♦</b><b> </b></span></strong></span><strong><span style="color: #000000;font-family: 'Trebuchet MS', Geneva">Renseignements : contact@cercleceltiquederennes.org &#8211; </span></strong></span><span style="font-size: 10pt"><strong><span style="color: #000000;font-family: 'Trebuchet MS', Geneva">02 99 54 36 45 <b>♦ <em><img loading="lazy" decoding="async" class=" wp-image-941 alignnone" src="http://www.sevenadur.org/2018/wp-content/uploads/sites/5/2018/01/picto_handicap.jpg" alt="" width="17" height="17" srcset="http://www.sevenadur.org/2018/wp-content/uploads/sites/5/2018/01/picto_handicap.jpg 256w, http://www.sevenadur.org/2018/wp-content/uploads/sites/5/2018/01/picto_handicap-150x150.jpg 150w" sizes="auto, (max-width: 17px) 100vw, 17px" /></em></b></span></strong></span><br />
<span style="font-size: 10pt;font-family: 'Trebuchet MS', Geneva;color: #000000">Jean-Maurice Colombel vous propose de découvrir son exposition “Voix et Musiques Celtiques” à travers une trentaine de photographies en argentique noir et blanc d’artistes, de chanteurs, de conteurs, de musiciens&#8230; Ces images ont été collectées en Bretagne dans les  grands festivals de Quimper et de Lorient ainsi que dans les fêtes traditionnelles de Gourin, Monterfil, Parcé, Bovel, Rennes&#8230;</span></p>
<p><span style="font-size: 8pt;color: #008080"><em><strong><span style="font-family: 'Trebuchet MS', Geneva">Org. : Cercle Celtique de Rennes, avec le soutien de la mairie de Bruz</span></strong></em></span></p>
<p>&nbsp;</p>
<p>&nbsp;</p>
<p><span style="font-family: 'Trebuchet MS', Geneva;font-size: 14pt;color: #003366">Du 13 au 23 mars</span></p>
<p><span style="font-family: 'Trebuchet MS', Geneva;color: #003366">Exposition photos « Les costumes traditionnels roumains »</span></p>
<p>&nbsp;</p>
<p><img loading="lazy" decoding="async" class=" wp-image-1094 alignleft" src="http://www.sevenadur.org/2018/wp-content/uploads/sites/5/2018/03/expo_roumains.jpg" alt="" width="163" height="231" /></p>
<p><span style="font-size: 10pt"><strong><span style="font-family: 'Trebuchet MS', Geneva;color: #000000">Hall d&rsquo;accueil de la MIR, Rennes <b>♦</b><b> </b></span></strong><span style="font-family: 'Trebuchet MS', Geneva"><strong><span style="color: #000000"><b>du mardi au jeudi de 14h à 18h30 et le vendredi : 14h à 18h <span style="font-family: 'Trebuchet MS', Geneva;color: #000000">♦ renseignements : solidarite35roumanie@free.fr</span></b></span></strong></span></span></p>
<p><span style="font-family: 'Trebuchet MS', Geneva;font-size: 10pt">Cette exposition présente, sous forme de photos, toute la diversité des costumes traditionnels folkloriques de différentes régions de Roumanie. Elles ont été prises à l’occasion de festivals folkloriques, de fêtes de village ou de fêtes religieuses.</span></p>
<p style="font-weight: 400"><span style="font-size: 10pt;font-family: 'Trebuchet MS', Geneva">Photographes : « <em>les familles Barentin et Perrudin</em> »</span></p>
<p><span style="font-size: 8pt;color: #008080"><strong><em><span style="font-family: 'Trebuchet MS', Geneva">Org. : Solidarité 35 Roumanie, avec le soutien de la MIR</span></em></strong></span></p>
<p>&nbsp;</p>
<p>&nbsp;</p>
<p>&nbsp;</p>
<p>&nbsp;</p>
<p>&nbsp;</p>
<p><span style="font-family: 'Trebuchet MS', Geneva;font-size: 14pt;color: #003366">Du 28 février au 18 mars</span></p>
<p><span style="font-family: 'Trebuchet MS', Geneva;color: #003366">Exposition photos « NOUS » &#8211; Yaouankiz 2017</span></p>
<p>&nbsp;</p>
<p><img loading="lazy" decoding="async" class=" wp-image-919 alignnone" src="http://www.sevenadur.org/2018/wp-content/uploads/sites/5/2018/01/NOUS-300x150.jpg" alt="" width="352" height="176" srcset="http://www.sevenadur.org/2018/wp-content/uploads/sites/5/2018/01/NOUS-300x150.jpg 300w, http://www.sevenadur.org/2018/wp-content/uploads/sites/5/2018/01/NOUS.jpg 642w" sizes="auto, (max-width: 352px) 100vw, 352px" /></p>
<p><span style="font-size: 10pt;color: #000000"><strong><span style="font-family: 'Trebuchet MS', Geneva">Ferme de la Harpe, Rennes ♦ du lundi au jeudi de 9h à 17h et le vendredi de 9h à 13h ♦ Gratuit ♦ Renseignements : contact@cercleceltiquederennes.org &#8211; 02 99 54 36 45 <b>♦ <em><img loading="lazy" decoding="async" class=" wp-image-941 alignnone" src="http://www.sevenadur.org/2018/wp-content/uploads/sites/5/2018/01/picto_handicap.jpg" alt="" width="17" height="17" srcset="http://www.sevenadur.org/2018/wp-content/uploads/sites/5/2018/01/picto_handicap.jpg 256w, http://www.sevenadur.org/2018/wp-content/uploads/sites/5/2018/01/picto_handicap-150x150.jpg 150w" sizes="auto, (max-width: 17px) 100vw, 17px" /></em></b></span></strong></span></p>
<p><span style="font-weight: 400;font-family: 'Trebuchet MS', Geneva;font-size: 10pt">Nous, c&rsquo;est une rencontre artistique transversale entre enfants du quartier de Villejean qui ont pris possession de la dalle Kennedy pour réaliser des chorégraphies inspirées des œuvres de Vera Molnar*, qui en appellent aux formes géométriques en mouvement. </span><span style="font-weight: 400;font-family: 'Trebuchet MS', Geneva;font-size: 10pt">Cette performance artistique, photographiée par Hervé Lambrecht et Sophie Lambert, permet la rencontre originale d&rsquo;une transversalité possible entre danses hip hop, danses africaines et danses bretonnes.</span></p>
<p>&nbsp;</p>
<p><span style="font-family: 'Trebuchet MS', Geneva;font-size: 10pt">Voici ce qu&rsquo;en dit son directeur artistique Hervé Lambrecht </span><span style="font-family: 'Trebuchet MS', Geneva;font-size: 10pt"><em> » Une idée : La dalle  Kennedy comme une cour. Des balcons sur la dalle comme des reposoirs. Ce qui bouge attire l’œil. Ce qui ne bouge pas interroge. Lier les êtres par la matière dans laquelle ils évoluent, par l’air qu’ils respirent, dans un espace commun en vibration : le présent entre nous. »</em></span></p>
<p>&nbsp;</p>
<p><span style="font-weight: 400;font-family: 'Trebuchet MS', Geneva;font-size: 10pt">*visibles au musée des beaux arts</span></p>
<p><span style="font-weight: 400;font-family: 'Trebuchet MS', Geneva;font-size: 10pt">Vous pourrez aussi retrouver cette exposition du 22 mars au 9 avril sur Familles en mouvement.</span></p>
<p>&nbsp;</p>
<p><span style="font-size: 8pt"><em><strong><span style="font-family: 'Trebuchet MS', Geneva;color: #008080">Org. : Pôle médiation du Cercle Celtique de Rennes</span></strong></em></span></p>
<p><span style="font-size: 8pt"><em><strong><span style="font-family: 'Trebuchet MS', Geneva;color: #008080">Partenaires : Direction de quartier Nord Ouest, Direction éducation enfance, Maison de quartier de Villejean, Cercle Paul Bert, Le cadran, Musée des Beaux-Arts de Rennes</span></strong></em></span></p>
<p>&nbsp;</p>

<p>Du 1er mars au 31 mars Exposition photos « Voix et Musiques Celtiques » &nbsp; Hall de l&rsquo;hôtel de Ville de Bruz, Place du Dr Joly ♦  Gratuit ♦ du lundi au vendredi, 8h30 &#8211; 12h et 14h &#8211; 17h30 et le samedi de 8h30 à &hellip; <a href="http://www.sevenadur.org/2018/expositions/">Continuer la lecture <span class="meta-nav">&rarr;</span></a></p>
