{"id":419,"date":"2017-12-11T16:29:50","date_gmt":"2017-12-11T15:29:50","guid":{"rendered":"http:\/\/www.sevenadur.org\/2018\/?page_id=419"},"modified":"2018-03-05T11:53:49","modified_gmt":"2018-03-05T10:53:49","slug":"stage-de-chant-dans-la-ronde","status":"publish","type":"page","link":"http:\/\/www.sevenadur.org\/2018\/stage-de-chant-dans-la-ronde\/","title":{"rendered":"Stage de chant dans la Ronde"},"content":{"rendered":"<p><span style=\"font-size: 14pt\"><span style=\"font-family: 'Trebuchet MS', Geneva;color: #003366\">Samedi 10 mars<\/span><\/span><\/p>\n<p>&nbsp;<\/p>\n<p><img loading=\"lazy\" decoding=\"async\" class=\" wp-image-31 alignnone\" src=\"http:\/\/www.sevenadur.org\/2018\/wp-content\/uploads\/sites\/5\/2017\/12\/StageChant-Francis-Guilard-300x200.jpg\" alt=\"\" width=\"279\" height=\"186\" srcset=\"http:\/\/www.sevenadur.org\/2018\/wp-content\/uploads\/sites\/5\/2017\/12\/StageChant-Francis-Guilard-300x200.jpg 300w, http:\/\/www.sevenadur.org\/2018\/wp-content\/uploads\/sites\/5\/2017\/12\/StageChant-Francis-Guilard-768x512.jpg 768w, http:\/\/www.sevenadur.org\/2018\/wp-content\/uploads\/sites\/5\/2017\/12\/StageChant-Francis-Guilard-1024x683.jpg 1024w\" sizes=\"auto, (max-width: 279px) 100vw, 279px\" \/><\/p>\n<p><span style=\"color: #000000\"><span style=\"font-size: 10pt;font-family: 'Trebuchet MS', Geneva\"><b>Au Relais des Cultures \u00e0 Erc\u00e9-pr\u00e8s-Liffr\u00e9\u00a0\u2666<\/b>\u00a0<b>de 9h30 \u00e0 17h30\u00a0\u2666<\/b>\u00a0<b>30 \u20ac (stage de chant et repas chant\u00e9 : 50 \u20ac)\u00a0\u2666<\/b><b>\u00a0R\u00e9servation \u00e0 adresser (<\/b><b>bulletin d\u2019inscription sur http:\/\/gallotonic.org)<\/b><b>, avec le r\u00e8glement, avant le 28 f\u00e9vrier 2018 \u00e0 Association Gallo Tonic, La Morlais, 35340 Liffr\u00e9\u00a0\u2666\u00a0<\/b><\/span><b><span style=\"font-size: 10pt;font-family: 'Trebuchet MS', Geneva\"><span style=\"color: #000000\">Renseignements : 02 99 23 54 57, gallotonic@orange.fr<\/span>\u00a0\u2666<\/span><\/b><span style=\"font-family: 'Trebuchet MS', Geneva;font-size: 10pt\"><b>\u00a0Repas \u00e0 apporter\u00a0\u2666\u00a0<em><strong><img loading=\"lazy\" decoding=\"async\" class=\" wp-image-941 alignnone\" src=\"http:\/\/www.sevenadur.org\/2018\/wp-content\/uploads\/sites\/5\/2018\/01\/picto_handicap.jpg\" alt=\"\" width=\"17\" height=\"17\" srcset=\"http:\/\/www.sevenadur.org\/2018\/wp-content\/uploads\/sites\/5\/2018\/01\/picto_handicap.jpg 256w, http:\/\/www.sevenadur.org\/2018\/wp-content\/uploads\/sites\/5\/2018\/01\/picto_handicap-150x150.jpg 150w\" sizes=\"auto, (max-width: 17px) 100vw, 17px\" \/><\/strong><\/em><\/b><\/span><\/span><\/p>\n<p><span style=\"font-family: 'Trebuchet MS', Geneva;font-size: 10pt\">Animatrices : Val\u00e9rie IMBERT et Brigitte KLOAREG (Dames de Nage). Venez \u00e0 la rencontre des danses men\u00e9es \u00e0 la \u00ab goule \u00bb. Ces danses sont chant\u00e9es et l\u2019\u00e9nergie du mouvement passe par l\u2019\u00e9nergie de la voix. Venez donc apprendre les pas en d\u00e9liant les langues, entrez dans la danse ! Apprentissage des pas de danse, chanter en dansant, r\u00e9pondre au meneur et puis devenir meneur de danse.<\/span><\/p>\n<p><span style=\"font-family: 'Trebuchet MS', Geneva;font-size: 8pt;color: #008080\"><strong><em>Org. :\u00a0<a style=\"color: #008080\" href=\"http:\/\/gallotonic.com\/\" target=\"_blank\" rel=\"noopener noreferrer\">Gallo Tonic<\/a><\/em><\/strong><\/span><\/p>\n","protected":false},"excerpt":{"rendered":"<p>Samedi 10 mars &nbsp; Au Relais des Cultures \u00e0 Erc\u00e9-pr\u00e8s-Liffr\u00e9\u00a0\u2666\u00a0de 9h30 \u00e0 17h30\u00a0\u2666\u00a030 \u20ac (stage de chant et repas chant\u00e9 : 50 \u20ac)\u00a0\u2666\u00a0R\u00e9servation \u00e0 adresser (bulletin d\u2019inscription sur http:\/\/gallotonic.org), avec le r\u00e8glement, avant le 28 f\u00e9vrier 2018 \u00e0 Association Gallo &hellip; <a href=\"http:\/\/www.sevenadur.org\/2018\/stage-de-chant-dans-la-ronde\/\">Continuer la lecture <span class=\"meta-nav\">&rarr;<\/span><\/a><\/p>\n","protected":false},"author":1,"featured_media":0,"parent":0,"menu_order":0,"comment_status":"closed","ping_status":"closed","template":"","meta":{"_vp_format_video_url":"","_vp_image_focal_point":[],"footnotes":""},"class_list":["post-419","page","type-page","status-publish","hentry"],"_links":{"self":[{"href":"http:\/\/www.sevenadur.org\/2018\/wp-json\/wp\/v2\/pages\/419","targetHints":{"allow":["GET"]}}],"collection":[{"href":"http:\/\/www.sevenadur.org\/2018\/wp-json\/wp\/v2\/pages"}],"about":[{"href":"http:\/\/www.sevenadur.org\/2018\/wp-json\/wp\/v2\/types\/page"}],"author":[{"embeddable":true,"href":"http:\/\/www.sevenadur.org\/2018\/wp-json\/wp\/v2\/users\/1"}],"replies":[{"embeddable":true,"href":"http:\/\/www.sevenadur.org\/2018\/wp-json\/wp\/v2\/comments?post=419"}],"version-history":[{"count":13,"href":"http:\/\/www.sevenadur.org\/2018\/wp-json\/wp\/v2\/pages\/419\/revisions"}],"predecessor-version":[{"id":1088,"href":"http:\/\/www.sevenadur.org\/2018\/wp-json\/wp\/v2\/pages\/419\/revisions\/1088"}],"wp:attachment":[{"href":"http:\/\/www.sevenadur.org\/2018\/wp-json\/wp\/v2\/media?parent=419"}],"curies":[{"name":"wp","href":"https:\/\/api.w.org\/{rel}","templated":true}]}}

<p><span style="font-size: 14pt"><span style="font-family: 'Trebuchet MS', Geneva;color: #003366">Samedi 10 mars</span></span></p>
<p>&nbsp;</p>
<p><img loading="lazy" decoding="async" class=" wp-image-31 alignnone" src="http://www.sevenadur.org/2018/wp-content/uploads/sites/5/2017/12/StageChant-Francis-Guilard-300x200.jpg" alt="" width="279" height="186" srcset="http://www.sevenadur.org/2018/wp-content/uploads/sites/5/2017/12/StageChant-Francis-Guilard-300x200.jpg 300w, http://www.sevenadur.org/2018/wp-content/uploads/sites/5/2017/12/StageChant-Francis-Guilard-768x512.jpg 768w, http://www.sevenadur.org/2018/wp-content/uploads/sites/5/2017/12/StageChant-Francis-Guilard-1024x683.jpg 1024w" sizes="auto, (max-width: 279px) 100vw, 279px" /></p>
<p><span style="color: #000000"><span style="font-size: 10pt;font-family: 'Trebuchet MS', Geneva"><b>Au Relais des Cultures à Ercé-près-Liffré ♦</b> <b>de 9h30 à 17h30 ♦</b> <b>30 € (stage de chant et repas chanté : 50 €) ♦</b><b> Réservation à adresser (</b><b>bulletin d’inscription sur http://gallotonic.org)</b><b>, avec le règlement, avant le 28 février 2018 à Association Gallo Tonic, La Morlais, 35340 Liffré ♦ </b></span><b><span style="font-size: 10pt;font-family: 'Trebuchet MS', Geneva"><span style="color: #000000">Renseignements : 02 99 23 54 57, gallotonic@orange.fr</span> ♦</span></b><span style="font-family: 'Trebuchet MS', Geneva;font-size: 10pt"><b> Repas à apporter ♦ <em><strong><img loading="lazy" decoding="async" class=" wp-image-941 alignnone" src="http://www.sevenadur.org/2018/wp-content/uploads/sites/5/2018/01/picto_handicap.jpg" alt="" width="17" height="17" srcset="http://www.sevenadur.org/2018/wp-content/uploads/sites/5/2018/01/picto_handicap.jpg 256w, http://www.sevenadur.org/2018/wp-content/uploads/sites/5/2018/01/picto_handicap-150x150.jpg 150w" sizes="auto, (max-width: 17px) 100vw, 17px" /></strong></em></b></span></span></p>
<p><span style="font-family: 'Trebuchet MS', Geneva;font-size: 10pt">Animatrices : Valérie IMBERT et Brigitte KLOAREG (Dames de Nage). Venez à la rencontre des danses menées à la « goule ». Ces danses sont chantées et l’énergie du mouvement passe par l’énergie de la voix. Venez donc apprendre les pas en déliant les langues, entrez dans la danse ! Apprentissage des pas de danse, chanter en dansant, répondre au meneur et puis devenir meneur de danse.</span></p>
<p><span style="font-family: 'Trebuchet MS', Geneva;font-size: 8pt;color: #008080"><strong><em>Org. : <a style="color: #008080" href="http://gallotonic.com/" target="_blank" rel="noopener noreferrer">Gallo Tonic</a></em></strong></span></p>

<p>Samedi 10 mars &nbsp; Au Relais des Cultures à Ercé-près-Liffré ♦ de 9h30 à 17h30 ♦ 30 € (stage de chant et repas chanté : 50 €) ♦ Réservation à adresser (bulletin d’inscription sur http://gallotonic.org), avec le règlement, avant le 28 février 2018 à Association Gallo &hellip; <a href="http://www.sevenadur.org/2018/stage-de-chant-dans-la-ronde/">Continuer la lecture <span class="meta-nav">&rarr;</span></a></p>
