{"id":179,"date":"2017-12-07T12:30:58","date_gmt":"2017-12-07T11:30:58","guid":{"rendered":"http:\/\/www.sevenadur.org\/2018\/?page_id=179"},"modified":"2018-03-08T12:24:57","modified_gmt":"2018-03-08T11:24:57","slug":"jeudi-22-mars","status":"publish","type":"page","link":"http:\/\/www.sevenadur.org\/2018\/jeudi-22-mars\/","title":{"rendered":"Jeudi 22 mars"},"content":{"rendered":"<p><span style=\"font-family: 'Trebuchet MS', Geneva;font-size: 14pt;color: #003366\">Chants du Monde<\/span><\/p>\n<p>&nbsp;<\/p>\n<p><span style=\"font-size: 10pt;font-family: 'Trebuchet MS', Geneva;color: #000000\"><b>UAIR, salle Kerguelen, 62 rue de Dinan, Rennes\u00a0\u00a0\u2666\u00a0<\/b><b>18h30 &#8211; 20h30\u00a0\u2666\u00a0<\/b><b>Gratuit \u2666\u00a0Tout public \u2666\u00a0Renseignements : Meriem Mettouchi\u00a0&#8211; 06 03 49 15 59 &#8211; meriem.mettouchi@gmail.com\u00a0\u2666\u00a0<em><strong><img loading=\"lazy\" decoding=\"async\" class=\" wp-image-941 alignnone\" src=\"http:\/\/www.sevenadur.org\/2018\/wp-content\/uploads\/sites\/5\/2018\/01\/picto_handicap.jpg\" alt=\"\" width=\"17\" height=\"17\" srcset=\"http:\/\/www.sevenadur.org\/2018\/wp-content\/uploads\/sites\/5\/2018\/01\/picto_handicap.jpg 256w, http:\/\/www.sevenadur.org\/2018\/wp-content\/uploads\/sites\/5\/2018\/01\/picto_handicap-150x150.jpg 150w\" sizes=\"auto, (max-width: 17px) 100vw, 17px\" \/><\/strong><\/em><\/b><\/span><\/p>\n<p><span style=\"font-weight: 400;font-family: 'Trebuchet MS', Geneva;font-size: 10pt\">L&rsquo;UAIR, \u00e0 travers ses associations membres, s&rsquo;associe au Cercle Celtique pour pr\u00e9senter une soir\u00e9e autour des chants traditionnels, issus de divers horizons, repr\u00e9sentant par ailleurs des m\u00e9moires ancr\u00e9es sur le territoire.<\/span><\/p>\n<div dir=\"auto\"><span style=\"color: #008080;font-size: 8pt;font-family: 'Trebuchet MS', Geneva\">\u00a0<b><i>Org. : <a style=\"color: #008080\" href=\"http:\/\/uair.org\/\" target=\"_blank\" rel=\"noopener noreferrer\">UAIR<\/a><\/i><\/b><\/span><\/div>\n<p>&nbsp;<\/p>\n<p>&nbsp;<\/p>\n<p><span style=\"font-family: 'Trebuchet MS', Geneva;font-size: 14pt;color: #003366\"><img loading=\"lazy\" decoding=\"async\" class=\" wp-image-1094 alignleft\" src=\"http:\/\/www.sevenadur.org\/2018\/wp-content\/uploads\/sites\/5\/2018\/03\/expo_roumains.jpg\" alt=\"\" width=\"128\" height=\"181\" \/>Vernissage de l&rsquo;exposition photos sur les costumes traditionnels roumains<\/span><\/p>\n<p>&nbsp;<\/p>\n<p><span style=\"font-family: 'Trebuchet MS', Geneva;font-size: 10pt;color: #000000\"><strong>Hall d\u2019accueil de la MIR, Rennes\u00a0<b>\u2666 18h30\u00a0<\/b><b>\u2666 Gratuit\u00a0\u2666 Renseignements : solidarite35roumanie@free.fr<\/b><\/strong><\/span><\/p>\n<p><span style=\"font-family: 'Trebuchet MS', Geneva;font-size: 10pt\">Cette exposition pr\u00e9sente, sous forme de photos, toute la diversit\u00e9 des costumes traditionnels folkloriques de diff\u00e9rentes r\u00e9gions de Roumanie.<\/span><\/p>\n<p><span style=\"font-size: 8pt\"><em><span style=\"font-family: 'Trebuchet MS', Geneva;color: #008080\">Org. :\u00a0<a href=\"http:\/\/solidarite35roumanie.fr\/S35R\/index.php\" target=\"_blank\" rel=\"noopener noreferrer\">Solidarit\u00e9 35 Roumanie<\/a>, avec le soutien de la\u00a0<a href=\"http:\/\/mir-rennes.fr\/\" target=\"_blank\" rel=\"noopener noreferrer\">MIR<\/a><\/span><\/em><\/span><\/p>\n<p>&nbsp;<\/p>\n<p>&nbsp;<\/p>\n<p>&nbsp;<\/p>\n<p>&nbsp;<\/p>\n<p><span style=\"font-family: 'Trebuchet MS', Geneva;font-size: 14pt;color: #003366\">Atelier de chant Kan ha diskan<\/span><\/p>\n<p>&nbsp;<\/p>\n<p><span style=\"font-size: 10pt\"><strong><span style=\"font-family: 'Trebuchet MS', Geneva\">Mod Koz,\u00a03 Bis Rue Jean Marie Duhame, Rennes \u2666 20h30\u00a0\u2666 Gratuit\u00a0\u2666 Renseignements : V\u00e9ronique Ollivier, 06 77 41 20 68 &#8211; ve.ollivier@orange.fr<\/span><\/strong><\/span><\/p>\n<p><span style=\"font-family: 'Trebuchet MS', Geneva;font-size: 10pt\">R\u00e9p\u00e9tition publique de kan ha diskan anim\u00e9e par Ronan Gu\u00e9blez\u00a0<\/span><\/p>\n<p><span style=\"font-size: 8pt\"><em><strong><span style=\"font-family: 'Trebuchet MS', Geneva;color: #008080\">Org. : <a href=\"http:\/\/cercleceltiquederennes.org\/\" target=\"_blank\" rel=\"noopener noreferrer\">Cercle Celtique de Rennes<\/a><\/span><\/strong><\/em><\/span><\/p>\n<p>&nbsp;<\/p>\n<p>&nbsp;<\/p>\n<p><span style=\"font-family: 'Trebuchet MS', Geneva;font-size: 14pt;color: #003366\"><img loading=\"lazy\" decoding=\"async\" class=\" wp-image-660 alignleft\" src=\"http:\/\/www.sevenadur.org\/2018\/wp-content\/uploads\/sites\/5\/2018\/01\/beer-zone-300x225.jpg\" alt=\"\" width=\"232\" height=\"174\" srcset=\"http:\/\/www.sevenadur.org\/2018\/wp-content\/uploads\/sites\/5\/2018\/01\/beer-zone-300x225.jpg 300w, http:\/\/www.sevenadur.org\/2018\/wp-content\/uploads\/sites\/5\/2018\/01\/beer-zone-768x576.jpg 768w, http:\/\/www.sevenadur.org\/2018\/wp-content\/uploads\/sites\/5\/2018\/01\/beer-zone-1024x768.jpg 1024w, http:\/\/www.sevenadur.org\/2018\/wp-content\/uploads\/sites\/5\/2018\/01\/beer-zone.jpg 2048w\" sizes=\"auto, (max-width: 232px) 100vw, 232px\" \/>Ap\u00e9ro Breizh<\/span><\/p>\n<p><span style=\"font-size: 10pt;color: #000000;font-family: 'Trebuchet MS', Geneva\"><b>Bar le Beer Zone, 4 rue du Grand Guillaume, Le Rheu \u2666\u00a0<\/b><b>18h \u2666\u00a0Gratuit\u00a0\u2666\u00a0<em><strong><img loading=\"lazy\" decoding=\"async\" class=\" wp-image-941 alignnone\" src=\"http:\/\/www.sevenadur.org\/2018\/wp-content\/uploads\/sites\/5\/2018\/01\/picto_handicap.jpg\" alt=\"\" width=\"17\" height=\"17\" srcset=\"http:\/\/www.sevenadur.org\/2018\/wp-content\/uploads\/sites\/5\/2018\/01\/picto_handicap.jpg 256w, http:\/\/www.sevenadur.org\/2018\/wp-content\/uploads\/sites\/5\/2018\/01\/picto_handicap-150x150.jpg 150w\" sizes=\"auto, (max-width: 17px) 100vw, 17px\" \/><\/strong><\/em><\/b><\/span><\/p>\n<p><span style=\"font-weight: 400;font-size: 10pt\">Animation musicale bretonne, chants\u00a0de Diskuizh et des chanteuses Kerbaul et Herv\u00e9, seront au rendez-vous de cet Ap\u00e9ro Breizh.<\/span><\/p>\n<p><b><i><\/i><\/b><span style=\"font-family: 'Trebuchet MS', Geneva;font-size: 8pt;color: #008080\"><b><i>Org. : <a style=\"color: #008080\" href=\"http:\/\/www.avantdeuxdurheu.fr\/\" target=\"_blank\" rel=\"noopener noreferrer\">L\u2019Avant Deux du Rheu<\/a><\/i><\/b><\/span><\/p>\n<p>&nbsp;<\/p>\n<p>&nbsp;<\/p>\n<p>&nbsp;<\/p>\n<p>&nbsp;<\/p>\n<p><span style=\"font-size: 14pt;font-family: 'Trebuchet MS', Geneva;color: #003366\">Atelier de langue gall\u00e8se ouvert \u00e0 tous<\/span><\/p>\n<p>&nbsp;<\/p>\n<p><span style=\"font-family: 'Trebuchet MS', Geneva;font-size: 10pt;color: #000000\"><b>Maison bleue, 123 boulevard de Verdun, Rennes \u2666\u00a020h &#8211; 22h\u00a0\u2666 Ouvert \u00e0 tous\u00a0<span style=\"color: #000000\">\u2666<\/span> Renseignements\u00a0 et inscriptions : 02 99 54 36 45<\/b><\/span><\/p>\n<p><span style=\"font-family: 'Trebuchet MS', Geneva;font-size: 10pt\">Venez donc d\u00e9couvrir le gallo,\u00a0la langue romane parl\u00e9e dans toute\u00a0la moiti\u00e9 orientale de la Bretagne. On apprendra quelques mots\u00a0de gallo durant deux heures au travers de petits dialogues, de chansons, et de petits exercices ludiques.. J&rsquo;alons avaer ben\u00a0du pll\u00e9zi !<\/span><\/p>\n<p><span style=\"font-size: 8pt;color: #008080\"><em><strong><span style=\"font-family: 'Trebuchet MS', Geneva\">Org. : <a style=\"color: #008080\" href=\"http:\/\/cercleceltiquederennes.org\/\" target=\"_blank\" rel=\"noopener noreferrer\">Cercle celtique de Rennes<\/a><\/span><\/strong><\/em><\/span><span style=\"font-family: 'Trebuchet MS', Geneva;font-size: 10pt;color: #000000\"><br \/>\n<b><i><img loading=\"lazy\" decoding=\"async\" class=\" wp-image-143 alignleft\" src=\"http:\/\/www.sevenadur.org\/2018\/wp-content\/uploads\/sites\/5\/2017\/12\/kkr-300x83.png\" alt=\"\" width=\"159\" height=\"44\" \/><\/i><\/b><\/span><\/p>\n","protected":false},"excerpt":{"rendered":"<p>Chants du Monde &nbsp; UAIR, salle Kerguelen, 62 rue de Dinan, Rennes\u00a0\u00a0\u2666\u00a018h30 &#8211; 20h30\u00a0\u2666\u00a0Gratuit \u2666\u00a0Tout public \u2666\u00a0Renseignements : Meriem Mettouchi\u00a0&#8211; 06 03 49 15 59 &#8211; meriem.mettouchi@gmail.com\u00a0\u2666\u00a0 L&rsquo;UAIR, \u00e0 travers ses associations membres, s&rsquo;associe au Cercle Celtique pour pr\u00e9senter une &hellip; <a href=\"http:\/\/www.sevenadur.org\/2018\/jeudi-22-mars\/\">Continuer la lecture <span class=\"meta-nav\">&rarr;<\/span><\/a><\/p>\n","protected":false},"author":1,"featured_media":0,"parent":0,"menu_order":0,"comment_status":"closed","ping_status":"closed","template":"","meta":{"_vp_format_video_url":"","_vp_image_focal_point":[],"footnotes":""},"class_list":["post-179","page","type-page","status-publish","hentry"],"_links":{"self":[{"href":"http:\/\/www.sevenadur.org\/2018\/wp-json\/wp\/v2\/pages\/179","targetHints":{"allow":["GET"]}}],"collection":[{"href":"http:\/\/www.sevenadur.org\/2018\/wp-json\/wp\/v2\/pages"}],"about":[{"href":"http:\/\/www.sevenadur.org\/2018\/wp-json\/wp\/v2\/types\/page"}],"author":[{"embeddable":true,"href":"http:\/\/www.sevenadur.org\/2018\/wp-json\/wp\/v2\/users\/1"}],"replies":[{"embeddable":true,"href":"http:\/\/www.sevenadur.org\/2018\/wp-json\/wp\/v2\/comments?post=179"}],"version-history":[{"count":43,"href":"http:\/\/www.sevenadur.org\/2018\/wp-json\/wp\/v2\/pages\/179\/revisions"}],"predecessor-version":[{"id":1100,"href":"http:\/\/www.sevenadur.org\/2018\/wp-json\/wp\/v2\/pages\/179\/revisions\/1100"}],"wp:attachment":[{"href":"http:\/\/www.sevenadur.org\/2018\/wp-json\/wp\/v2\/media?parent=179"}],"curies":[{"name":"wp","href":"https:\/\/api.w.org\/{rel}","templated":true}]}}