{"id":162,"date":"2017-12-07T12:10:25","date_gmt":"2017-12-07T11:10:25","guid":{"rendered":"http:\/\/www.sevenadur.org\/2018\/?page_id=162"},"modified":"2018-02-08T15:19:47","modified_gmt":"2018-02-08T14:19:47","slug":"fete-des-culture-bretonnes","status":"publish","type":"page","link":"http:\/\/www.sevenadur.org\/2018\/fete-des-culture-bretonnes\/","title":{"rendered":"F\u00eate des cultures bretonnes"},"content":{"rendered":"<p><span style=\"font-size: 14pt;font-family: 'Trebuchet MS', Geneva;color: #003366\">Dimanche 25 mars<\/span><\/p>\n<p>&nbsp;<\/p>\n<p><img loading=\"lazy\" decoding=\"async\" class=\" wp-image-33\" src=\"http:\/\/www.sevenadur.org\/2018\/wp-content\/uploads\/sites\/5\/2017\/12\/\u00a9-C.-Simonato-Rennes-Ville-et-M\u00e9tropole-FestivalSevenadur-210350-300x200.jpg\" alt=\"\" width=\"343\" height=\"228\" srcset=\"http:\/\/www.sevenadur.org\/2018\/wp-content\/uploads\/sites\/5\/2017\/12\/\u00a9-C.-Simonato-Rennes-Ville-et-M\u00e9tropole-FestivalSevenadur-210350-300x200.jpg 300w, http:\/\/www.sevenadur.org\/2018\/wp-content\/uploads\/sites\/5\/2017\/12\/\u00a9-C.-Simonato-Rennes-Ville-et-M\u00e9tropole-FestivalSevenadur-210350-768x512.jpg 768w, http:\/\/www.sevenadur.org\/2018\/wp-content\/uploads\/sites\/5\/2017\/12\/\u00a9-C.-Simonato-Rennes-Ville-et-M\u00e9tropole-FestivalSevenadur-210350-1024x683.jpg 1024w\" sizes=\"auto, (max-width: 343px) 100vw, 343px\" \/>\u00a0 \u00a0\u00a0<img loading=\"lazy\" decoding=\"async\" class=\" wp-image-210 alignnone\" src=\"http:\/\/www.sevenadur.org\/2018\/wp-content\/uploads\/sites\/5\/2017\/12\/halles3-300x199.jpg\" alt=\"\" width=\"342\" height=\"227\" srcset=\"http:\/\/www.sevenadur.org\/2018\/wp-content\/uploads\/sites\/5\/2017\/12\/halles3-300x199.jpg 300w, http:\/\/www.sevenadur.org\/2018\/wp-content\/uploads\/sites\/5\/2017\/12\/halles3-768x510.jpg 768w, http:\/\/www.sevenadur.org\/2018\/wp-content\/uploads\/sites\/5\/2017\/12\/halles3-1024x680.jpg 1024w, http:\/\/www.sevenadur.org\/2018\/wp-content\/uploads\/sites\/5\/2017\/12\/halles3.jpg 2048w\" sizes=\"auto, (max-width: 342px) 100vw, 342px\" \/><\/p>\n<p><span style=\"font-weight: 400;font-size: 8pt\">\u00a9<span style=\"font-family: 'Trebuchet MS', Geneva\"> C. Simonato Rennes Ville et M\u00e9tropole Festival Sevenadur 2017<\/span><\/span><\/p>\n<p>&nbsp;<\/p>\n<p><span style=\"font-family: 'Trebuchet MS', Geneva;font-size: 10pt;color: #000000\"><b>La Halle Martenot, Place des Lices \u00e0 Rennes \u2666\u00a0<\/b><b>de 14h \u00e0 18h \u2666\u00a0<\/b><b>Gratuit\u00a0\u2666\u00a0<\/b><b>Renseignements : 02 99 54 36 45\u00a0\u2666\u00a0<em><strong><img loading=\"lazy\" decoding=\"async\" class=\" wp-image-941 alignnone\" src=\"http:\/\/www.sevenadur.org\/2018\/wp-content\/uploads\/sites\/5\/2018\/01\/picto_handicap.jpg\" alt=\"\" width=\"17\" height=\"17\" srcset=\"http:\/\/www.sevenadur.org\/2018\/wp-content\/uploads\/sites\/5\/2018\/01\/picto_handicap.jpg 256w, http:\/\/www.sevenadur.org\/2018\/wp-content\/uploads\/sites\/5\/2018\/01\/picto_handicap-150x150.jpg 150w\" sizes=\"auto, (max-width: 17px) 100vw, 17px\" \/><\/strong><\/em><\/b><\/span><\/p>\n<p><span style=\"font-weight: 400;font-family: 'Trebuchet MS', Geneva;font-size: 10pt\">Apr\u00e8s une dizaine de jours, o\u00f9 plus de 30 structures ont permis de se rencontrer autour des cultures populaires de Bretagne et d&rsquo;ailleurs, le Cercle Celtique cl\u00f4ture le festival Sevenadur en proposant de continuer la f\u00eate avec un spectacle du Bagad de Vern sur Seiche et le conteur Jacky Derennes, une repr\u00e9sentation des musiciens invit\u00e9s venant de Roumanie, des chants d\u2019enfants, un forum des associations, un fest-deiz\u2026 Venez \u00e0 la rencontre de la diversit\u00e9 !<\/span><\/p>\n<p><span style=\"font-family: 'Trebuchet MS', Geneva;font-size: 8pt;color: #008080\"><b><i>Org. :\u00a0<a style=\"color: #008080\" href=\"http:\/\/cercleceltiquederennes.org\/\" target=\"_blank\" rel=\"noopener noreferrer\">Cercle Celtique de Rennes<\/a><\/i><\/b><\/span><\/p>\n<p>&nbsp;<\/p>\n<p>&nbsp;<\/p>\n<p><span style=\"font-family: 'Trebuchet MS', Geneva;color: #003366\">Spectacle des \u00e9l\u00e8ves bilingues bretons-fran\u00e7ais<\/span><\/p>\n<p><b><i><\/i><\/b><span style=\"font-family: 'Trebuchet MS', Geneva;font-size: 10pt\">Spectacle de danses et chants propos\u00e9 par les enfants des classes bilingues breton-fran\u00e7ais du pays de Rennes, ainsi que du coll\u00e8ge Saint-H\u00e9lier, qui accueille une nouvelle fili\u00e8re bilingue breton-fran\u00e7ais depuis septembre dernier. Il est organis\u00e9 par l&rsquo;association des parents d&rsquo;\u00e9l\u00e8ves de l&rsquo;enseignement bilingue priv\u00e9 Dihun Bro Roazhon.<\/span><\/p>\n<p><span style=\"font-family: 'Trebuchet MS', Geneva;font-size: 8pt;color: #008080\"><b><i>Org. :\u00a0<a style=\"color: #008080\" href=\"http:\/\/dihunbroroazhon.wixsite.com\/dihun-bro-roazhon\" target=\"_blank\" rel=\"noopener noreferrer\">Dihun Bro Roazhon<\/a><\/i><\/b><\/span><\/p>\n<p>&nbsp;<\/p>\n<p>&nbsp;<\/p>\n<p><img loading=\"lazy\" decoding=\"async\" class=\"alignright wp-image-946\" src=\"http:\/\/www.sevenadur.org\/2018\/wp-content\/uploads\/sites\/5\/2018\/01\/jeux_bretons_halles.jpg\" alt=\"\" width=\"119\" height=\"169\" \/><\/p>\n<p>&nbsp;<\/p>\n<p><span style=\"color: #003366;font-family: 'Trebuchet MS', Geneva\">Jeux bretons<\/span><\/p>\n<p><span style=\"font-weight: 400;font-family: 'Trebuchet MS', Geneva;font-size: 10pt\">En ce dimanche de rencontres, \u00e0 la Halle Martenot, La Jaupitre est pr\u00e9sente sur un stand et vous propose les indispensables jeux bretons pour cette f\u00eate, des berdinguettes, un palet cible, un birinic\u2026<\/span><\/p>\n<p><span style=\"font-family: 'Trebuchet MS', Geneva;font-size: 8pt;color: #008080\"><b><i>Org. : <a style=\"color: #008080\" href=\"http:\/\/jeuxbretons.bzh\/\" target=\"_blank\" rel=\"noopener noreferrer\">La Jaupitre<\/a><\/i><\/b><\/span><\/p>\n<p>&nbsp;<\/p>\n<p>&nbsp;<\/p>\n<p>&nbsp;<\/p>\n<p>&nbsp;<\/p>\n<p><span style=\"font-family: 'Trebuchet MS', Geneva;color: #003366\"><img loading=\"lazy\" decoding=\"async\" class=\" wp-image-944 alignleft\" src=\"http:\/\/www.sevenadur.org\/2018\/wp-content\/uploads\/sites\/5\/2018\/01\/sonneurs_pour_un_conte-300x226.jpg\" alt=\"\" width=\"228\" height=\"172\" srcset=\"http:\/\/www.sevenadur.org\/2018\/wp-content\/uploads\/sites\/5\/2018\/01\/sonneurs_pour_un_conte-300x226.jpg 300w, http:\/\/www.sevenadur.org\/2018\/wp-content\/uploads\/sites\/5\/2018\/01\/sonneurs_pour_un_conte-768x578.jpg 768w, http:\/\/www.sevenadur.org\/2018\/wp-content\/uploads\/sites\/5\/2018\/01\/sonneurs_pour_un_conte.jpg 807w\" sizes=\"auto, (max-width: 228px) 100vw, 228px\" \/>Spectacle \u00ab Douze sonneurs pour un conte \u00bb<\/span><\/p>\n<p><span style=\"font-weight: 400;font-family: 'Trebuchet MS', Geneva;font-size: 10pt\">Cr\u00e9ation collective, cette pr\u00e9sentation m\u00eale habilement un conte, v\u00e9ritable \u00e9criture de litt\u00e9rature orale, avec des airs des r\u00e9pertoires de Haute et Basse Bretagne. Le spectacle est aussi un hommage singulier \u00e0 deux ma\u00eetres, grands passeurs de m\u00e9moires et militants de la cr\u00e9ativit\u00e9 permanente des cultures populaires du pays Gallo : Albert Poulain et Gilles Morin. Douze sonneurs du Bagad Kadoudal de Vern sur Seiche et Jacky Derennes, conteur, en sont les interpr\u00e8tes.<\/span><\/p>\n<p><span style=\"font-family: 'Trebuchet MS', Geneva;font-size: 8pt;color: #008080\"><em><strong>Org. : Jacky Derennes et le <a style=\"color: #008080\" href=\"http:\/\/kadoudal.free.fr\/\" target=\"_blank\" rel=\"noopener noreferrer\">Bagad de Vern<\/a><\/strong><\/em><\/span><\/p>\n<p>&nbsp;<\/p>\n<p>&nbsp;<\/p>\n<p>&nbsp;<\/p>\n<p><span style=\"font-family: 'Trebuchet MS', Geneva;color: #003366\"><img loading=\"lazy\" decoding=\"async\" class=\"alignright wp-image-943\" src=\"http:\/\/www.sevenadur.org\/2018\/wp-content\/uploads\/sites\/5\/2018\/01\/roumains-226x300.jpg\" alt=\"\" width=\"105\" height=\"139\" srcset=\"http:\/\/www.sevenadur.org\/2018\/wp-content\/uploads\/sites\/5\/2018\/01\/roumains-226x300.jpg 226w, http:\/\/www.sevenadur.org\/2018\/wp-content\/uploads\/sites\/5\/2018\/01\/roumains.jpg 407w\" sizes=\"auto, (max-width: 105px) 100vw, 105px\" \/>Musiciens et danseurs roumains<\/span><\/p>\n<p><span style=\"font-weight: 400;font-family: 'Trebuchet MS', Geneva;font-size: 10pt\">Cette ann\u00e9e, nous avons le plaisir d&rsquo;accueillir une d\u00e9l\u00e9gation d&rsquo;artistes roumains. Ils vous feront d\u00e9couvrir leurs danses et musiques traditionnelles.<\/span><\/p>\n<p><span style=\"font-family: 'Trebuchet MS', Geneva;font-size: 8pt;color: #008080\"><em><strong>Org. : <a style=\"color: #008080\" href=\"http:\/\/solidarite35roumanie.fr\/S35R\/index.php\" target=\"_blank\" rel=\"noopener noreferrer\">Solidarit\u00e935Roumanie<\/a><\/strong><\/em><\/span><\/p>\n<p>&nbsp;<\/p>\n<p>&nbsp;<\/p>\n<p><span style=\"font-family: 'Trebuchet MS', Geneva;color: #003366\"><img loading=\"lazy\" decoding=\"async\" class=\" wp-image-945 alignleft\" src=\"http:\/\/www.sevenadur.org\/2018\/wp-content\/uploads\/sites\/5\/2018\/01\/fest_deiz_halle.jpg\" alt=\"\" width=\"146\" height=\"144\" \/><\/span><\/p>\n<p>&nbsp;<\/p>\n<p><span style=\"font-family: 'Trebuchet MS', Geneva;color: #003366\">Fest deiz<\/span><\/p>\n<p><span style=\"font-weight: 400;font-family: 'Trebuchet MS', Geneva;font-size: 10pt\">Comme chaque ann\u00e9e un fest deiz est propos\u00e9 avec des groupes issus de la sc\u00e8ne bretonne\u00a0comme le Duo Gicquel et le Trio Gwann.<\/span><\/p>\n<p><span style=\"font-family: 'Trebuchet MS', Geneva;font-size: 8pt;color: #008080\"><em><strong>Org. : <a style=\"color: #008080\" href=\"http:\/\/cercleceltiquederennes.org\/\" target=\"_blank\" rel=\"noopener noreferrer\">Cercle Celtique de Rennes<\/a><\/strong><\/em><\/span><\/p>\n<p>&nbsp;<\/p>\n<p>&nbsp;<\/p>\n<p>&nbsp;<\/p>\n<p>&nbsp;<\/p>\n<p><span style=\"font-family: 'Trebuchet MS', Geneva;color: #003366\">Forum des associations<\/span><\/p>\n<p><span style=\"font-weight: 400;font-family: 'Trebuchet MS', Geneva;font-size: 10pt\">Le Cercle Celtique de Rennes, Skeudenn Bro Roazhon et la MIR vous invitent \u00e0 d\u00e9couvrir les acteurs culturels du Pays de Rennes, partenaires de Sevenadur !<\/span><\/p>\n","protected":false},"excerpt":{"rendered":"<p>Dimanche 25 mars &nbsp; \u00a0 \u00a0\u00a0 \u00a9 C. Simonato Rennes Ville et M\u00e9tropole Festival Sevenadur 2017 &nbsp; La Halle Martenot, Place des Lices \u00e0 Rennes \u2666\u00a0de 14h \u00e0 18h \u2666\u00a0Gratuit\u00a0\u2666\u00a0Renseignements : 02 99 54 36 45\u00a0\u2666\u00a0 Apr\u00e8s une dizaine de &hellip; <a href=\"http:\/\/www.sevenadur.org\/2018\/fete-des-culture-bretonnes\/\">Continuer la lecture <span class=\"meta-nav\">&rarr;<\/span><\/a><\/p>\n","protected":false},"author":1,"featured_media":0,"parent":0,"menu_order":0,"comment_status":"closed","ping_status":"closed","template":"","meta":{"_vp_format_video_url":"","_vp_image_focal_point":[],"footnotes":""},"class_list":["post-162","page","type-page","status-publish","hentry"],"_links":{"self":[{"href":"http:\/\/www.sevenadur.org\/2018\/wp-json\/wp\/v2\/pages\/162","targetHints":{"allow":["GET"]}}],"collection":[{"href":"http:\/\/www.sevenadur.org\/2018\/wp-json\/wp\/v2\/pages"}],"about":[{"href":"http:\/\/www.sevenadur.org\/2018\/wp-json\/wp\/v2\/types\/page"}],"author":[{"embeddable":true,"href":"http:\/\/www.sevenadur.org\/2018\/wp-json\/wp\/v2\/users\/1"}],"replies":[{"embeddable":true,"href":"http:\/\/www.sevenadur.org\/2018\/wp-json\/wp\/v2\/comments?post=162"}],"version-history":[{"count":45,"href":"http:\/\/www.sevenadur.org\/2018\/wp-json\/wp\/v2\/pages\/162\/revisions"}],"predecessor-version":[{"id":1044,"href":"http:\/\/www.sevenadur.org\/2018\/wp-json\/wp\/v2\/pages\/162\/revisions\/1044"}],"wp:attachment":[{"href":"http:\/\/www.sevenadur.org\/2018\/wp-json\/wp\/v2\/media?parent=162"}],"curies":[{"name":"wp","href":"https:\/\/api.w.org\/{rel}","templated":true}]}}