{"id":117,"date":"2017-12-07T10:23:36","date_gmt":"2017-12-07T09:23:36","guid":{"rendered":"http:\/\/www.sevenadur.org\/2018\/?page_id=117"},"modified":"2018-03-05T11:39:53","modified_gmt":"2018-03-05T10:39:53","slug":"festn-breizh","status":"publish","type":"page","link":"http:\/\/www.sevenadur.org\/2018\/festn-breizh\/","title":{"rendered":"Fest&rsquo;n Breizh"},"content":{"rendered":"<p><span style=\"font-size: 10pt;font-family: 'Trebuchet MS', Geneva\"><b><img loading=\"lazy\" decoding=\"async\" class=\" wp-image-1034 alignnone\" src=\"http:\/\/www.sevenadur.org\/2018\/wp-content\/uploads\/sites\/5\/2018\/02\/ecran-piscine-1366x694-300x152.jpg\" alt=\"\" width=\"399\" height=\"202\" srcset=\"http:\/\/www.sevenadur.org\/2018\/wp-content\/uploads\/sites\/5\/2018\/02\/ecran-piscine-1366x694-300x152.jpg 300w, http:\/\/www.sevenadur.org\/2018\/wp-content\/uploads\/sites\/5\/2018\/02\/ecran-piscine-1366x694-768x390.jpg 768w, http:\/\/www.sevenadur.org\/2018\/wp-content\/uploads\/sites\/5\/2018\/02\/ecran-piscine-1366x694-1024x520.jpg 1024w, http:\/\/www.sevenadur.org\/2018\/wp-content\/uploads\/sites\/5\/2018\/02\/ecran-piscine-1366x694.jpg 1366w\" sizes=\"auto, (max-width: 399px) 100vw, 399px\" \/>\u00a0 \u00a0 \u00a0<img loading=\"lazy\" decoding=\"async\" class=\"wp-image-32 alignnone\" src=\"http:\/\/www.sevenadur.org\/2018\/wp-content\/uploads\/sites\/5\/2017\/12\/Visuel_festbzh-300x300.jpeg\" alt=\"\" width=\"203\" height=\"203\" srcset=\"http:\/\/www.sevenadur.org\/2018\/wp-content\/uploads\/sites\/5\/2017\/12\/Visuel_festbzh-300x300.jpeg 300w, http:\/\/www.sevenadur.org\/2018\/wp-content\/uploads\/sites\/5\/2017\/12\/Visuel_festbzh-150x150.jpeg 150w, http:\/\/www.sevenadur.org\/2018\/wp-content\/uploads\/sites\/5\/2017\/12\/Visuel_festbzh.jpeg 455w\" sizes=\"auto, (max-width: 203px) 100vw, 203px\" \/>\u00a0<\/b><\/span><\/p>\n<p>&nbsp;<\/p>\n<p><span style=\"font-family: 'Trebuchet MS', Geneva\">Pour les 10 ans de Fest&rsquo;n Breizh, l&rsquo;\u00e9dition sera int\u00e9gr\u00e9e dans Sevenadur 2018 ce qui nous promet un d\u00e9but en fanfare !<\/span><\/p>\n<p>&nbsp;<\/p>\n<p><span style=\"font-size: 10pt;font-family: 'Trebuchet MS', Geneva;color: #000000\"><b>L&rsquo;Etage, 1 Esplanade G\u00e9n\u00e9ral de Gaulle, Rennes \u2666\u00a0d<\/b><b>e 20h \u00e0 2h \u2666\u00a0<\/b><b>Gratuit \u2666\u00a0<\/b><b>Renseignements : festnbzh@gmail.com\u00a0\u2666\u00a0<em><strong><img loading=\"lazy\" decoding=\"async\" class=\" wp-image-941 alignnone\" src=\"http:\/\/www.sevenadur.org\/2018\/wp-content\/uploads\/sites\/5\/2018\/01\/picto_handicap.jpg\" alt=\"\" width=\"17\" height=\"17\" srcset=\"http:\/\/www.sevenadur.org\/2018\/wp-content\/uploads\/sites\/5\/2018\/01\/picto_handicap.jpg 256w, http:\/\/www.sevenadur.org\/2018\/wp-content\/uploads\/sites\/5\/2018\/01\/picto_handicap-150x150.jpg 150w\" sizes=\"auto, (max-width: 17px) 100vw, 17px\" \/><\/strong><\/em><\/b><\/span><\/p>\n<p><span style=\"font-weight: 400;font-size: 10pt;font-family: 'Trebuchet MS', Geneva\">Fest&rsquo;n Breizh est un \u00e9v\u00e9nement organis\u00e9 par un collectif d&rsquo;associations des Universit\u00e9s Rennes 1 et Rennes 2, d\u00e9sireux de faire d\u00e9couvrir la culture bretonne aux \u00e9tudiants et de l&rsquo;ouvrir aux influences musicales actuelles.\u00a0<span style=\"font-weight: 400\">Il s\u2019ins\u00e8re dans le cadre de la <a href=\"https:\/\/www.facebook.com\/ND4JRennes\/\" target=\"_blank\" rel=\"noopener noreferrer\">ND4J<\/a> et il est soutenu par les universit\u00e9s de <a href=\"https:\/\/www.univ-rennes1.fr\/\" target=\"_blank\" rel=\"noopener noreferrer\">Rennes 1 <\/a>et <a href=\"https:\/\/www.univ-rennes2.fr\/\" target=\"_blank\" rel=\"noopener noreferrer\">Rennes 2<\/a>.\u00a0<\/span><\/span><span style=\"font-weight: 400;font-size: 10pt;font-family: 'Trebuchet MS', Geneva\"><strong>Au programme<\/strong> : ateliers autour de la culture bretonne (jeux bretons, animations musicales &#8230;), initiation \u00e0 la danse avec des musiciens du Cercle Celtique de Rennes, fest noz avec les \u00e9l\u00e8ves du Pont Sup\u00e9rieur, la fanfare La Groove Compagnie, une cr\u00e9ation entre ki\u00f1ko\u00f1s et le musicien indien Ilyas Khan, Beat Bouet Trio et un dj set de Faya Gur pour cl\u00f4turer la soir\u00e9e.<\/span><\/p>\n<p>&nbsp;<\/p>\n<p style=\"text-align: right\"><span style=\"font-size: 8pt;font-family: 'Trebuchet MS', Geneva;color: #008080\"><b><i>Org. : <a style=\"color: #008080\" href=\"http:\/\/cercleceltiquederennes.org\/\" target=\"_blank\" rel=\"noopener noreferrer\">Cercle Celtique de Rennes<\/a>, <a style=\"color: #008080\" href=\"https:\/\/www.facebook.com\/graindeselrennes\/\" target=\"_blank\" rel=\"noopener noreferrer\">Grain de Sel<\/a>, <a style=\"color: #008080\" href=\"https:\/\/www.ascreb.org\/ascreb\/ascreb_news.php\" target=\"_blank\" rel=\"noopener noreferrer\">ASCREB<\/a>, <a style=\"color: #008080\" href=\"https:\/\/www.facebook.com\/kejadenn.roazhonii\" target=\"_blank\" rel=\"noopener noreferrer\">Kejadenn<\/a><\/i><\/b><\/span><\/p>\n<p style=\"text-align: right\"><img loading=\"lazy\" decoding=\"async\" class=\" wp-image-130 alignnone\" src=\"http:\/\/www.sevenadur.org\/2018\/wp-content\/uploads\/sites\/5\/2017\/12\/nd4j.png\" alt=\"\" width=\"102\" height=\"103\" \/><img loading=\"lazy\" decoding=\"async\" class=\"alignright wp-image-911\" src=\"http:\/\/www.sevenadur.org\/2018\/wp-content\/uploads\/sites\/5\/2018\/01\/logos_fest_n_breizh-300x124.jpg\" alt=\"\" width=\"341\" height=\"141\" srcset=\"http:\/\/www.sevenadur.org\/2018\/wp-content\/uploads\/sites\/5\/2018\/01\/logos_fest_n_breizh-300x124.jpg 300w, http:\/\/www.sevenadur.org\/2018\/wp-content\/uploads\/sites\/5\/2018\/01\/logos_fest_n_breizh.jpg 444w\" sizes=\"auto, (max-width: 341px) 100vw, 341px\" \/><\/p>\n","protected":false},"excerpt":{"rendered":"<p>\u00a0 \u00a0 \u00a0\u00a0 &nbsp; Pour les 10 ans de Fest&rsquo;n Breizh, l&rsquo;\u00e9dition sera int\u00e9gr\u00e9e dans Sevenadur 2018 ce qui nous promet un d\u00e9but en fanfare ! &nbsp; L&rsquo;Etage, 1 Esplanade G\u00e9n\u00e9ral de Gaulle, Rennes \u2666\u00a0de 20h \u00e0 2h \u2666\u00a0Gratuit \u2666\u00a0Renseignements &hellip; <a href=\"http:\/\/www.sevenadur.org\/2018\/festn-breizh\/\">Continuer la lecture <span class=\"meta-nav\">&rarr;<\/span><\/a><\/p>\n","protected":false},"author":1,"featured_media":0,"parent":0,"menu_order":0,"comment_status":"closed","ping_status":"closed","template":"","meta":{"_vp_format_video_url":"","_vp_image_focal_point":[],"footnotes":""},"class_list":["post-117","page","type-page","status-publish","hentry"],"_links":{"self":[{"href":"http:\/\/www.sevenadur.org\/2018\/wp-json\/wp\/v2\/pages\/117","targetHints":{"allow":["GET"]}}],"collection":[{"href":"http:\/\/www.sevenadur.org\/2018\/wp-json\/wp\/v2\/pages"}],"about":[{"href":"http:\/\/www.sevenadur.org\/2018\/wp-json\/wp\/v2\/types\/page"}],"author":[{"embeddable":true,"href":"http:\/\/www.sevenadur.org\/2018\/wp-json\/wp\/v2\/users\/1"}],"replies":[{"embeddable":true,"href":"http:\/\/www.sevenadur.org\/2018\/wp-json\/wp\/v2\/comments?post=117"}],"version-history":[{"count":37,"href":"http:\/\/www.sevenadur.org\/2018\/wp-json\/wp\/v2\/pages\/117\/revisions"}],"predecessor-version":[{"id":1083,"href":"http:\/\/www.sevenadur.org\/2018\/wp-json\/wp\/v2\/pages\/117\/revisions\/1083"}],"wp:attachment":[{"href":"http:\/\/www.sevenadur.org\/2018\/wp-json\/wp\/v2\/media?parent=117"}],"curies":[{"name":"wp","href":"https:\/\/api.w.org\/{rel}","templated":true}]}}

<p><span style="font-size: 10pt;font-family: 'Trebuchet MS', Geneva"><b><img loading="lazy" decoding="async" class=" wp-image-1034 alignnone" src="http://www.sevenadur.org/2018/wp-content/uploads/sites/5/2018/02/ecran-piscine-1366x694-300x152.jpg" alt="" width="399" height="202" srcset="http://www.sevenadur.org/2018/wp-content/uploads/sites/5/2018/02/ecran-piscine-1366x694-300x152.jpg 300w, http://www.sevenadur.org/2018/wp-content/uploads/sites/5/2018/02/ecran-piscine-1366x694-768x390.jpg 768w, http://www.sevenadur.org/2018/wp-content/uploads/sites/5/2018/02/ecran-piscine-1366x694-1024x520.jpg 1024w, http://www.sevenadur.org/2018/wp-content/uploads/sites/5/2018/02/ecran-piscine-1366x694.jpg 1366w" sizes="auto, (max-width: 399px) 100vw, 399px" />     <img loading="lazy" decoding="async" class="wp-image-32 alignnone" src="http://www.sevenadur.org/2018/wp-content/uploads/sites/5/2017/12/Visuel_festbzh-300x300.jpeg" alt="" width="203" height="203" srcset="http://www.sevenadur.org/2018/wp-content/uploads/sites/5/2017/12/Visuel_festbzh-300x300.jpeg 300w, http://www.sevenadur.org/2018/wp-content/uploads/sites/5/2017/12/Visuel_festbzh-150x150.jpeg 150w, http://www.sevenadur.org/2018/wp-content/uploads/sites/5/2017/12/Visuel_festbzh.jpeg 455w" sizes="auto, (max-width: 203px) 100vw, 203px" /> </b></span></p>
<p>&nbsp;</p>
<p><span style="font-family: 'Trebuchet MS', Geneva">Pour les 10 ans de Fest&rsquo;n Breizh, l&rsquo;édition sera intégrée dans Sevenadur 2018 ce qui nous promet un début en fanfare !</span></p>
<p>&nbsp;</p>
<p><span style="font-size: 10pt;font-family: 'Trebuchet MS', Geneva;color: #000000"><b>L&rsquo;Etage, 1 Esplanade Général de Gaulle, Rennes ♦ d</b><b>e 20h à 2h ♦ </b><b>Gratuit ♦ </b><b>Renseignements : festnbzh@gmail.com ♦ <em><strong><img loading="lazy" decoding="async" class=" wp-image-941 alignnone" src="http://www.sevenadur.org/2018/wp-content/uploads/sites/5/2018/01/picto_handicap.jpg" alt="" width="17" height="17" srcset="http://www.sevenadur.org/2018/wp-content/uploads/sites/5/2018/01/picto_handicap.jpg 256w, http://www.sevenadur.org/2018/wp-content/uploads/sites/5/2018/01/picto_handicap-150x150.jpg 150w" sizes="auto, (max-width: 17px) 100vw, 17px" /></strong></em></b></span></p>
<p><span style="font-weight: 400;font-size: 10pt;font-family: 'Trebuchet MS', Geneva">Fest&rsquo;n Breizh est un événement organisé par un collectif d&rsquo;associations des Universités Rennes 1 et Rennes 2, désireux de faire découvrir la culture bretonne aux étudiants et de l&rsquo;ouvrir aux influences musicales actuelles. <span style="font-weight: 400">Il s’insère dans le cadre de la <a href="https://www.facebook.com/ND4JRennes/" target="_blank" rel="noopener noreferrer">ND4J</a> et il est soutenu par les universités de <a href="https://www.univ-rennes1.fr/" target="_blank" rel="noopener noreferrer">Rennes 1 </a>et <a href="https://www.univ-rennes2.fr/" target="_blank" rel="noopener noreferrer">Rennes 2</a>. </span></span><span style="font-weight: 400;font-size: 10pt;font-family: 'Trebuchet MS', Geneva"><strong>Au programme</strong> : ateliers autour de la culture bretonne (jeux bretons, animations musicales &#8230;), initiation à la danse avec des musiciens du Cercle Celtique de Rennes, fest noz avec les élèves du Pont Supérieur, la fanfare La Groove Compagnie, une création entre kiñkoñs et le musicien indien Ilyas Khan, Beat Bouet Trio et un dj set de Faya Gur pour clôturer la soirée.</span></p>
<p>&nbsp;</p>
<p style="text-align: right"><span style="font-size: 8pt;font-family: 'Trebuchet MS', Geneva;color: #008080"><b><i>Org. : <a style="color: #008080" href="http://cercleceltiquederennes.org/" target="_blank" rel="noopener noreferrer">Cercle Celtique de Rennes</a>, <a style="color: #008080" href="https://www.facebook.com/graindeselrennes/" target="_blank" rel="noopener noreferrer">Grain de Sel</a>, <a style="color: #008080" href="https://www.ascreb.org/ascreb/ascreb_news.php" target="_blank" rel="noopener noreferrer">ASCREB</a>, <a style="color: #008080" href="https://www.facebook.com/kejadenn.roazhonii" target="_blank" rel="noopener noreferrer">Kejadenn</a></i></b></span></p>
<p style="text-align: right"><img loading="lazy" decoding="async" class=" wp-image-130 alignnone" src="http://www.sevenadur.org/2018/wp-content/uploads/sites/5/2017/12/nd4j.png" alt="" width="102" height="103" /><img loading="lazy" decoding="async" class="alignright wp-image-911" src="http://www.sevenadur.org/2018/wp-content/uploads/sites/5/2018/01/logos_fest_n_breizh-300x124.jpg" alt="" width="341" height="141" srcset="http://www.sevenadur.org/2018/wp-content/uploads/sites/5/2018/01/logos_fest_n_breizh-300x124.jpg 300w, http://www.sevenadur.org/2018/wp-content/uploads/sites/5/2018/01/logos_fest_n_breizh.jpg 444w" sizes="auto, (max-width: 341px) 100vw, 341px" /></p>

<p>       &nbsp; Pour les 10 ans de Fest&rsquo;n Breizh, l&rsquo;édition sera intégrée dans Sevenadur 2018 ce qui nous promet un début en fanfare ! &nbsp; L&rsquo;Etage, 1 Esplanade Général de Gaulle, Rennes ♦ de 20h à 2h ♦ Gratuit ♦ Renseignements &hellip; <a href="http://www.sevenadur.org/2018/festn-breizh/">Continuer la lecture <span class="meta-nav">&rarr;</span></a></p>
