{"id":112,"date":"2017-12-06T17:58:09","date_gmt":"2017-12-06T16:58:09","guid":{"rendered":"http:\/\/www.sevenadur.org\/2018\/?page_id=112"},"modified":"2018-01-25T12:43:17","modified_gmt":"2018-01-25T11:43:17","slug":"mercredi-14-mars","status":"publish","type":"page","link":"http:\/\/www.sevenadur.org\/2018\/mercredi-14-mars\/","title":{"rendered":"Mercredi 14 mars"},"content":{"rendered":"<h3><span style=\"color: #003366;font-family: 'Trebuchet MS', Geneva;font-size: 14pt\">Au secours, la sorci\u00e8re !<\/span><\/h3>\n<p><img loading=\"lazy\" decoding=\"async\" class=\"wp-image-37 alignleft\" src=\"http:\/\/www.sevenadur.org\/2018\/wp-content\/uploads\/sites\/5\/2017\/12\/Au-secours-la-sorci\u00e8re-300x200.jpg\" alt=\"\" width=\"332\" height=\"221\" srcset=\"http:\/\/www.sevenadur.org\/2018\/wp-content\/uploads\/sites\/5\/2017\/12\/Au-secours-la-sorci\u00e8re-300x200.jpg 300w, http:\/\/www.sevenadur.org\/2018\/wp-content\/uploads\/sites\/5\/2017\/12\/Au-secours-la-sorci\u00e8re-768x512.jpg 768w, http:\/\/www.sevenadur.org\/2018\/wp-content\/uploads\/sites\/5\/2017\/12\/Au-secours-la-sorci\u00e8re-1024x682.jpg 1024w, http:\/\/www.sevenadur.org\/2018\/wp-content\/uploads\/sites\/5\/2017\/12\/Au-secours-la-sorci\u00e8re.jpg 1250w\" sizes=\"auto, (max-width: 332px) 100vw, 332px\" \/><\/p>\n<p><span style=\"font-size: 10pt;font-family: 'Trebuchet MS', Geneva;color: #000000\"><b>Mus\u00e9e de Bretagne (Les Champs Libres), 46 boulevard Magenta, Rennes \u2666<\/b><b>\u00a015h30\u00a0\u2666<\/b><b>\u00a0Gratuit \u2666<\/b><b>\u00a0Ouvert aux familles avec enfants \u00e0 partir de 7 ans\u00a0\u2666<\/b>\u00a0<b>Renseignements et inscriptions : <\/b><b>02 99 54 36 45, contact@cercleceltiquederennes.org\u00a0\u2666\u00a0<em><strong><img loading=\"lazy\" decoding=\"async\" class=\" wp-image-941 alignnone\" src=\"http:\/\/www.sevenadur.org\/2018\/wp-content\/uploads\/sites\/5\/2018\/01\/picto_handicap.jpg\" alt=\"\" width=\"17\" height=\"17\" srcset=\"http:\/\/www.sevenadur.org\/2018\/wp-content\/uploads\/sites\/5\/2018\/01\/picto_handicap.jpg 256w, http:\/\/www.sevenadur.org\/2018\/wp-content\/uploads\/sites\/5\/2018\/01\/picto_handicap-150x150.jpg 150w\" sizes=\"auto, (max-width: 17px) 100vw, 17px\" \/><\/strong><\/em><\/b><\/span><\/p>\n<p><span style=\"font-family: 'Trebuchet MS', Geneva\"><span style=\"font-weight: 400;font-size: 10pt\">Visitez et jouez en famille \u00e0 partir de 7 ans \u00a0dans l&rsquo;exposition <\/span><i><span style=\"font-weight: 400\"><span style=\"font-size: 10pt\">J&rsquo;y crois j&rsquo;y crois pas<\/span><\/span><\/i><span style=\"font-weight: 400;font-size: 10pt\"> : venez en famille et r\u00e9solvez des r\u00e9bus, relevez des d\u00e9fis et mimez des personnages ! Cette animation se d\u00e9roule autour d&rsquo;un jeu de plateau, le but du jeu est de rassembler tous les ingr\u00e9dients n\u00e9cessaires \u00e0 la fabrication d&rsquo;une potion\u2026. avant que la sorci\u00e8re ne vous attrape ! Soyez courageux et vous partirez peut-\u00eatre avec la recette !<\/span><\/span><\/p>\n<p><b><i><\/i><\/b><span style=\"font-size: 8pt;font-family: 'Trebuchet MS', Geneva;color: #008080\"><b><i>Org. : <a style=\"color: #008080\" href=\"https:\/\/www.musee-bretagne.fr\/\" target=\"_blank\" rel=\"noopener noreferrer\">Mus\u00e9e de Bretagne<\/a><\/i><\/b><\/span><\/p>\n<p>&nbsp;<\/p>\n<p>&nbsp;<\/p>\n<p>&nbsp;<\/p>\n<h3><span style=\"font-size: 14pt;font-family: 'Trebuchet MS', Geneva;color: #003366\">Visite guid\u00e9e de l&rsquo;exposition \u00ab\u00a0J&rsquo;y crois J&rsquo;y crois pas\u00a0\u00bb<\/span><\/h3>\n<p><span style=\"font-size: 10pt;font-family: 'Trebuchet MS', Geneva;color: #000000\"><b><img loading=\"lazy\" decoding=\"async\" class=\" wp-image-913 alignleft\" src=\"http:\/\/www.sevenadur.org\/2018\/wp-content\/uploads\/sites\/5\/2018\/01\/jy_crois_jy_crois_pas-300x173.jpg\" alt=\"\" width=\"357\" height=\"206\" srcset=\"http:\/\/www.sevenadur.org\/2018\/wp-content\/uploads\/sites\/5\/2018\/01\/jy_crois_jy_crois_pas-300x173.jpg 300w, http:\/\/www.sevenadur.org\/2018\/wp-content\/uploads\/sites\/5\/2018\/01\/jy_crois_jy_crois_pas.jpg 450w\" sizes=\"auto, (max-width: 357px) 100vw, 357px\" \/>Mus\u00e9e de Bretagne (Les Champs Libres), 46 boulevard Magenta, Rennes \u2666<\/b><b>\u00a017h30\u00a0&#8211; 18h30 \u2666<\/b><b>\u00a0Gratuit \u2666<\/b><b>\u00a0Renseignements et inscriptions : <\/b><b>02 99 54 36 45, contact@cercleceltiquederennes.org\u00a0\u2666\u00a0<em><strong><img loading=\"lazy\" decoding=\"async\" class=\" wp-image-941 alignnone\" src=\"http:\/\/www.sevenadur.org\/2018\/wp-content\/uploads\/sites\/5\/2018\/01\/picto_handicap.jpg\" alt=\"\" width=\"17\" height=\"17\" srcset=\"http:\/\/www.sevenadur.org\/2018\/wp-content\/uploads\/sites\/5\/2018\/01\/picto_handicap.jpg 256w, http:\/\/www.sevenadur.org\/2018\/wp-content\/uploads\/sites\/5\/2018\/01\/picto_handicap-150x150.jpg 150w\" sizes=\"auto, (max-width: 17px) 100vw, 17px\" \/><\/strong><\/em><\/b><\/span><\/p>\n<p><span style=\"font-weight: 400;font-family: 'Trebuchet MS', Geneva;font-size: 10pt\">Jouer au loto un vendredi 13, passer sous une \u00e9chelle\u2026 Quelle place faisons-nous dans notre soci\u00e9t\u00e9 \u00e0 ce que les esprits dits cart\u00e9siens appellent l\u2019irrationnel et qui rel\u00e8ve d\u2019une autre culture que la culture scientifique dominante ? D\u00e8s la naissance, bonheurs et malheurs s\u2019entrem\u00ealent dans nos vies. Nous voyons dans la bonne fortune et le mauvais sort les manifestations oppos\u00e9es des forces invisibles, manipul\u00e9es ou non par des experts de l\u2019insaisissable, voyants, gu\u00e9risseurs, sorciers\u2026<\/span><\/p>\n<p><span style=\"font-size: 8pt;font-family: 'Trebuchet MS', Geneva;color: #008080\"><b><i>Org. :\u00a0<a style=\"color: #008080\" href=\"https:\/\/www.musee-bretagne.fr\/\" target=\"_blank\" rel=\"noopener noreferrer\">Mus\u00e9e de Bretagne<\/a><\/i><\/b><b><i><br \/>\n<\/i><\/b><\/span><\/p>\n<p>&nbsp;<\/p>\n<p>&nbsp;<\/p>\n<h3><span style=\"font-size: 14pt\"><span style=\"color: #003366;font-family: 'Trebuchet MS', Geneva\">Venez f\u00eater les 10 ans de\u00a0<a href=\"http:\/\/www.sevenadur.org\/2018\/festn-breizh\/\" target=\"_blank\" rel=\"noopener noreferrer\">Fest&rsquo;n Breizh<\/a>\u00a0!<\/span><\/span><\/h3>\n<p>&nbsp;<\/p>\n","protected":false},"excerpt":{"rendered":"<p>Au secours, la sorci\u00e8re ! Mus\u00e9e de Bretagne (Les Champs Libres), 46 boulevard Magenta, Rennes \u2666\u00a015h30\u00a0\u2666\u00a0Gratuit \u2666\u00a0Ouvert aux familles avec enfants \u00e0 partir de 7 ans\u00a0\u2666\u00a0Renseignements et inscriptions : 02 99 54 36 45, contact@cercleceltiquederennes.org\u00a0\u2666\u00a0 Visitez et jouez en famille &hellip; <a href=\"http:\/\/www.sevenadur.org\/2018\/mercredi-14-mars\/\">Continuer la lecture <span class=\"meta-nav\">&rarr;<\/span><\/a><\/p>\n","protected":false},"author":1,"featured_media":0,"parent":0,"menu_order":0,"comment_status":"closed","ping_status":"closed","template":"","meta":{"_vp_format_video_url":"","_vp_image_focal_point":[],"footnotes":""},"class_list":["post-112","page","type-page","status-publish","hentry"],"_links":{"self":[{"href":"http:\/\/www.sevenadur.org\/2018\/wp-json\/wp\/v2\/pages\/112","targetHints":{"allow":["GET"]}}],"collection":[{"href":"http:\/\/www.sevenadur.org\/2018\/wp-json\/wp\/v2\/pages"}],"about":[{"href":"http:\/\/www.sevenadur.org\/2018\/wp-json\/wp\/v2\/types\/page"}],"author":[{"embeddable":true,"href":"http:\/\/www.sevenadur.org\/2018\/wp-json\/wp\/v2\/users\/1"}],"replies":[{"embeddable":true,"href":"http:\/\/www.sevenadur.org\/2018\/wp-json\/wp\/v2\/comments?post=112"}],"version-history":[{"count":24,"href":"http:\/\/www.sevenadur.org\/2018\/wp-json\/wp\/v2\/pages\/112\/revisions"}],"predecessor-version":[{"id":970,"href":"http:\/\/www.sevenadur.org\/2018\/wp-json\/wp\/v2\/pages\/112\/revisions\/970"}],"wp:attachment":[{"href":"http:\/\/www.sevenadur.org\/2018\/wp-json\/wp\/v2\/media?parent=112"}],"curies":[{"name":"wp","href":"https:\/\/api.w.org\/{rel}","templated":true}]}}