{"id":8,"date":"2017-01-16T20:50:04","date_gmt":"2017-01-16T19:50:04","guid":{"rendered":"http:\/\/www.sevenadur.org\/2017\/?page_id=8"},"modified":"2017-02-15T16:39:30","modified_gmt":"2017-02-15T15:39:30","slug":"bienvenue-degemer-mat-bone-arive","status":"publish","type":"page","link":"http:\/\/www.sevenadur.org\/2017\/","title":{"rendered":"\u25a0 Bienvenue ! Degemer mat ! Bone arive !"},"content":{"rendered":"<p><span style=\"font-family: Trebuchet MS,Geneva; font-size: 10pt;\"><img loading=\"lazy\" decoding=\"async\" class=\"alignright wp-image-57 size-thumbnail\" src=\"http:\/\/www.sevenadur.org\/2017\/wp-content\/uploads\/sites\/4\/2017\/01\/presentation-1-150x150.png\" width=\"150\" height=\"150\" \/>Du 22 f\u00e9vrier au 5 mars, le festival Sevenadur, \u00ab\u00a0culture\u00a0\u00bb en breton, accueillera plus de<\/span><br \/>\n<span style=\"font-family: Trebuchet MS,Geneva; font-size: 10pt;\"> 30 structures du pays rennais autour des cultures populaires de Bretagne et d&rsquo;ailleurs.<\/span><br \/>\n<span style=\"font-family: Trebuchet MS,Geneva; font-size: 10pt;\"> Ces moments riches sont l&rsquo;occasion pour les diff\u00e9rents acteurs, porteurs de ces cultures<\/span><br \/>\n<span style=\"font-family: Trebuchet MS,Geneva; font-size: 10pt;\"> de se rencontrer, de se d\u00e9couvrir et de proposer des \u00e9v\u00e9nements festifs et conviviaux<\/span><br \/>\n<span style=\"font-family: Trebuchet MS,Geneva; font-size: 10pt;\"> sur 14 jours.<\/span><\/p>\n<p>&nbsp;<\/p>\n<p><span style=\"font-family: Trebuchet MS,Geneva; font-size: 10pt;\">Avec pr\u00e8s de 40 rencontres, Sevenadur propose de la musique, de la danse, des ren-<\/span><br \/>\n<span style=\"font-family: Trebuchet MS,Geneva; font-size: 10pt;\"> contres, des stages (de musique, de broderie), des concerts, des spectacles, des ba-<\/span><br \/>\n<span style=\"font-family: Trebuchet MS,Geneva; font-size: 10pt;\"> lades, des festo\u00f9-deiz, des festo\u00f9-noz, des jeux, le tout, gr\u00e2ce \u00e0 la mobilisation de plus<\/span><br \/>\n<span style=\"font-family: Trebuchet MS,Geneva; font-size: 10pt;\"> d\u2019une trentaine d\u2019associations et de structures diff\u00e9rentes.<\/span><\/p>\n<p><span style=\"font-family: Trebuchet MS,Geneva; font-size: 10pt;\"><img loading=\"lazy\" decoding=\"async\" class=\"alignright size-thumbnail wp-image-59\" src=\"http:\/\/www.sevenadur.org\/2017\/wp-content\/uploads\/sites\/4\/2017\/01\/presentation-3-150x150.png\" alt=\"\" width=\"150\" height=\"150\" \/><\/span><\/p>\n<p>&nbsp;<\/p>\n<p><span style=\"font-family: Trebuchet MS,Geneva; font-size: 10pt;\">Aussi, en favorisant les rencontres entre la culture bretonne et les autres cultures, Seve-<\/span><br \/>\n<span style=\"font-family: Trebuchet MS,Geneva; font-size: 10pt;\"> nadur permet de renforcer le socle culturel commun de notre territoire et de participer<\/span><br \/>\n<span style=\"font-family: Trebuchet MS,Geneva; font-size: 10pt;\"> ensemble \u00e0 notre culture partag\u00e9e d\u2019aujourd\u2019hui. Sevenadur contribue avec ses moyens<\/span><br \/>\n<span style=\"font-family: Trebuchet MS,Geneva; font-size: 10pt;\"> \u00e0 favoriser le \u00ab\u00a0vivre ensemble\u00a0\u00bb.<br \/>\n<\/span><\/p>\n<p><span style=\"font-family: Trebuchet MS,Geneva; font-size: 10pt;\">Vous pouvez t\u00e9l\u00e9chargez directement le dossier de presse et les programmes : <\/span><\/p>\n<ul>\n<li><span style=\"font-size: 10pt; font-family: Trebuchet MS,Geneva;\"><a href=\"http:\/\/www.sevenadur.org\/2017\/wp-content\/uploads\/sites\/4\/2017\/02\/Dossier-de-Presse-Sevenadur-72-site-1.pdf\">Dossier de presse<\/a> Sevenadur<br \/>\n<\/span><\/li>\n<li><span style=\"font-size: 10pt; font-family: Trebuchet MS,Geneva;\"><a href=\"http:\/\/www.sevenadur.org\/2017\/wp-content\/uploads\/sites\/4\/2017\/02\/Programme-Sevenadur-2017-BD.pdf\">Programme<\/a> Sevenadur<br \/>\n<\/span><\/li>\n<li><span style=\"font-size: 10pt; font-family: Trebuchet MS,Geneva;\"><a href=\"http:\/\/www.sevenadur.org\/2017\/wp-content\/uploads\/sites\/4\/2017\/01\/Programme-enfant-Sevenadur-2017-72-dpi.pdf\">Programme<\/a> des journ\u00e9es enfants et ados<br \/>\n<\/span><\/li>\n<li><span style=\"font-size: 10pt; font-family: Trebuchet MS,Geneva;\"><a href=\"http:\/\/www.sevenadur.org\/2017\/wp-content\/uploads\/sites\/4\/2017\/02\/Com-Stages-Sevenadur-17-72-dpi.pdf\">Programme<\/a> des stages et ateliers<\/span><\/li>\n<\/ul>\n<p>&nbsp;<\/p>\n<p>&nbsp;<\/p>\n","protected":false},"excerpt":{"rendered":"<p>Du 22 f\u00e9vrier au 5 mars, le festival Sevenadur, \u00ab\u00a0culture\u00a0\u00bb en breton, accueillera plus de 30 structures du pays rennais autour des cultures populaires de Bretagne et d&rsquo;ailleurs. Ces moments riches sont l&rsquo;occasion pour les diff\u00e9rents acteurs, porteurs de ces &hellip; <a href=\"http:\/\/www.sevenadur.org\/2017\/\">Continuer la lecture <span class=\"meta-nav\">&rarr;<\/span><\/a><\/p>\n","protected":false},"author":1,"featured_media":0,"parent":0,"menu_order":0,"comment_status":"closed","ping_status":"closed","template":"","meta":{"_vp_format_video_url":"","_vp_image_focal_point":[],"footnotes":""},"class_list":["post-8","page","type-page","status-publish","hentry"],"_links":{"self":[{"href":"http:\/\/www.sevenadur.org\/2017\/wp-json\/wp\/v2\/pages\/8","targetHints":{"allow":["GET"]}}],"collection":[{"href":"http:\/\/www.sevenadur.org\/2017\/wp-json\/wp\/v2\/pages"}],"about":[{"href":"http:\/\/www.sevenadur.org\/2017\/wp-json\/wp\/v2\/types\/page"}],"author":[{"embeddable":true,"href":"http:\/\/www.sevenadur.org\/2017\/wp-json\/wp\/v2\/users\/1"}],"replies":[{"embeddable":true,"href":"http:\/\/www.sevenadur.org\/2017\/wp-json\/wp\/v2\/comments?post=8"}],"version-history":[{"count":23,"href":"http:\/\/www.sevenadur.org\/2017\/wp-json\/wp\/v2\/pages\/8\/revisions"}],"predecessor-version":[{"id":246,"href":"http:\/\/www.sevenadur.org\/2017\/wp-json\/wp\/v2\/pages\/8\/revisions\/246"}],"wp:attachment":[{"href":"http:\/\/www.sevenadur.org\/2017\/wp-json\/wp\/v2\/media?parent=8"}],"curies":[{"name":"wp","href":"https:\/\/api.w.org\/{rel}","templated":true}]}}