{"id":202,"date":"2016-02-09T18:23:24","date_gmt":"2016-02-09T17:23:24","guid":{"rendered":"http:\/\/www.sevenadur.org\/2016\/?page_id=202"},"modified":"2016-02-09T18:28:22","modified_gmt":"2016-02-09T17:28:22","slug":"%e2%96%a0-expositions","status":"publish","type":"page","link":"http:\/\/www.sevenadur.org\/2016\/%e2%96%a0-expositions\/","title":{"rendered":"\u25a0 Expositions"},"content":{"rendered":"<h5><span style=\"font-size: 10pt;\"><strong><span style=\"font-family: Trebuchet MS,Geneva; color: #bf7483;\">\u25a0\u00a0Du 26 f\u00e9vrier au 6 mars | Le patrimoine culturel mat\u00e9riel et immat\u00e9riel de Pologne<\/span><\/strong><\/span><br \/>\n<span style=\"font-family: Trebuchet MS,Geneva; font-size: 10pt;\"> Maison Internationale de Rennes, 7 quai Ch\u00e2teaubriand \u00e0 Rennes |Gratuit |Du mardi au jeudi : 14h &#8211; 18h30\/Vendredi : 14h-18h<\/span><\/h5>\n<h5><span style=\"font-family: Trebuchet MS,Geneva;\"><a href=\"http:\/\/www.sevenadur.org\/2016\/wp-content\/uploads\/sites\/3\/2016\/01\/Site-Polonia-5-Dessin-e1455037615596.jpg\" rel=\"attachment wp-att-48\"><img loading=\"lazy\" decoding=\"async\" class=\"alignleft\" src=\"http:\/\/www.sevenadur.org\/2016\/wp-content\/uploads\/sites\/3\/2016\/01\/Site-Polonia-5-Dessin-e1455037615596.jpg\" alt=\"Site Polonia 5 Dessin\" width=\"179\" height=\"170\" \/><\/a><span style=\"font-size: 8pt;\">Dans le cadre de son partenariat avec le Cercle Celtique de Rennes et l\u2019association de jumelage Rennes-Pozna\u0144 met en place, \u00e0 la Maison Internationale de Rennes, une exposition de costumes traditionnels de Cracovie, des d\u00e9coupages et autres objets (poteries, broderies, etc ) issus des coutumes polonaises.<\/span><\/span><br \/>\n<span style=\"font-family: Trebuchet MS,Geneva;\"><span style=\"font-size: 8pt;\"> Le vernissage de l\u2019exposition se tiendra le lundi 29 f\u00e9vrier \u00e0 18h30 \u00e0 la Maison Internationale de Rennes, 7, quai Ch\u00e2teaubriand.<\/span> <\/span><\/h5>\n<hr \/>\n<h5><span style=\"font-family: Trebuchet MS,Geneva;\">\u00a0<\/span><\/h5>\n<h5><span style=\"font-size: 10pt;\"><strong><span style=\"font-family: Trebuchet MS,Geneva; color: #bf7483;\">\u25a0\u00a0Du 26 f\u00e9vrier au 26 mars | Exposition photographique : Transmission<\/span><\/strong><\/span><br \/>\n<span style=\"font-family: Trebuchet MS,Geneva; color: #000000; font-size: 10pt;\"> Au Centre L\u00e9o Lagrange, Ferme de la Harpe \u00e0 Rennes | Gratuit | Du lundi au vendredi de 14h \u00e0 19h\/le samedi de 14h \u00e0 18h30<\/span><\/h5>\n<p><span style=\"font-family: Trebuchet MS,Geneva;\"><a href=\"http:\/\/www.sevenadur.org\/2016\/wp-content\/uploads\/sites\/3\/2016\/02\/Site-transmission-Sophie_LAMBERT-007.jpg\" rel=\"attachment wp-att-203\"><img loading=\"lazy\" decoding=\"async\" class=\"alignleft\" src=\"http:\/\/www.sevenadur.org\/2016\/wp-content\/uploads\/sites\/3\/2016\/02\/Site-transmission-Sophie_LAMBERT-007-300x199.jpg\" alt=\"Site transmission Sophie_LAMBERT 007\" width=\"300\" height=\"199\" \/><\/a><span style=\"font-size: 8pt;\">Sophie Lambert a capt\u00e9 des moments d\u2019\u00e9change et de partage lors de rassemblements concoct\u00e9s par Astour, la compagnie d\u2019art populaire en pays de Rennes dont elle fait partie. Que ce soit des visiteurs, des gens du quartier, des promeneurs, des \u00e9tudiants ou des groupes venus de loin ou pas pr\u00e9senter leurs cultures, les rencontres sont devenues ce que les protagonistes en faisaient. \u00e0 partir des gestes les plus simples comme s\u2019offrir \u00e0 manger, \u00e9couter une histoire ou danser, sont n\u00e9s des moments riches, du temps plein et entier \u00e0 vivre sur une place \u00e9ph\u00e9m\u00e8re dont les bancs, les arbres et le tintamarre ont jailli au gr\u00e9 des pas et des regards.<\/span><\/span><\/p>\n<hr \/>\n<h5><span style=\"font-family: Trebuchet MS,Geneva;\">\u00a0<\/span><\/h5>\n<h5><strong><span style=\"font-family: Trebuchet MS,Geneva; color: #bf7483; font-size: 10pt;\">\u25a0\u00a0Du 26 f\u00e9vrier au 6 mars | Sonneurs de vielle en Bretagne, exposition du Collectif vielle en Bretagne<\/span><\/strong><br \/>\n<span style=\"font-family: Trebuchet MS,Geneva; font-size: 10pt;\"> Cercle Celtique de Rennes, Ferme de la Harpe \u00e0 Rennes | Gratuit | Du lundi au vendredi de 14h \u00e0 18h | Rens. : 02 99 54 36 45<\/span><\/h5>\n<p><span style=\"font-family: Trebuchet MS,Geneva;\"><a href=\"http:\/\/www.sevenadur.org\/2016\/wp-content\/uploads\/sites\/3\/2016\/02\/Site-Julien-Le-Dor\u00e9-Ploeuc.jpg\" rel=\"attachment wp-att-204\"><img loading=\"lazy\" decoding=\"async\" class=\"alignleft\" src=\"http:\/\/www.sevenadur.org\/2016\/wp-content\/uploads\/sites\/3\/2016\/02\/Site-Julien-Le-Dor\u00e9-Ploeuc-300x230.jpg\" alt=\"Site Julien Le Dor\u00e9 Ploeuc\" width=\"300\" height=\"230\" \/><\/a><span style=\"font-size: 8pt;\">De 1981 \u00e0 1984, le Collectif vielle en Bretagne a men\u00e9 une enqu\u00eate aupr\u00e8s des derniers vielleux de tradition en Bretagne, et a recueilli la m\u00e9moire collective li\u00e9e \u00e0 cette pratique instrumentale, vivante jusque dans les ann\u00e9es 1930 dans la partie gall\u00e8se des c\u00f4tes d&rsquo;Armor et surtout autour de Saint-Brieuc. En parall\u00e8le \u00e0 un disque o\u00f9 l&rsquo;on entend les sonnou d&rsquo;vielle, et d&rsquo;un film (La manie vielle des Bretons), une exposition a alors \u00e9t\u00e9 cr\u00e9\u00e9e, compos\u00e9e de grandes photos pr\u00eat\u00e9es par les familles de vielleux. 36 panneaux \u00e9voquant tant la tradition familiale sur plusieurs g\u00e9n\u00e9rations (chez les Gautier \u00e0 Saint-Julien, ou chez les Gau\u00e7on \u00e0 Langueux&#8230;), que les noces ou les conscrits men\u00e9s \u00e0 la vielle, avec des documents \u00e9mouvants, tel la premi\u00e8re noce d&rsquo;Adrien Cardin \u00e0 12 ans en 1904&#8230; un vielleux de Pl\u00e9neuf, qui transmettra son r\u00e9pertoire 80 ans plus tard ! Les instruments, avec leurs magnifiques t\u00eates sculpt\u00e9es, sont bien s\u00fbr pr\u00e9sent\u00e9s, des vielles de luthiers professionnels aux constructions locales. Une exposition qui reste toujours aussi prenante, trente ans apr\u00e8s sa cr\u00e9ation !<\/span><\/span><br \/>\n<span style=\"font-family: Trebuchet MS,Geneva; font-size: 8pt;\"> Depuis 2013, l\u2019Association Vielle \u00e0 Roue en Bretagne poursuit ce travail de diffusion, collectage, promotion de la vielle en Bretagne.<\/span><\/p>\n<h6><span style=\"font-family: Trebuchet MS,Geneva; font-size: 8pt;\">\u00a0<\/span><\/h6>\n<hr \/>\n<h5><span style=\"font-family: Trebuchet MS,Geneva;\">\u00a0<\/span><\/h5>\n<h5><strong><span style=\"font-family: Trebuchet MS,Geneva; color: #bf7483; font-size: 10pt;\">\u25a0\u00a0Du 26 f\u00e9vrier au 6 mars | Exposition photographique : \u00ab Poznan, ville en mouvement \u00bb de <a style=\"color: #bf7483;\" href=\"http:\/\/michelogierphotographie.blogspot.fr\/\">Michel Ogier<\/a><\/span><\/strong><br \/>\n<span style=\"font-family: Trebuchet MS,Geneva; color: #000000;\"><span style=\"font-size: 10pt;\"> Maison Saint Cyr, Rennes | Gratuit | Rens. : 02 99 54 36 45<\/span> <\/span><\/h5>\n<p><span style=\"font-family: Trebuchet MS,Geneva;\"> <a href=\"http:\/\/www.sevenadur.org\/2016\/wp-content\/uploads\/sites\/3\/2016\/02\/Site-Expo-Poznan-place-Stary-Rynek-michel-ogier.jpg\" rel=\"attachment wp-att-205\"><img loading=\"lazy\" decoding=\"async\" class=\"alignleft\" src=\"http:\/\/www.sevenadur.org\/2016\/wp-content\/uploads\/sites\/3\/2016\/02\/Site-Expo-Poznan-place-Stary-Rynek-michel-ogier-300x200.jpg\" alt=\"Site Expo Poznan-place-Stary-Rynek-michel-ogier\" width=\"300\" height=\"200\" \/><\/a><span style=\"font-size: 8pt;\">C&rsquo;est \u00e0 la demande de l&rsquo;association Rennes-Poznan que j&rsquo;ai r\u00e9alis\u00e9 ce reportage durant 12 jours au mois d&rsquo;ao\u00fbt de l&rsquo;ann\u00e9e derni\u00e8re. Ce travail s&rsquo;effectuant en lien avec la Maison de la Bretagne de Poznan, (j&rsquo;ai \u00e9t\u00e9 accueilli par Elzbi\u00e9t\u00e0, responsable du d\u00e9partement culturel) et la Mairie de Poznan.<\/span><\/span><br \/>\n<span style=\"font-family: Trebuchet MS,Geneva; font-size: 8pt;\"> Aid\u00e9 par Maciej Kuszela photographe \u00e0 Poznan, mon approche a \u00e9t\u00e9 de photographier d&rsquo;abord tout ce qu&rsquo;un visiteur lambda d\u00e9couvre en premier lieu les monuments, puis, les lieux de loisirs, les commerces ou encore les entreprises (notamment la brasserie Lech). Ensuite, en compagnie de Maciej, nous sommes all\u00e9s \u00e0 Wolstein, prenant le train \u00e0 vapeur qui dessert la derni\u00e8re ligne r\u00e9guli\u00e8re en Europe.<\/span><br \/>\n<span style=\"font-family: Trebuchet MS,Geneva; font-size: 8pt;\"> Les premiers jours de moisson photographique dans une ville sont en g\u00e9n\u00e9ral fructueux. C&rsquo;est lorsque l\u2019on approfondit et quand on se confronte au moins convenu, au moins attendu, au moins fait pour se montrer, que le travail devient plus exigeant. Et au fil de la d\u00e9couverte, j&rsquo;en ai \u00e9bauch\u00e9 une vision plus personnelle. Je m&rsquo;attendais \u00e0 voir une ville encore marqu\u00e9e par son pass\u00e9. Cela n&rsquo;a pas \u00e9t\u00e9 le cas, j&rsquo;ai \u00e9t\u00e9 agr\u00e9ablement surpris de d\u00e9couvrir une cit\u00e9 moderne, qui semblait comme r\u00e9cemment r\u00e9nov\u00e9e, avec des habitants dynamiques et optimistes.<\/span><br \/>\n<span style=\"font-family: Trebuchet MS,Geneva; font-size: 8pt;\"> Au fur et \u00e0 mesure, j&rsquo;ai construit l&rsquo;exposition pour aborder les aspects les plus repr\u00e9sentatifs de cette ville. Une ville qui bien \u00e9videmment a beaucoup plus \u00e0 r\u00e9v\u00e9ler, en particulier avec ses jeunes. Je pressens, au vu de ce que j&rsquo;ai capt\u00e9 par le modeste prisme de ma bo\u00eete \u00e0 images, que nous devrions compter avec la Pologne.<\/span><br \/>\n<span style=\"font-family: Trebuchet MS,Geneva; font-size: 8pt;\"> Michel Ogier<\/span><\/p>\n<h6><span style=\"font-family: Trebuchet MS,Geneva; font-size: 8pt;\">\u00a0<\/span><\/h6>\n<p>&nbsp;<\/p>\n","protected":false},"excerpt":{"rendered":"<p>\u25a0\u00a0Du 26 f\u00e9vrier au 6 mars | Le patrimoine culturel mat\u00e9riel et immat\u00e9riel de Pologne Maison Internationale de Rennes, 7 quai Ch\u00e2teaubriand \u00e0 Rennes |Gratuit |Du mardi au jeudi : 14h &#8211; 18h30\/Vendredi : 14h-18h Dans le cadre de son &hellip; <a href=\"http:\/\/www.sevenadur.org\/2016\/%e2%96%a0-expositions\/\">Continuer la lecture <span class=\"meta-nav\">&rarr;<\/span><\/a><\/p>\n","protected":false},"author":1,"featured_media":0,"parent":0,"menu_order":0,"comment_status":"closed","ping_status":"closed","template":"","meta":{"_vp_format_video_url":"","_vp_image_focal_point":[],"footnotes":""},"class_list":["post-202","page","type-page","status-publish","hentry"],"_links":{"self":[{"href":"http:\/\/www.sevenadur.org\/2016\/wp-json\/wp\/v2\/pages\/202","targetHints":{"allow":["GET"]}}],"collection":[{"href":"http:\/\/www.sevenadur.org\/2016\/wp-json\/wp\/v2\/pages"}],"about":[{"href":"http:\/\/www.sevenadur.org\/2016\/wp-json\/wp\/v2\/types\/page"}],"author":[{"embeddable":true,"href":"http:\/\/www.sevenadur.org\/2016\/wp-json\/wp\/v2\/users\/1"}],"replies":[{"embeddable":true,"href":"http:\/\/www.sevenadur.org\/2016\/wp-json\/wp\/v2\/comments?post=202"}],"version-history":[{"count":4,"href":"http:\/\/www.sevenadur.org\/2016\/wp-json\/wp\/v2\/pages\/202\/revisions"}],"predecessor-version":[{"id":209,"href":"http:\/\/www.sevenadur.org\/2016\/wp-json\/wp\/v2\/pages\/202\/revisions\/209"}],"wp:attachment":[{"href":"http:\/\/www.sevenadur.org\/2016\/wp-json\/wp\/v2\/media?parent=202"}],"curies":[{"name":"wp","href":"https:\/\/api.w.org\/{rel}","templated":true}]}}