{"id":2,"date":"2015-11-24T18:21:31","date_gmt":"2015-11-24T17:21:31","guid":{"rendered":"http:\/\/www.sevenadur.org\/2016\/?page_id=2"},"modified":"2017-02-03T13:00:38","modified_gmt":"2017-02-03T12:00:38","slug":"page-daccueil","status":"publish","type":"page","link":"http:\/\/www.sevenadur.org\/2016\/","title":{"rendered":"\u25a0 Bienvenue ! Degemer mat ! Bone arive !"},"content":{"rendered":"<div id=\"main\">\n<div class=\"entry-content\">\n<p><span style=\"font-family: Trebuchet MS,Geneva;\">Le Cercle Celtique de Rennes va organiser pour la seizi\u00e8me fois les rencontres culturelles <strong>SEVENADUR<\/strong> (\u00ab\u00a0culture\u00a0\u00bb en breton).<\/span><\/p>\n<p><span style=\"font-family: Trebuchet MS,Geneva;\">Sevenadur, ce sont deux semaines de rencontres autour de la culture bretonne dans le pays rennais : expositions, ateliers de langue, de musique, de danse, conf\u00e9rences, stages, concerts, spectacles, balades, d\u00e9fil\u00e9s, fest-deiz, fest-noz, jeux, broderie\u2026 et le tout ; gr\u00e2ce \u00e0 la mobilisation de plus d\u2019une vingtaine d\u2019associations et de structures diff\u00e9rentes : librairie, caf\u00e9s, Mus\u00e9e de Bretagne, etc., pour accueillir 5 000 personnes dont plus de 1 000 le dernier dimanche.<\/span><br \/>\n<span style=\"font-family: Trebuchet MS,Geneva;\"> Ce projet ambitieux reposant essentiellement sur du b\u00e9n\u00e9volat est coordonn\u00e9 par le Cercle Celtique de Rennes.<\/span><\/p>\n<p>&nbsp;<\/p>\n<p><span style=\"font-family: Trebuchet MS,Geneva;\"><b>La derni\u00e8re version du dossier de presse Sevenadur est maintenant disponible en ligne. Vous pouvez le t\u00e9l\u00e9charger<a href=\"http:\/\/www.sevenadur.org\/2016\/wp-content\/uploads\/sites\/3\/2016\/02\/Dossier-de-Presse-Sevenadur-72-site.pdf\"> ici<\/a>.<br \/>\n<\/b><\/span><\/p>\n<p><span style=\"font-family: Trebuchet MS,Geneva;\"><b>Le programme des journ\u00e9es enfants et ados est sorti ! C&rsquo;est par <a href=\"http:\/\/www.sevenadur.org\/2016\/wp-content\/uploads\/sites\/3\/2016\/01\/Programme-enfant-Sevenadur-2016.pdf\">ici<\/a>.<br \/>\nRetrouvez le programme des stages et ateliers \u00e0 <a href=\"http:\/\/www.sevenadur.org\/2016\/wp-content\/uploads\/sites\/3\/2016\/02\/Com-Stages-Sevenadur-16-Site.pdf\">t\u00e9l\u00e9charger<\/a>.<br \/>\nLe programme Sevenadur <a href=\"http:\/\/www.sevenadur.org\/2016\/wp-content\/uploads\/sites\/3\/2015\/11\/Programme-Sevenadur.pdf\">en clic <\/a>!<br \/>\n<\/b><\/span><\/p>\n<p>&nbsp;<\/p>\n<p><a href=\"http:\/\/www.sevenadur.org\/2016\/wp-content\/uploads\/sites\/3\/2016\/02\/Logos-Site-Sevenadur-2.jpg\" rel=\"attachment wp-att-140\"><img loading=\"lazy\" decoding=\"async\" class=\"alignnone wp-image-140 size-large\" src=\"http:\/\/www.sevenadur.org\/2016\/wp-content\/uploads\/sites\/3\/2016\/02\/Logos-Site-Sevenadur-2-1024x86.jpg\" alt=\"Logos Site Sevenadur 2\" width=\"640\" height=\"54\" srcset=\"http:\/\/www.sevenadur.org\/2016\/wp-content\/uploads\/sites\/3\/2016\/02\/Logos-Site-Sevenadur-2-1024x86.jpg 1024w, http:\/\/www.sevenadur.org\/2016\/wp-content\/uploads\/sites\/3\/2016\/02\/Logos-Site-Sevenadur-2-300x25.jpg 300w, http:\/\/www.sevenadur.org\/2016\/wp-content\/uploads\/sites\/3\/2016\/02\/Logos-Site-Sevenadur-2-768x65.jpg 768w, http:\/\/www.sevenadur.org\/2016\/wp-content\/uploads\/sites\/3\/2016\/02\/Logos-Site-Sevenadur-2.jpg 1874w\" sizes=\"auto, (max-width: 640px) 100vw, 640px\" \/><\/a><br \/>\n<a href=\"http:\/\/www.sevenadur.org\/2016\/wp-content\/uploads\/sites\/3\/2016\/02\/Logos-Site-Sevenadur-1-2016.jpg\" rel=\"attachment wp-att-141\"><img loading=\"lazy\" decoding=\"async\" class=\"alignnone wp-image-141 size-large\" src=\"http:\/\/www.sevenadur.org\/2016\/wp-content\/uploads\/sites\/3\/2016\/02\/Logos-Site-Sevenadur-1-2016-1024x77.jpg\" alt=\"Logos Site Sevenadur 1 2016\" width=\"640\" height=\"48\" srcset=\"http:\/\/www.sevenadur.org\/2016\/wp-content\/uploads\/sites\/3\/2016\/02\/Logos-Site-Sevenadur-1-2016-1024x77.jpg 1024w, http:\/\/www.sevenadur.org\/2016\/wp-content\/uploads\/sites\/3\/2016\/02\/Logos-Site-Sevenadur-1-2016-300x23.jpg 300w, http:\/\/www.sevenadur.org\/2016\/wp-content\/uploads\/sites\/3\/2016\/02\/Logos-Site-Sevenadur-1-2016-768x58.jpg 768w, http:\/\/www.sevenadur.org\/2016\/wp-content\/uploads\/sites\/3\/2016\/02\/Logos-Site-Sevenadur-1-2016.jpg 1587w\" sizes=\"auto, (max-width: 640px) 100vw, 640px\" \/><\/a><\/p>\n<p>&nbsp;<\/p>\n<\/div>\n<\/div>\n","protected":false},"excerpt":{"rendered":"<p>Le Cercle Celtique de Rennes va organiser pour la seizi\u00e8me fois les rencontres culturelles SEVENADUR (\u00ab\u00a0culture\u00a0\u00bb en breton). Sevenadur, ce sont deux semaines de rencontres autour de la culture bretonne dans le pays rennais : expositions, ateliers de langue, de &hellip; <a href=\"http:\/\/www.sevenadur.org\/2016\/\">Continuer la lecture <span class=\"meta-nav\">&rarr;<\/span><\/a><\/p>\n","protected":false},"author":1,"featured_media":0,"parent":0,"menu_order":0,"comment_status":"closed","ping_status":"open","template":"","meta":{"_vp_format_video_url":"","_vp_image_focal_point":[],"footnotes":""},"class_list":["post-2","page","type-page","status-publish","hentry"],"_links":{"self":[{"href":"http:\/\/www.sevenadur.org\/2016\/wp-json\/wp\/v2\/pages\/2","targetHints":{"allow":["GET"]}}],"collection":[{"href":"http:\/\/www.sevenadur.org\/2016\/wp-json\/wp\/v2\/pages"}],"about":[{"href":"http:\/\/www.sevenadur.org\/2016\/wp-json\/wp\/v2\/types\/page"}],"author":[{"embeddable":true,"href":"http:\/\/www.sevenadur.org\/2016\/wp-json\/wp\/v2\/users\/1"}],"replies":[{"embeddable":true,"href":"http:\/\/www.sevenadur.org\/2016\/wp-json\/wp\/v2\/comments?post=2"}],"version-history":[{"count":19,"href":"http:\/\/www.sevenadur.org\/2016\/wp-json\/wp\/v2\/pages\/2\/revisions"}],"predecessor-version":[{"id":144,"href":"http:\/\/www.sevenadur.org\/2016\/wp-json\/wp\/v2\/pages\/2\/revisions\/144"}],"wp:attachment":[{"href":"http:\/\/www.sevenadur.org\/2016\/wp-json\/wp\/v2\/media?parent=2"}],"curies":[{"name":"wp","href":"https:\/\/api.w.org\/{rel}","templated":true}]}}